{"id":995,"date":"2021-03-24T14:58:23","date_gmt":"2021-03-24T17:58:23","guid":{"rendered":"https:\/\/deltamed.cl\/tienda\/?post_type=product&#038;p=995"},"modified":"2026-02-27T13:52:23","modified_gmt":"2026-02-27T16:52:23","slug":"cubre-calzado-antideslizante-cranberry","status":"publish","type":"product","link":"https:\/\/deltamed.cl\/tienda\/producto\/cubre-calzado-antideslizante-cranberry\/","title":{"rendered":"Cubre calzado antideslizante Cranberry"},"content":{"rendered":"<h2><strong>Cubre calzado antideslizante 100 unidades Cranberry<\/strong><\/h2>\n<p>Elemento de protecci\u00f3n personal indicado para mantener la higiene del suelo en \u00e1reas m\u00e9dicas o industriales. Evita el contacto directo de los zapatos con superficies que deben estar limpias. Ejemplo: Pabell\u00f3n quir\u00fargico o salas de preparaci\u00f3n de alimentos. Este elemento desechable adem\u00e1s protege el calzado del usuario del contacto con fluidos de alto riesgo como por ejemplo: sangre.<\/p>\n<p>&#8211; El cubre calzado es de polipropileno un derivado pl\u00e1stico que se obtiene por la polimerizaci\u00f3n del propileno, subproducto gaseoso de la refinaci\u00f3n del petr\u00f3leo.<br \/>\n&#8211; Contiene material antideslizante en su parte basal.<\/p>\n<p>&#8211; Paquete contiene 100 unidades.<\/p>\n<p>Libre de latex<\/p>\n<p>Tama\u00f1o: 17 cm (ancho) x 41 cm (largo).<\/p>\n<p>Espesor (mm): 0,12 \u00b1 0,02<\/p>\n<p>Producto descartable, para un solo uso.<\/p>\n<div class=\"product_meta text-secondary\">C\u00d3D.: AACUBZAB<\/div>\n<p>Marca: Cranberry<\/p>\n<div><strong>U. VENTA<\/strong>\u00a0Bolsa x 50 pares<\/div>\n<p>Este producto cuenta con las siguientes certificaciones:<br \/>\n&#8211; Certificado Libre L\u00e1tex.<br \/>\n&#8211; ISO 9001 &#8211; 2008.<br \/>\n&#8211; ISO 13485 &#8211; 2012.<\/p>\n<p>&nbsp;<\/p>\n","protected":false},"excerpt":{"rendered":"<h2><strong>Cubre calzado antideslizante 100 unidades Cranberry<\/strong><\/h2>\n<p>Elemento de protecci\u00f3n personal desechable cuya funci\u00f3n es doble:<br \/>\nprotege nuestro calzado de la humedad, suciedad y\/o qu\u00edmicos. A su vez<br \/>\nmantiene limpia nuestra \u00e1rea de trabajo evitando el contacto de nuestro<br \/>\nzapato con las superficies. Este insumo es com\u00fanmente usado en<br \/>\nlaboratorios, limpieza de domicilio, \u00e1rea de salud e industrial.<\/p>\n","protected":false},"featured_media":996,"comment_status":"open","ping_status":"closed","template":"","meta":{"_acf_changed":false},"product_brand":[1087],"product_cat":[94,384],"product_tag":[119],"class_list":{"0":"post-995","1":"product","2":"type-product","3":"status-publish","4":"has-post-thumbnail","6":"product_brand-cranberry","7":"product_cat-insumos-desechables","8":"product_cat-otros","9":"product_tag-cranberry","10":"product_shipping_class-pequeno","12":"first","13":"instock","14":"sale","15":"shipping-taxable","16":"purchasable","17":"product-type-simple"},"acf":[],"_links":{"self":[{"href":"https:\/\/deltamed.cl\/tienda\/wp-json\/wp\/v2\/product\/995","targetHints":{"allow":["GET"]}}],"collection":[{"href":"https:\/\/deltamed.cl\/tienda\/wp-json\/wp\/v2\/product"}],"about":[{"href":"https:\/\/deltamed.cl\/tienda\/wp-json\/wp\/v2\/types\/product"}],"replies":[{"embeddable":true,"href":"https:\/\/deltamed.cl\/tienda\/wp-json\/wp\/v2\/comments?post=995"}],"version-history":[{"count":1,"href":"https:\/\/deltamed.cl\/tienda\/wp-json\/wp\/v2\/product\/995\/revisions"}],"predecessor-version":[{"id":9170,"href":"https:\/\/deltamed.cl\/tienda\/wp-json\/wp\/v2\/product\/995\/revisions\/9170"}],"wp:featuredmedia":[{"embeddable":true,"href":"https:\/\/deltamed.cl\/tienda\/wp-json\/wp\/v2\/media\/996"}],"wp:attachment":[{"href":"https:\/\/deltamed.cl\/tienda\/wp-json\/wp\/v2\/media?parent=995"}],"wp:term":[{"taxonomy":"product_brand","embeddable":true,"href":"https:\/\/deltamed.cl\/tienda\/wp-json\/wp\/v2\/product_brand?post=995"},{"taxonomy":"product_cat","embeddable":true,"href":"https:\/\/deltamed.cl\/tienda\/wp-json\/wp\/v2\/product_cat?post=995"},{"taxonomy":"product_tag","embeddable":true,"href":"https:\/\/deltamed.cl\/tienda\/wp-json\/wp\/v2\/product_tag?post=995"}],"curies":[{"name":"wp","href":"https:\/\/api.w.org\/{rel}","templated":true}]}}