{"id":874,"date":"2021-03-02T14:36:58","date_gmt":"2021-03-02T17:36:58","guid":{"rendered":"https:\/\/deltamed.cl\/tienda\/?post_type=product&#038;p=874"},"modified":"2026-03-09T16:28:14","modified_gmt":"2026-03-09T19:28:14","slug":"enterex-karbs-tarro-de-450gr","status":"publish","type":"product","link":"https:\/\/deltamed.cl\/tienda\/producto\/enterex-karbs-tarro-de-450gr\/","title":{"rendered":"Enterex espesante 227 g &#8211; Food Thickener"},"content":{"rendered":"<p>Enterex espesante 227 g &#8211; Food Thickener es una\u00a0 mezcla de almid\u00f3n de ma\u00edz, modificado de disoluci\u00f3n instant\u00e1nea.<\/p>\n<p>\u2022 Mantiene la consistencia por largo tiempo.<\/p>\n<p>\u2022 Sin sabor. No modifica el sabor ni olor.<\/p>\n<p>\u2022 Se mezcla f\u00e1cilmente con cualquier tipo de alimentos o bebidas, fr\u00edas o calientes. No requiere cocci\u00f3n.<\/p>\n<p>\u2022 Act\u00faa r\u00e1pido ahorrando tiempo de mezcla, no requiere calentamiento.<\/p>\n<p>\u2022 Recomendado en alteraciones de la degluci\u00f3n, trastornos neuromusculares, accidentes cerebrovasculares, enfermedad de Parkinson, enfermedades de Alzheimer, Esclerosis m\u00faltiples.<\/p>\n<p>\u2022 Recomendado cuando se presentan obstrucciones mec\u00e1nicas, tumores de cavidad oral, tumores de cuello, tumores de es\u00f3fago.<\/p>\n<p>\u2022 Cuando se presentan trastornos post-radioterapia de cabeza y cuello.<\/p>\n<p>\u2022 Como coadyuvante al tratamiento nutricional del reflujo Gastroesof\u00e1gico.<\/p>\n<p>\u2022 Cuando se desea modificar la consistencia de l\u00edquidos u otros alimentos, como por ejemplo: jugo, sopas, f\u00f3rmulas l\u00e1cteas, f\u00f3rmulas nutricionales y otras tales como compotas y papillas.<\/p>\n<p>\u2022 Libre de Gluten.<\/p>\n<p>\u2022 Adecuado para personas intolerantes a la Lactosa.<\/p>\n<p>\u2022 Contenido Neto: 277 gr \/ Rinde 50 porciones.<\/p>\n<p>\u2022\u00a0\u00a0No incluye despacho.<\/p>\n<p>\u2022 Hecho en USA.<\/p>\n<p>&nbsp;<\/p>\n","protected":false},"excerpt":{"rendered":"<p>Enterex espesante 227 g &#8211; Food Thickener es una\u00a0 mezcla de almid\u00f3n de ma\u00edz, modificado de disoluci\u00f3n instant\u00e1nea.<\/p>\n<p>\u2022 Mantiene la consistencia por largo tiempo.<\/p>\n<p>\u2022 Sin sabor. No modifica el sabor ni olor.<\/p>\n<p>\u2022 Se mezcla f\u00e1cilmente con cualquier tipo de alimentos o bebidas, fr\u00edas o calientes. No requiere cocci\u00f3n.<\/p>\n","protected":false},"featured_media":7435,"comment_status":"open","ping_status":"closed","template":"","meta":{"_acf_changed":false},"product_brand":[],"product_cat":[452,214],"product_tag":[],"class_list":{"0":"post-874","1":"product","2":"type-product","3":"status-publish","4":"has-post-thumbnail","6":"product_cat-suplementos-alimenticios","7":"product_cat-cuidado-personal","8":"product_shipping_class-pequeno","10":"first","11":"instock","12":"shipping-taxable","13":"purchasable","14":"product-type-simple"},"acf":[],"_links":{"self":[{"href":"https:\/\/deltamed.cl\/tienda\/wp-json\/wp\/v2\/product\/874","targetHints":{"allow":["GET"]}}],"collection":[{"href":"https:\/\/deltamed.cl\/tienda\/wp-json\/wp\/v2\/product"}],"about":[{"href":"https:\/\/deltamed.cl\/tienda\/wp-json\/wp\/v2\/types\/product"}],"replies":[{"embeddable":true,"href":"https:\/\/deltamed.cl\/tienda\/wp-json\/wp\/v2\/comments?post=874"}],"version-history":[{"count":2,"href":"https:\/\/deltamed.cl\/tienda\/wp-json\/wp\/v2\/product\/874\/revisions"}],"predecessor-version":[{"id":11051,"href":"https:\/\/deltamed.cl\/tienda\/wp-json\/wp\/v2\/product\/874\/revisions\/11051"}],"wp:featuredmedia":[{"embeddable":true,"href":"https:\/\/deltamed.cl\/tienda\/wp-json\/wp\/v2\/media\/7435"}],"wp:attachment":[{"href":"https:\/\/deltamed.cl\/tienda\/wp-json\/wp\/v2\/media?parent=874"}],"wp:term":[{"taxonomy":"product_brand","embeddable":true,"href":"https:\/\/deltamed.cl\/tienda\/wp-json\/wp\/v2\/product_brand?post=874"},{"taxonomy":"product_cat","embeddable":true,"href":"https:\/\/deltamed.cl\/tienda\/wp-json\/wp\/v2\/product_cat?post=874"},{"taxonomy":"product_tag","embeddable":true,"href":"https:\/\/deltamed.cl\/tienda\/wp-json\/wp\/v2\/product_tag?post=874"}],"curies":[{"name":"wp","href":"https:\/\/api.w.org\/{rel}","templated":true}]}}