{"id":784,"date":"2021-02-03T17:15:09","date_gmt":"2021-02-03T20:15:09","guid":{"rendered":"https:\/\/deltamed.cl\/tienda\/?post_type=product&#038;p=784"},"modified":"2026-02-27T13:30:49","modified_gmt":"2026-02-27T16:30:49","slug":"brazalete-pediatrico-neonatal-2-tubos-bokang","status":"publish","type":"product","link":"https:\/\/deltamed.cl\/tienda\/producto\/brazalete-pediatrico-neonatal-2-tubos-bokang\/","title":{"rendered":"Brazalete pedi\u00e1trico neonatal 2 tubos bokang"},"content":{"rendered":"<p>Brazalete pedi\u00e1trico neonatal 2 tubos bokang<\/p>\n<p>El brazalete de toma de presi\u00f3n neonatal Bokang con dos tubos es una herramienta dise\u00f1ada espec\u00edficamente para medir la presi\u00f3n arterial en reci\u00e9n nacidos y lactantes de hasta aproximadamente 6 a 8 meses de edad.<\/p>\n<p>Tama\u00f1o 25cm x 32cm<\/p>\n<p>Este brazalete, de color negro, est\u00e1 especialmente dise\u00f1ado para adaptarse al tama\u00f1o y las necesidades de los beb\u00e9s.<\/p>\n<p>Con su tama\u00f1o de 16 cm x 22 cm, se ajusta de manera segura y c\u00f3moda al brazo del neonato, permitiendo una medici\u00f3n precisa y confiable de la presi\u00f3n arterial.<\/p>\n<p>El brazalete de dos tubos garantiza una inflaci\u00f3n y deflaci\u00f3n controladas durante el proceso de medici\u00f3n.<\/p>\n<p>Esto contribuye a obtener lecturas precisas y consistentes de la presi\u00f3n arterial del beb\u00e9.<\/p>\n<p>Este brazalete de toma de presi\u00f3n neonatal Bokang es una herramienta esencial para profesionales de la salud que trabajan con reci\u00e9n nacidos y lactantes.<\/p>\n<p>Su dise\u00f1o espec\u00edfico, tama\u00f1o adecuado y calidad confiable lo convierten en una opci\u00f3n confiable para garantizar la salud cardiovascular de los beb\u00e9s.<\/p>\n<div id=\"attachment_785\" style=\"width: 310px\" class=\"wp-caption alignnone\"><img fetchpriority=\"high\" decoding=\"async\" aria-describedby=\"caption-attachment-785\" class=\"size-medium wp-image-785\" src=\"https:\/\/deltamed.cl\/tienda\/wp-content\/uploads\/2021\/02\/768-300x300.jpg\" alt=\"Brazalete manguito pedi\u00e1trico 2 tubos Bokang\" width=\"300\" height=\"300\" title=\"\" srcset=\"https:\/\/deltamed.cl\/tienda\/wp-content\/uploads\/2021\/02\/768-300x300.jpg 300w, https:\/\/deltamed.cl\/tienda\/wp-content\/uploads\/2021\/02\/768-100x100.jpg 100w, https:\/\/deltamed.cl\/tienda\/wp-content\/uploads\/2021\/02\/768-600x600.jpg 600w, https:\/\/deltamed.cl\/tienda\/wp-content\/uploads\/2021\/02\/768-1024x1024.jpg 1024w, https:\/\/deltamed.cl\/tienda\/wp-content\/uploads\/2021\/02\/768-150x150.jpg 150w, https:\/\/deltamed.cl\/tienda\/wp-content\/uploads\/2021\/02\/768-768x768.jpg 768w, https:\/\/deltamed.cl\/tienda\/wp-content\/uploads\/2021\/02\/768.jpg 1500w\" sizes=\"(max-width: 300px) 100vw, 300px\" \/><p id=\"caption-attachment-785\" class=\"wp-caption-text\">Brazalete manguito pedi\u00e1trico 2 tubos Bokang<\/p><\/div>\n","protected":false},"excerpt":{"rendered":"<p>Brazalete pedi\u00e1trico neonatal 2 tubos bokang<\/p>\n<p>El brazalete de toma de presi\u00f3n neonatal Bokang con dos tubos es una herramienta dise\u00f1ada espec\u00edficamente para medir la presi\u00f3n arterial en reci\u00e9n nacidos y lactantes de hasta aproximadamente 6 a 8 meses de edad.<\/p>\n<p>Tama\u00f1o 25cm x 32cm<\/p>\n","protected":false},"featured_media":785,"comment_status":"open","ping_status":"closed","template":"","meta":{"_acf_changed":false},"product_brand":[1092],"product_cat":[15,361],"product_tag":[131,807],"class_list":{"0":"post-784","1":"product","2":"type-product","3":"status-publish","4":"has-post-thumbnail","6":"product_brand-bokang","7":"product_cat-medicion-y-diagnostico","8":"product_cat-toma-presion","9":"product_tag-bokang","10":"product_tag-brazalete","11":"product_shipping_class-extra-pequeno","13":"first","14":"instock","15":"shipping-taxable","16":"purchasable","17":"product-type-variable"},"acf":[],"_links":{"self":[{"href":"https:\/\/deltamed.cl\/tienda\/wp-json\/wp\/v2\/product\/784","targetHints":{"allow":["GET"]}}],"collection":[{"href":"https:\/\/deltamed.cl\/tienda\/wp-json\/wp\/v2\/product"}],"about":[{"href":"https:\/\/deltamed.cl\/tienda\/wp-json\/wp\/v2\/types\/product"}],"replies":[{"embeddable":true,"href":"https:\/\/deltamed.cl\/tienda\/wp-json\/wp\/v2\/comments?post=784"}],"version-history":[{"count":4,"href":"https:\/\/deltamed.cl\/tienda\/wp-json\/wp\/v2\/product\/784\/revisions"}],"predecessor-version":[{"id":10707,"href":"https:\/\/deltamed.cl\/tienda\/wp-json\/wp\/v2\/product\/784\/revisions\/10707"}],"wp:featuredmedia":[{"embeddable":true,"href":"https:\/\/deltamed.cl\/tienda\/wp-json\/wp\/v2\/media\/785"}],"wp:attachment":[{"href":"https:\/\/deltamed.cl\/tienda\/wp-json\/wp\/v2\/media?parent=784"}],"wp:term":[{"taxonomy":"product_brand","embeddable":true,"href":"https:\/\/deltamed.cl\/tienda\/wp-json\/wp\/v2\/product_brand?post=784"},{"taxonomy":"product_cat","embeddable":true,"href":"https:\/\/deltamed.cl\/tienda\/wp-json\/wp\/v2\/product_cat?post=784"},{"taxonomy":"product_tag","embeddable":true,"href":"https:\/\/deltamed.cl\/tienda\/wp-json\/wp\/v2\/product_tag?post=784"}],"curies":[{"name":"wp","href":"https:\/\/api.w.org\/{rel}","templated":true}]}}