{"id":719,"date":"2021-02-05T11:44:23","date_gmt":"2021-02-05T14:44:23","guid":{"rendered":"https:\/\/deltamed.cl\/tienda\/?post_type=product&#038;p=719"},"modified":"2026-04-01T22:49:35","modified_gmt":"2026-04-02T01:49:35","slug":"set-de-administracion-macrogota-cranberry","status":"publish","type":"product","link":"https:\/\/deltamed.cl\/tienda\/producto\/set-de-administracion-macrogota-cranberry\/","title":{"rendered":"Set de administraci\u00f3n macrogota Cranberry"},"content":{"rendered":"<p>Set de administraci\u00f3n macrogota Cranberry<\/p>\n<p>Caja contiene 25un.<\/p>\n<p>Uso adulto<\/p>\n<p>Dispositivo m\u00e9dico desechable indicado para la administraci\u00f3n de soluciones l\u00edquidas est\u00e9riles endovenosas.<\/p>\n<p>Permite el acceso inmediato al torrente sangu\u00edneo de l\u00edquidos, medicamentos y todo tipo de drogas indicadas por un m\u00e9dico.<\/p>\n<p>Se usa en pacientes adultos durante su permanencia en un centro de salud bajo vigilancia de un profesional del \u00e1rea cl\u00ednica.<\/p>\n<p>El sistema de macrogoteo puede suministrar a la persona vol\u00famenes de soluci\u00f3n mayores a 75 ml\/hora.<\/p>\n<p>Como norma 1cc o 1ml de soluci\u00f3n equivale a 20 gotas.<\/p>\n<p>Macrogotas : Uso adulto<\/p>\n<p>Con conexi\u00f3n en Y para administraci\u00f3n de\u00a0medicamentos<\/p>\n<p>Presentaci\u00f3n en cajas de 25 unidades<\/p>\n<p><strong>Ver propiedades f\u00edsicas.<\/strong><\/p>\n<p>Nombre: Set de administraci\u00f3n soluciones endovenosas con toma aire macrogota<br \/>\nMarca: Cranberry<br \/>\nMaterial: Polipropileno 100% virgen grado m\u00e9dico. Para mayor informaci\u00f3n sobre polipropileno<br \/>\nColor: Transparente<br \/>\nTallas: Unica<\/p>\n<p><strong>Presentaci\u00f3n:<\/strong><br \/>\nLibre de l\u00e1tex: Si<\/p>\n<p>Est\u00e9ril: S\u00ed, \u00f3xido de Etileno<br \/>\nTama\u00f1o:\u00a0 Unici<\/p>\n<p>C\u00f3digo Longitud tubo (mm) Grosor pared (mm) Di\u00e1metro tubo (mm) Device roller clamp (mm)<br \/>\nAAEQSUER 1250 0,4 3,5 longitud 28 \u00b1 1<\/p>\n<p>Almacenamiento: 5 a\u00f1os a partir de la fecha de fabricaci\u00f3n indicada en el empaque.<br \/>\nUso: Producto descartable para un solo uso. No reutilizar.<br \/>\nVigencia: 5 a\u00f1os a partir de la fecha de fabricaci\u00f3n indicada en el empaque.<\/p>\n<p>Equipo mantiene integridad y no presenta fuga hasta los 20 kpa x 10 segundos.<br \/>\n&#8211; Bureta con toma de aire y filtro HEPA.<br \/>\n&#8211; Roller clamp, punto de inyecci\u00f3n en Y.<br \/>\n&#8211; Tubo de infusi\u00f3n de 1,25 metros de largo con conector Luer Lock.<\/p>\n<div class=\"mceTemp\"><\/div>\n<div id=\"attachment_800\" style=\"width: 310px\" class=\"wp-caption alignnone\"><img fetchpriority=\"high\" decoding=\"async\" aria-describedby=\"caption-attachment-800\" class=\"size-medium wp-image-800\" src=\"https:\/\/deltamed.cl\/tienda\/wp-content\/uploads\/2021\/01\/719-300x300.jpg\" alt=\"Set de administraci\u00f3n macrogota Cranberry\" width=\"300\" height=\"300\" title=\"\" srcset=\"https:\/\/deltamed.cl\/tienda\/wp-content\/uploads\/2021\/01\/719-300x300.jpg 300w, https:\/\/deltamed.cl\/tienda\/wp-content\/uploads\/2021\/01\/719-100x100.jpg 100w, https:\/\/deltamed.cl\/tienda\/wp-content\/uploads\/2021\/01\/719-600x600.jpg 600w, https:\/\/deltamed.cl\/tienda\/wp-content\/uploads\/2021\/01\/719-1024x1024.jpg 1024w, https:\/\/deltamed.cl\/tienda\/wp-content\/uploads\/2021\/01\/719-150x150.jpg 150w, https:\/\/deltamed.cl\/tienda\/wp-content\/uploads\/2021\/01\/719-768x768.jpg 768w, https:\/\/deltamed.cl\/tienda\/wp-content\/uploads\/2021\/01\/719.jpg 1200w\" sizes=\"(max-width: 300px) 100vw, 300px\" \/><p id=\"caption-attachment-800\" class=\"wp-caption-text\">Set de administraci\u00f3n macrogota Cranberry<\/p><\/div>\n","protected":false},"excerpt":{"rendered":"<p>Set de administraci\u00f3n macrogota Cranberry<\/p>\n<p>Caja contiene 25un.<br \/>\nUso adulto<\/p>\n<p>Dispositivo m\u00e9dico desechable indicado para la administraci\u00f3n de soluciones l\u00edquidas est\u00e9riles endovenosas.<\/p>\n<p>Permite el acceso inmediato al torrente sangu\u00edneo de l\u00edquidos, medicamentos y todo tipo de drogas indicadas por un m\u00e9dico.<\/p>\n<p>Se usa en pacientes adultos durante su permanencia en un centro de salud bajo vigilancia de un profesional del \u00e1rea cl\u00ednica.<\/p>\n<p>El sistema de macrogoteo puede suministrar a la persona vol\u00famenes de soluci\u00f3n mayores a 75 ml\/hora.<\/p>\n<p>Como norma 1cc o 1ml de soluci\u00f3n equivale a 20 gotas.<\/p>\n<p>&nbsp;<\/p>\n","protected":false},"featured_media":800,"comment_status":"open","ping_status":"closed","template":"","meta":{"_acf_changed":false},"product_brand":[1087],"product_cat":[94,456,383],"product_tag":[621,119,622,217],"class_list":{"0":"post-719","1":"product","2":"type-product","3":"status-publish","4":"has-post-thumbnail","6":"product_brand-cranberry","7":"product_cat-insumos-desechables","8":"product_cat-suero","9":"product_cat-agujas","10":"product_tag-bajada-de-suero","11":"product_tag-cranberry","12":"product_tag-macro-goteo","13":"product_tag-suero","14":"product_shipping_class-pequeno","16":"first","17":"instock","18":"sale","19":"shipping-taxable","20":"purchasable","21":"product-type-simple"},"acf":[],"_links":{"self":[{"href":"https:\/\/deltamed.cl\/tienda\/wp-json\/wp\/v2\/product\/719","targetHints":{"allow":["GET"]}}],"collection":[{"href":"https:\/\/deltamed.cl\/tienda\/wp-json\/wp\/v2\/product"}],"about":[{"href":"https:\/\/deltamed.cl\/tienda\/wp-json\/wp\/v2\/types\/product"}],"replies":[{"embeddable":true,"href":"https:\/\/deltamed.cl\/tienda\/wp-json\/wp\/v2\/comments?post=719"}],"version-history":[{"count":4,"href":"https:\/\/deltamed.cl\/tienda\/wp-json\/wp\/v2\/product\/719\/revisions"}],"predecessor-version":[{"id":8805,"href":"https:\/\/deltamed.cl\/tienda\/wp-json\/wp\/v2\/product\/719\/revisions\/8805"}],"wp:featuredmedia":[{"embeddable":true,"href":"https:\/\/deltamed.cl\/tienda\/wp-json\/wp\/v2\/media\/800"}],"wp:attachment":[{"href":"https:\/\/deltamed.cl\/tienda\/wp-json\/wp\/v2\/media?parent=719"}],"wp:term":[{"taxonomy":"product_brand","embeddable":true,"href":"https:\/\/deltamed.cl\/tienda\/wp-json\/wp\/v2\/product_brand?post=719"},{"taxonomy":"product_cat","embeddable":true,"href":"https:\/\/deltamed.cl\/tienda\/wp-json\/wp\/v2\/product_cat?post=719"},{"taxonomy":"product_tag","embeddable":true,"href":"https:\/\/deltamed.cl\/tienda\/wp-json\/wp\/v2\/product_tag?post=719"}],"curies":[{"name":"wp","href":"https:\/\/api.w.org\/{rel}","templated":true}]}}