{"id":7176,"date":"2024-01-11T16:00:29","date_gmt":"2024-01-11T19:00:29","guid":{"rendered":"https:\/\/deltamed.cl\/tienda\/?post_type=product&#038;p=7176"},"modified":"2026-04-14T12:39:41","modified_gmt":"2026-04-14T15:39:41","slug":"silla-de-transferencias-multiusos-delta01d","status":"publish","type":"product","link":"https:\/\/deltamed.cl\/tienda\/producto\/silla-de-transferencias-multiusos-delta01d\/","title":{"rendered":"Silla de transferencias multiusos DELTA01D"},"content":{"rendered":"<p><strong>Silla de transferencias multiusos DELTA01D se puede utilizar para:<\/strong><\/p>\n<ol>\n<li><strong>Como gr\u00faa port\u00e1til en sus actividades de vida diaria.<\/strong><\/li>\n<li><strong>Como silla de ruedas para uso en el hogar, es decir, moverse alrededor de sus hogares, con amortiguaci\u00f3n adicional para asientos c\u00f3modos.<\/strong><\/li>\n<li><strong>Se puede usar para sentar al paciente para ba\u00f1arse o excretarse. <\/strong><\/li>\n<li><strong>Tambi\u00e9n se puede mover sobre la taza del inodoro para facilitar las funciones de excreci\u00f3n del paciente.<\/strong><\/li>\n<\/ol>\n<p><strong>\u00a0<\/strong><\/p>\n<p><strong>Caracter\u00edsticas<\/strong><\/p>\n<ul>\n<li>Marco de acero con recubrimiento en polvo, estable y confiable<\/li>\n<li>Coj\u00edn extra\u00edble y lavable (limpieza transpirable y c\u00f3moda);<\/li>\n<li>Mangos de agarre ergon\u00f3mico regulable en altura y posici\u00f3n.<\/li>\n<li>Dise\u00f1o de asiento dividido.<\/li>\n<li>Respaldo de seguridad contiene cintur\u00f3n de hebilla de seguridad de operaci\u00f3n simple.<\/li>\n<li>Reposapi\u00e9s (proporciona una posici\u00f3n c\u00f3moda para sentarse, incluso si el paciente permanece sentado durante mucho tiempo, no habr\u00e1 problema).<\/li>\n<li>Apertura y cierre de 180\u00b0: la acci\u00f3n flexible de apertura y cierre, operaci\u00f3n simple, la transferencia de pacientes en varios escenarios se puede realizar f\u00e1cilmente sin levantar al paciente, incluso una persona puede cuidarlo f\u00e1cilmente. Ahorre problemas y energ\u00eda para evitar que el personal de enfermer\u00eda da\u00f1e la cintura.<\/li>\n<li>Bacinica con tapa de pl\u00e1stico resistente<\/li>\n<li>Contiene 2 manivelas para regular la altura, como las gr\u00faas de transferencias manuales.<\/li>\n<li>Ruedas traseras de 3 \u00ab.<\/li>\n<li>Ruedas delanteras de 5 \u00bb con freno,<\/li>\n<li>Doble seguridad para el paciente<\/li>\n<li>Rotaci\u00f3n 360, ideal para espacios peque\u00f1os.<\/li>\n<\/ul>\n<p><strong>Especificaciones:<\/strong><\/p>\n<p>\u2022 Tubo de acero de 2,0 mm de espesor<br \/>\n\u2022 Ancho general 58 cm<br \/>\n\u2022 Longitud total 71cm<br \/>\n\u2022 Profundidad 70<br \/>\n\u2022 Altura total 81.5-101.5 cm<br \/>\n\u2022 Ancho de asiento 46 cm<br \/>\n\u2022 Profundidad del asiento 40 cm<br \/>\n\u2022 Altura del asiento 40-60 cm<br \/>\n\u2022 Rueda trasera 3 \u00bb<br \/>\n\u2022 Rueda delantera 5 \u00bb<br \/>\n\u2022 Capacidad de carga 100 kg<br \/>\n\u2022 Tama\u00f1o de la caja 61*33*73.5<br \/>\n\u2022 Peso 23 kg<br \/>\n\u2022 Peso de la caja 25 kg<\/p>\n<div id=\"attachment_7179\" style=\"width: 310px\" class=\"wp-caption alignnone\"><img decoding=\"async\" aria-describedby=\"caption-attachment-7179\" class=\"size-medium wp-image-7179\" src=\"https:\/\/deltamed.cl\/tienda\/wp-content\/uploads\/2024\/01\/SILLA-DE-TRANSFERENCIA-MULTIUSO-DELTA01D-1-300x149.jpg\" alt=\"SILLA DE TRANSFERENCIA MULTIUSO DELTA01D\" width=\"300\" height=\"149\" title=\"\" srcset=\"https:\/\/deltamed.cl\/tienda\/wp-content\/uploads\/2024\/01\/SILLA-DE-TRANSFERENCIA-MULTIUSO-DELTA01D-1-300x149.jpg 300w, https:\/\/deltamed.cl\/tienda\/wp-content\/uploads\/2024\/01\/SILLA-DE-TRANSFERENCIA-MULTIUSO-DELTA01D-1-1024x509.jpg 1024w, https:\/\/deltamed.cl\/tienda\/wp-content\/uploads\/2024\/01\/SILLA-DE-TRANSFERENCIA-MULTIUSO-DELTA01D-1-768x382.jpg 768w, https:\/\/deltamed.cl\/tienda\/wp-content\/uploads\/2024\/01\/SILLA-DE-TRANSFERENCIA-MULTIUSO-DELTA01D-1-1536x764.jpg 1536w, https:\/\/deltamed.cl\/tienda\/wp-content\/uploads\/2024\/01\/SILLA-DE-TRANSFERENCIA-MULTIUSO-DELTA01D-1-2048x1019.jpg 2048w, https:\/\/deltamed.cl\/tienda\/wp-content\/uploads\/2024\/01\/SILLA-DE-TRANSFERENCIA-MULTIUSO-DELTA01D-1-600x299.jpg 600w\" sizes=\"(max-width: 300px) 100vw, 300px\" \/><p id=\"caption-attachment-7179\" class=\"wp-caption-text\">SILLA DE TRANSFERENCIA MULTIUSO DELTA01D<\/p><\/div>\n","protected":false},"excerpt":{"rendered":"<p><strong>Silla de transferencias multiusos DELTA01D se puede utilizar para:<\/strong><\/p>\n<ol>\n<li><strong>Como gr\u00faa port\u00e1til en sus actividades de vida diaria.<\/strong><\/li>\n<li><strong>Como silla de ruedas para uso en el hogar, es decir, moverse alrededor de sus hogares, con amortiguaci\u00f3n adicional para asientos c\u00f3modos.<\/strong><\/li>\n<li><strong>Se puede usar para sentar al paciente para ba\u00f1arse o excretarse. <\/strong><\/li>\n<li><strong>Tambi\u00e9n se puede mover sobre la taza del inodoro para facilitar las funciones de excreci\u00f3n del paciente.<\/strong><\/li>\n<\/ol>\n<p><strong>\u00a0<\/strong><\/p>\n<p><strong>Caracter\u00edsticas<\/strong><\/p>\n<ul>\n<li>Marco de acero con recubrimiento en polvo, estable y confiable<\/li>\n<li>Coj\u00edn extra\u00edble y lavable (limpieza transpirable y c\u00f3moda);<\/li>\n<li>Mangos de agarre ergon\u00f3mico regulable en altura y posici\u00f3n.<\/li>\n<li>Dise\u00f1o de asiento dividido.<\/li>\n<li>Respaldo de seguridad contiene cintur\u00f3n de hebilla de seguridad de operaci\u00f3n simple.<\/li>\n<li>Reposapi\u00e9s (proporciona una posici\u00f3n c\u00f3moda para sentarse, incluso si el paciente permanece sentado durante mucho tiempo, no habr\u00e1 problema).<\/li>\n<li>Apertura y cierre de 180\u00b0: la acci\u00f3n flexible de apertura y cierre, operaci\u00f3n simple, la transferencia de pacientes en varios escenarios se puede realizar f\u00e1cilmente sin levantar al paciente, incluso una persona puede cuidarlo f\u00e1cilmente. Ahorre problemas y energ\u00eda para evitar que el personal de enfermer\u00eda da\u00f1e la cintura.<\/li>\n<li>Bacinica con tapa de pl\u00e1stico resistente<\/li>\n<li>Contiene 2 manivelas para regular la altura, como las gr\u00faas de transferencias manuales.<\/li>\n<li>Ruedas traseras de 3 \u00ab.<\/li>\n<li>Ruedas delanteras de 5 \u00bb con freno,<\/li>\n<li>Doble seguridad para el paciente<\/li>\n<li>Rotaci\u00f3n 360, ideal para espacios peque\u00f1os.<\/li>\n<\/ul>\n<p>https:\/\/youtu.be\/n8y4ajOxkd0<\/p>\n<p><strong>Envio gratis en Santiago<\/strong><\/p>\n<p>Las siguientes comunas no aplican<\/p>\n<p>Alhu\u00e9<br \/>\nBuin<br \/>\nCalera de Tango<br \/>\nCuracav\u00ed<br \/>\nEl Monte<br \/>\nIsla de Maipo<br \/>\nLampa<br \/>\nMar\u00eda Pinto<br \/>\nMelipilla<br \/>\nPadre Hurtado<br \/>\nPaine<br \/>\nPe\u00f1aflor<br \/>\nPirque<br \/>\nSan Jos\u00e9 de Maipo<br \/>\nSan Pedro<br \/>\nTalagante<br \/>\nTiltil<\/p>\n","protected":false},"featured_media":7180,"comment_status":"open","ping_status":"closed","template":"","meta":{"_acf_changed":false},"product_brand":[1091],"product_cat":[23,363],"product_tag":[],"class_list":{"0":"post-7176","1":"product","2":"type-product","3":"status-publish","4":"has-post-thumbnail","6":"product_brand-deltamed","7":"product_cat-ayudas-tecnicas-de-bano","8":"product_cat-articulos-de-bano","9":"product_shipping_class-grande","11":"first","12":"outofstock","13":"shipping-taxable","14":"purchasable","15":"product-type-simple"},"acf":[],"_links":{"self":[{"href":"https:\/\/deltamed.cl\/tienda\/wp-json\/wp\/v2\/product\/7176","targetHints":{"allow":["GET"]}}],"collection":[{"href":"https:\/\/deltamed.cl\/tienda\/wp-json\/wp\/v2\/product"}],"about":[{"href":"https:\/\/deltamed.cl\/tienda\/wp-json\/wp\/v2\/types\/product"}],"replies":[{"embeddable":true,"href":"https:\/\/deltamed.cl\/tienda\/wp-json\/wp\/v2\/comments?post=7176"}],"version-history":[{"count":2,"href":"https:\/\/deltamed.cl\/tienda\/wp-json\/wp\/v2\/product\/7176\/revisions"}],"predecessor-version":[{"id":8975,"href":"https:\/\/deltamed.cl\/tienda\/wp-json\/wp\/v2\/product\/7176\/revisions\/8975"}],"wp:featuredmedia":[{"embeddable":true,"href":"https:\/\/deltamed.cl\/tienda\/wp-json\/wp\/v2\/media\/7180"}],"wp:attachment":[{"href":"https:\/\/deltamed.cl\/tienda\/wp-json\/wp\/v2\/media?parent=7176"}],"wp:term":[{"taxonomy":"product_brand","embeddable":true,"href":"https:\/\/deltamed.cl\/tienda\/wp-json\/wp\/v2\/product_brand?post=7176"},{"taxonomy":"product_cat","embeddable":true,"href":"https:\/\/deltamed.cl\/tienda\/wp-json\/wp\/v2\/product_cat?post=7176"},{"taxonomy":"product_tag","embeddable":true,"href":"https:\/\/deltamed.cl\/tienda\/wp-json\/wp\/v2\/product_tag?post=7176"}],"curies":[{"name":"wp","href":"https:\/\/api.w.org\/{rel}","templated":true}]}}