{"id":7125,"date":"2024-01-05T16:05:33","date_gmt":"2024-01-05T19:05:33","guid":{"rendered":"https:\/\/deltamed.cl\/tienda\/?post_type=product&#038;p=7125"},"modified":"2026-04-14T17:41:30","modified_gmt":"2026-04-14T20:41:30","slug":"silla-de-ruedas-electrica-reclinable","status":"publish","type":"product","link":"https:\/\/deltamed.cl\/tienda\/producto\/silla-de-ruedas-electrica-reclinable\/","title":{"rendered":"Silla de ruedas el\u00e9ctrica reclinable de aluminio Delta111AB"},"content":{"rendered":"<p>Silla de ruedas el\u00e9ctrica reclinable de aluminio Delta111AB,<br \/>\nPort\u00e1til y ligera, aprobada por aerol\u00edneas, se pliega en menos de 3 segundos.<\/p>\n<p>Con cabezal regulable y reclinable, es compacta y pesa solo 18 kilos.<br \/>\nMide 33 cm de ancho cuando est\u00e1 plegada y cabe en el maletero de pr\u00e1cticamente cualquier autom\u00f3vil.<br \/>\nFacilita el traslado del paciente de la silla a la cama gracias a sus apoyabrazos abatibles.<br \/>\nTiene una capacidad de carga de 100 kilos y su bater\u00eda de alta capacidad de 6AH pesa solo 2 kilos.<\/p>\n<p><strong>Descripci\u00f3n:<\/strong><br \/>\nMarco de aleaci\u00f3n de aluminio.<br \/>\nApoya cabeza regulable en altura y desmontable.<br \/>\nRespaldo ajustable manualmente con un \u00e1ngulo de reclinaci\u00f3n de 95\u00b0-135\u00b0.<br \/>\nRespaldo y asiento de malla, f\u00e1ciles de limpiar. Incluye cintur\u00f3n de seguridad.<br \/>\nCoj\u00edn y respaldo acolchados y desmontables.<br \/>\nMotor dual de 180W.<br \/>\nBater\u00eda extra\u00edble de litio de 6AH apta para llevar en avi\u00f3n.<br \/>\nJoystick intercambiable.<br \/>\nReposabrazos abatibles.<br \/>\nAutonom\u00eda de 10-15 km.<br \/>\nPeque\u00f1o volumen plegado.<br \/>\nRuedas macizas, que no se pinchan.<br \/>\nSistema antivuelco en ambas ruedas traseras.<br \/>\nApoya pies abatibles, desmontables y regulables en altura, con cinta para evitar que los pies se deslicen hacia atr\u00e1s.<br \/>\nAlarma de reversa, bocina e indicador de bater\u00eda.<br \/>\nBolsillo trasero con velcro que incluye el manual de usuario en ingl\u00e9s, herramientas y cargador.<br \/>\nFreno manual en ambas ruedas.<br \/>\nBast\u00f3n de empuje anat\u00f3mico.<br \/>\nFreno electromagn\u00e9tico.<\/p>\n<p><strong>Especificaciones:<\/strong><br \/>\n<strong>Ancho total:<\/strong> 58 cm<br \/>\n<strong>Longitud total:<\/strong> 95 cm<br \/>\n<strong>Altura total:<\/strong> 104 cm<br \/>\n<strong>Ancho plegado:<\/strong> 33 cm<br \/>\n<strong>Ancho del asiento:<\/strong> 46 cm<br \/>\n<strong>Altura del asiento:<\/strong> 50 cm<br \/>\n<strong>Profundidad del asiento:<\/strong> 43 cm<br \/>\n<strong>Altura desde el piso:<\/strong> 51 cm<br \/>\n<strong>Altura del reposabrazos:<\/strong> 20 cm<br \/>\n<strong>Ancho del reposabrazos:<\/strong> 44 cm<br \/>\n<strong>Altura del reposapi\u00e9s desde el suelo:<\/strong> 16 cm<br \/>\n<strong>Altura del respaldo:<\/strong> 47 cm<br \/>\n<strong>Di\u00e1metro rueda trasera:<\/strong> 12\u201d<br \/>\n<strong>Di\u00e1metro rueda delantera:<\/strong> 6\u201d<br \/>\n<strong>Capacidad de carga:<\/strong> 100 kg<br \/>\n<strong>Dimensiones del cart\u00f3n:<\/strong> 74\u00d739\u00d779 cm<br \/>\n<strong>Peso neto:<\/strong> 18 kg<br \/>\n<strong>Peso bruto:<\/strong> 20 kg<\/p>\n<div id=\"attachment_7130\" style=\"width: 296px\" class=\"wp-caption alignnone\"><img fetchpriority=\"high\" decoding=\"async\" aria-describedby=\"caption-attachment-7130\" class=\"size-medium wp-image-7130\" src=\"https:\/\/deltamed.cl\/tienda\/wp-content\/uploads\/2024\/01\/TEW111AB.3-286x300.png\" alt=\"Silla de ruedas el\u00e9ctrica reclinable de aluminio Delta112e\" width=\"286\" height=\"300\" title=\"\" srcset=\"https:\/\/deltamed.cl\/tienda\/wp-content\/uploads\/2024\/01\/TEW111AB.3-286x300.png 286w, https:\/\/deltamed.cl\/tienda\/wp-content\/uploads\/2024\/01\/TEW111AB.3-768x805.png 768w, https:\/\/deltamed.cl\/tienda\/wp-content\/uploads\/2024\/01\/TEW111AB.3-600x629.png 600w, https:\/\/deltamed.cl\/tienda\/wp-content\/uploads\/2024\/01\/TEW111AB.3.png 866w\" sizes=\"(max-width: 286px) 100vw, 286px\" \/><p id=\"caption-attachment-7130\" class=\"wp-caption-text\">Silla de ruedas el\u00e9ctrica reclinable de aluminio Delta112e<\/p><\/div>\n<p>&nbsp;<\/p>\n","protected":false},"excerpt":{"rendered":"<p>Silla de ruedas el\u00e9ctrica reclinable de aluminio Delta111AB,<br \/>\nPort\u00e1til y ligera, aprobada por aerol\u00edneas, se pliega en menos de 3 segundos.<\/p>\n<p>Cuenta con <strong>control remoto<\/strong> que permite mover la silla a distancia, ofreciendo mayor comodidad y practicidad. Adem\u00e1s, incluye un <strong>control manual en la parte trasera<\/strong> para que un acompa\u00f1ante pueda empujarla f\u00e1cilmente, asistido por el motor el\u00e9ctrico.<\/p>\n<p>Con cabezal regulable y reclinable, es compacta y pesa solo 18 kilos.<br \/>\nMide 33 cm de ancho cuando est\u00e1 plegada y cabe en el maletero de pr\u00e1cticamente cualquier autom\u00f3vil.<br \/>\nFacilita el traslado del paciente de la silla a la cama gracias a sus apoyabrazos abatibles.<br \/>\nTiene una capacidad de carga de 100 kilos y su bater\u00eda de alta capacidad de 6AH pesa solo 2 kilos.<\/p>\n<h2><span style=\"color: #0000ff\"><strong>Envio gratis en Santiago<\/strong><\/span><\/h2>\n<p>Las siguientes comunas no aplican<\/p>\n<ul>\n<li>Alhu\u00e9<\/li>\n<li>Buin<\/li>\n<li>Calera de Tango<\/li>\n<li>Curacav\u00ed<\/li>\n<li>El Monte<\/li>\n<li>Isla de Maipo<\/li>\n<li>Lampa<\/li>\n<li>Mar\u00eda Pinto<\/li>\n<li>Melipilla<\/li>\n<li>Padre Hurtado<\/li>\n<li>Paine<\/li>\n<li>Pe\u00f1aflor<\/li>\n<li>Pirque<\/li>\n<li>San Jos\u00e9 de Maipo<\/li>\n<li>San Pedro<\/li>\n<li>Talagante<\/li>\n<li>Tiltil<\/li>\n<\/ul>\n","protected":false},"featured_media":7128,"comment_status":"open","ping_status":"closed","template":"","meta":{"_acf_changed":false},"product_brand":[1091],"product_cat":[970,930,971],"product_tag":[482,658,597,25,512,657],"class_list":{"0":"post-7125","1":"product","2":"type-product","3":"status-publish","4":"has-post-thumbnail","6":"product_brand-deltamed","7":"product_cat-electricas","8":"product_cat-sillas-de-ruedas-2","9":"product_cat-sillas-electricas","10":"product_tag-aluminio","11":"product_tag-livana","12":"product_tag-neurologica","13":"product_tag-portatil","14":"product_tag-silla-electrica","15":"product_tag-silla-electrica-plegable","16":"product_shipping_class-grande","18":"first","19":"instock","20":"sale","21":"shipping-taxable","22":"purchasable","23":"product-type-simple"},"acf":[],"_links":{"self":[{"href":"https:\/\/deltamed.cl\/tienda\/wp-json\/wp\/v2\/product\/7125","targetHints":{"allow":["GET"]}}],"collection":[{"href":"https:\/\/deltamed.cl\/tienda\/wp-json\/wp\/v2\/product"}],"about":[{"href":"https:\/\/deltamed.cl\/tienda\/wp-json\/wp\/v2\/types\/product"}],"replies":[{"embeddable":true,"href":"https:\/\/deltamed.cl\/tienda\/wp-json\/wp\/v2\/comments?post=7125"}],"version-history":[{"count":8,"href":"https:\/\/deltamed.cl\/tienda\/wp-json\/wp\/v2\/product\/7125\/revisions"}],"predecessor-version":[{"id":14946,"href":"https:\/\/deltamed.cl\/tienda\/wp-json\/wp\/v2\/product\/7125\/revisions\/14946"}],"wp:featuredmedia":[{"embeddable":true,"href":"https:\/\/deltamed.cl\/tienda\/wp-json\/wp\/v2\/media\/7128"}],"wp:attachment":[{"href":"https:\/\/deltamed.cl\/tienda\/wp-json\/wp\/v2\/media?parent=7125"}],"wp:term":[{"taxonomy":"product_brand","embeddable":true,"href":"https:\/\/deltamed.cl\/tienda\/wp-json\/wp\/v2\/product_brand?post=7125"},{"taxonomy":"product_cat","embeddable":true,"href":"https:\/\/deltamed.cl\/tienda\/wp-json\/wp\/v2\/product_cat?post=7125"},{"taxonomy":"product_tag","embeddable":true,"href":"https:\/\/deltamed.cl\/tienda\/wp-json\/wp\/v2\/product_tag?post=7125"}],"curies":[{"name":"wp","href":"https:\/\/api.w.org\/{rel}","templated":true}]}}