{"id":7113,"date":"2024-01-05T14:53:22","date_gmt":"2024-01-05T17:53:22","guid":{"rendered":"https:\/\/deltamed.cl\/tienda\/?post_type=product&#038;p=7113"},"modified":"2026-02-27T13:30:48","modified_gmt":"2026-02-27T16:30:48","slug":"silla-de-ruedas-electrica-de-aluminio","status":"publish","type":"product","link":"https:\/\/deltamed.cl\/tienda\/producto\/silla-de-ruedas-electrica-de-aluminio\/","title":{"rendered":"Silla de ruedas el\u00e9ctrica de aluminio Utra liviana Delta112e"},"content":{"rendered":"<p>Silla de ruedas el\u00e9ctrica de aluminio Utra liviana Delta112e<\/p>\n<p>Port\u00e1til y ligera, aprobada por aerol\u00edneas, se pliega en menos de 3 segundos.<br \/>\nCuenta con <strong>control remoto<\/strong> que permite mover la silla a distancia, ofreciendo mayor comodidad y practicidad. Adem\u00e1s, incluye un <strong>control manual en la parte trasera<\/strong> para que un acompa\u00f1ante pueda empujarla f\u00e1cilmente, asistido por el motor el\u00e9ctrico.<\/p>\n<p>Es ultraligera, compacta y pesa solo 16 kilos. Mide 98 cm de alto cuando est\u00e1 plegado y cabe en el maletero de pr\u00e1cticamente cualquier autom\u00f3vil.<\/p>\n<p>Capacidad 120 kilos. La bater\u00eda de alta capacidad de 6AH pesa solo 2 kilos.<\/p>\n<p>Descripci\u00f3n:<\/p>\n<ul>\n<li>Marco de aleaci\u00f3n de aluminio<\/li>\n<li>Respaldo y asiento de eco cuero, f\u00e1cil de limpiar. Incluye cintur\u00f3n para mayor seguridad.<\/li>\n<li>Respaldo de cuerina desmontable.<\/li>\n<li>Motor dual de 180W<\/li>\n<li>Bater\u00eda extra\u00edble de litio de 6AH disponible para llevar en avi\u00f3n.<\/li>\n<li>Cuando extrae la bater\u00eda se puede utilizar de forma manual. Mientras puede cargar sus bater\u00edas.<\/li>\n<li>Bater\u00eda de liberaci\u00f3n r\u00e1pida<\/li>\n<li>Joystick intercambiable<\/li>\n<li>Reposabrazos abatibles<\/li>\n<li>Resistencia 10-15 km<\/li>\n<li>Peque\u00f1o volumen plegado<\/li>\n<li>Ruedas macizas, que no se pinchan.<\/li>\n<li>Tiene antivuelco en ambas ruedas traseras.<\/li>\n<li>Contiene guardafango en las ruedas traseras.<\/li>\n<li>Apoya pie fijo, no regulable en altura.<\/li>\n<li>Alarma cuando da riversa, incluye bocina e indicador de bater\u00eda.<\/li>\n<li>Bolsillo en la parte posterior del respaldo con velcro que contiene el manual de usuario en ingl\u00e9s , juego de herramientas y cargador<\/li>\n<li>Freno manual en ambas ruedas<\/li>\n<li>Se puede utilizar manual cuando se retira la bater\u00eda.<\/li>\n<li>Freno electromagn\u00e9tico<\/li>\n<li>Capacidad de carga 120 kilos<\/li>\n<\/ul>\n<p><strong>\u00a0<\/strong><\/p>\n<p><strong>Especificaciones:<\/strong><\/p>\n<p>Ancho total 55,0 cm<br \/>\nLongitud total 98,0 cm<br \/>\nAltura total 94,0 cm<br \/>\nAncho del asiento 42,0 cm<br \/>\nAltura del asiento 52,0 cm<br \/>\nProfundidad del asiento 41,0 cm<br \/>\nDi\u00e1metro real de la rueda. 10&#8243;<br \/>\nDi\u00e1metro de la rueda delantera. 7&#8243;<br \/>\nAncho plegada 30,0 cm<br \/>\nTama\u00f1o de la caja 98*56*33 cm<br \/>\nG.W. 18 kilos<br \/>\nBater\u00eda modelo XWE2406<br \/>\nVoltaje 25.5v<br \/>\nCapacidad 6.0 AH (151.2 Wh)<\/p>\n<p>&nbsp;<\/p>\n<div id=\"attachment_7120\" style=\"width: 310px\" class=\"wp-caption alignnone\"><img fetchpriority=\"high\" decoding=\"async\" aria-describedby=\"caption-attachment-7120\" class=\"size-medium wp-image-7120\" src=\"https:\/\/deltamed.cl\/tienda\/wp-content\/uploads\/2024\/01\/Silla-de-ruedas-electrica-de-aluminio-Utra-liviana-Delta112e-6-300x300.jpg\" alt=\"Silla de ruedas el\u00e9ctrica de aluminio Utra liviana Delta112e \" width=\"300\" height=\"300\" title=\"\" srcset=\"https:\/\/deltamed.cl\/tienda\/wp-content\/uploads\/2024\/01\/Silla-de-ruedas-electrica-de-aluminio-Utra-liviana-Delta112e-6-300x300.jpg 300w, https:\/\/deltamed.cl\/tienda\/wp-content\/uploads\/2024\/01\/Silla-de-ruedas-electrica-de-aluminio-Utra-liviana-Delta112e-6-150x150.jpg 150w, https:\/\/deltamed.cl\/tienda\/wp-content\/uploads\/2024\/01\/Silla-de-ruedas-electrica-de-aluminio-Utra-liviana-Delta112e-6-600x600.jpg 600w, https:\/\/deltamed.cl\/tienda\/wp-content\/uploads\/2024\/01\/Silla-de-ruedas-electrica-de-aluminio-Utra-liviana-Delta112e-6-100x100.jpg 100w, https:\/\/deltamed.cl\/tienda\/wp-content\/uploads\/2024\/01\/Silla-de-ruedas-electrica-de-aluminio-Utra-liviana-Delta112e-6.jpg 750w\" sizes=\"(max-width: 300px) 100vw, 300px\" \/><p id=\"caption-attachment-7120\" class=\"wp-caption-text\">Silla de ruedas el\u00e9ctrica de aluminio Utra liviana Delta112e<\/p><\/div>\n","protected":false},"excerpt":{"rendered":"<p>Silla de ruedas el\u00e9ctrica de aluminio Utra liviana Delta112e<\/p>\n<p>Port\u00e1til y ligera, aprobada por aerol\u00edneas, se pliega en menos de 3 segundos.<br \/>\nCuenta con <strong>control remoto<\/strong> que permite mover la silla a distancia, ofreciendo mayor comodidad y practicidad. Adem\u00e1s, incluye un <strong>control manual en la parte trasera<\/strong> para que un acompa\u00f1ante pueda empujarla f\u00e1cilmente, asistido por el motor el\u00e9ctrico.<\/p>\n<p>Es ultraligera, compacta y pesa solo 16 kilos. Mide 98 cm de alto cuando est\u00e1 plegado y cabe en el maletero de pr\u00e1cticamente cualquier autom\u00f3vil.<\/p>\n<p>Capacidad 120 kilos. La bater\u00eda de alta capacidad de 6AH pesa solo 2 kilos.<\/p>\n<p>&nbsp;<\/p>\n<ul class=\"a-unordered-list a-vertical a-spacing-mini\">\n<li class=\"a-spacing-mini\"><span class=\"a-list-item\">Bater\u00eda extra\u00edble: la bater\u00eda deslizante debajo del asiento se despliega r\u00e1pidamente si es necesario para el transporte, lo que hace que la silla de ruedas el\u00e9ctrica plegable sea a\u00fan m\u00e1s ligera. Iones de litio, seguro, seco, montado con materiales de bater\u00eda de la m\u00e1s alta calidad, tambi\u00e9n se puede cargar de forma independiente cuando se retira de la silla de ruedas. Puedes salir todo el d\u00eda con familiares y amigos sin tener que preocuparte por cargar la bater\u00eda.<\/span><\/li>\n<li class=\"a-spacing-mini\"><span class=\"a-list-item\">Seguro y resistente: el radio de giro ultra apretado hace que sea f\u00e1cil navegar por espacios estrechos, perfecto para uso en interiores para atravesar cualquier puerta. El reposapi\u00e9s se pliega hacia arriba y fuera del camino, por lo que es f\u00e1cil levantarse cuando llegue a su destino. Los reposabrazos de doble articulaci\u00f3n son ultra fuertes y tienen una capacidad de carga de peso muy alta. Tambi\u00e9n se pueden levantar f\u00e1cilmente para que puedas acercarte a las mesas cuando cenas fuera o para facilitar la transferencia dentro y fuera.<\/span><\/li>\n<li class=\"a-spacing-mini\"><span class=\"a-list-item\">Sistema de frenado inteligente: esta silla de ruedas el\u00e9ctrica plegable tiene un sistema de frenado inteligente, ya sea apuntando cuesta arriba, cuesta abajo o detenida sobre una superficie plana, una vez que quites las manos del joystick, la silla de ruedas el\u00e9ctrica plegable frenar\u00e1 autom\u00e1ticamente para evitar que ruede, d\u00e1ndote la tranquilidad de que est\u00e1s seguro y protegido.<\/span><\/li>\n<li class=\"a-spacing-mini\"><span class=\"a-list-item\">Incluye: silla de ruedas el\u00e9ctrica, 1 bater\u00eda, 1 cargador.<\/span><\/li>\n<\/ul>\n<h2><span style=\"color: #0000ff\"><strong>Envio gratis en Santiago<\/strong><\/span><\/h2>\n<p>Las siguientes comunas no aplican<\/p>\n<ul>\n<li>Alhu\u00e9<\/li>\n<li>Buin<\/li>\n<li>Calera de Tango<\/li>\n<li>Curacav\u00ed<\/li>\n<li>El Monte<\/li>\n<li>Isla de Maipo<\/li>\n<li>Lampa<\/li>\n<li>Mar\u00eda Pinto<\/li>\n<li>Melipilla<\/li>\n<li>Padre Hurtado<\/li>\n<li>Paine<\/li>\n<li>Pe\u00f1aflor<\/li>\n<li>Pirque<\/li>\n<li>San Jos\u00e9 de Maipo<\/li>\n<li>San Pedro<\/li>\n<li>Talagante<\/li>\n<li>Tiltil<\/li>\n<\/ul>\n","protected":false},"featured_media":7115,"comment_status":"open","ping_status":"closed","template":"","meta":{"_acf_changed":false},"product_brand":[1091],"product_cat":[970,930,971],"product_tag":[1201,462],"class_list":{"0":"post-7113","1":"product","2":"type-product","3":"status-publish","4":"has-post-thumbnail","6":"product_brand-deltamed","7":"product_cat-electricas","8":"product_cat-sillas-de-ruedas-2","9":"product_cat-sillas-electricas","10":"product_tag-oferta-invierno","11":"product_tag-silla-de-rueda-electrica","12":"product_shipping_class-grande","14":"first","15":"outofstock","16":"sale","17":"shipping-taxable","18":"purchasable","19":"product-type-simple"},"acf":[],"_links":{"self":[{"href":"https:\/\/deltamed.cl\/tienda\/wp-json\/wp\/v2\/product\/7113","targetHints":{"allow":["GET"]}}],"collection":[{"href":"https:\/\/deltamed.cl\/tienda\/wp-json\/wp\/v2\/product"}],"about":[{"href":"https:\/\/deltamed.cl\/tienda\/wp-json\/wp\/v2\/types\/product"}],"replies":[{"embeddable":true,"href":"https:\/\/deltamed.cl\/tienda\/wp-json\/wp\/v2\/comments?post=7113"}],"version-history":[{"count":11,"href":"https:\/\/deltamed.cl\/tienda\/wp-json\/wp\/v2\/product\/7113\/revisions"}],"predecessor-version":[{"id":18715,"href":"https:\/\/deltamed.cl\/tienda\/wp-json\/wp\/v2\/product\/7113\/revisions\/18715"}],"wp:featuredmedia":[{"embeddable":true,"href":"https:\/\/deltamed.cl\/tienda\/wp-json\/wp\/v2\/media\/7115"}],"wp:attachment":[{"href":"https:\/\/deltamed.cl\/tienda\/wp-json\/wp\/v2\/media?parent=7113"}],"wp:term":[{"taxonomy":"product_brand","embeddable":true,"href":"https:\/\/deltamed.cl\/tienda\/wp-json\/wp\/v2\/product_brand?post=7113"},{"taxonomy":"product_cat","embeddable":true,"href":"https:\/\/deltamed.cl\/tienda\/wp-json\/wp\/v2\/product_cat?post=7113"},{"taxonomy":"product_tag","embeddable":true,"href":"https:\/\/deltamed.cl\/tienda\/wp-json\/wp\/v2\/product_tag?post=7113"}],"curies":[{"name":"wp","href":"https:\/\/api.w.org\/{rel}","templated":true}]}}