{"id":670,"date":"2021-02-02T16:53:53","date_gmt":"2021-02-02T19:53:53","guid":{"rendered":"https:\/\/deltamed.cl\/tienda\/?post_type=product&#038;p=670"},"modified":"2026-04-09T15:52:31","modified_gmt":"2026-04-09T18:52:31","slug":"fonendoscopio-simple-bokang-bk3001","status":"publish","type":"product","link":"https:\/\/deltamed.cl\/tienda\/producto\/fonendoscopio-simple-bokang-bk3001\/","title":{"rendered":"Fonendoscopio campana simple Bokang BK3001"},"content":{"rendered":"<p>El Fonendoscopio simple Bokang BK3001 es una opci\u00f3n econ\u00f3mica y asequible dise\u00f1ada especialmente para estudiantes de medicina y carreras afines que buscan un fonendoscopio para pr\u00e1cticas o simulaciones. Con su precio accesible, brinda a los estudiantes la oportunidad de adquirir un fonendoscopio funcional sin comprometer su presupuesto limitado.<\/p>\n<p>Este fonendoscopio de una sola cabeza ofrece una calidad de sonido aceptable para el entrenamiento y la pr\u00e1ctica. Aunque no cuenta con todas las caracter\u00edsticas y el rendimiento de los fonendoscopios de gama alta, cumple con las necesidades b\u00e1sicas de auscultaci\u00f3n y es adecuado para la simulaci\u00f3n de escenarios m\u00e9dicos.<\/p>\n<p>El Bokang BK3001 Single Head presenta un dise\u00f1o ligero y ergon\u00f3mico, lo que lo hace c\u00f3modo de llevar durante largos per\u00edodos de pr\u00e1ctica o simulaci\u00f3n. Sus componentes de construcci\u00f3n duraderos y su f\u00e1cil manejo lo convierten en una opci\u00f3n confiable para estudiantes que desean familiarizarse con el uso de un fonendoscopio en un entorno de aprendizaje.<\/p>\n<p><strong>Especificaciones:<\/strong><\/p>\n<ul>\n<li>Aplicaci\u00f3n: Adultos<\/li>\n<li>Tipo de campana: Cara \u00fanica<\/li>\n<li>Material de la campana: Aluminio<\/li>\n<li>Color del tubo: Negro<\/li>\n<li>Di\u00e1metro del diafragma: 4,45 cm<\/li>\n<li>Material del diafragma: PVC<\/li>\n<li>Tipo de auricular: Suave<\/li>\n<li>Material del auricular: Aluminio<\/li>\n<li>Bokang es una empresa dedicada a la fabricaci\u00f3n y distribuci\u00f3n de productos m\u00e9dicos y de diagn\u00f3stico. Con una s\u00f3lida presencia en la industria, Bokang se destaca por su compromiso con la calidad, la innovaci\u00f3n y la atenci\u00f3n al cliente. Ofreciendo una amplia gama de productos, la empresa se esfuerza por brindar soluciones confiables y asequibles para profesionales de la salud y consumidores en general.<\/li>\n<\/ul>\n<div id=\"attachment_9252\" style=\"width: 310px\" class=\"wp-caption alignnone\"><img fetchpriority=\"high\" decoding=\"async\" aria-describedby=\"caption-attachment-9252\" class=\"size-medium wp-image-9252\" src=\"https:\/\/deltamed.cl\/tienda\/wp-content\/uploads\/2021\/02\/Bokang-3001-negro-2-300x300.png\" alt=\"Fonendoscopio campana simple Bokang BK3001\" width=\"300\" height=\"300\" title=\"\" srcset=\"https:\/\/deltamed.cl\/tienda\/wp-content\/uploads\/2021\/02\/Bokang-3001-negro-2-300x300.png 300w, https:\/\/deltamed.cl\/tienda\/wp-content\/uploads\/2021\/02\/Bokang-3001-negro-2-1024x1024.png 1024w, https:\/\/deltamed.cl\/tienda\/wp-content\/uploads\/2021\/02\/Bokang-3001-negro-2-150x150.png 150w, https:\/\/deltamed.cl\/tienda\/wp-content\/uploads\/2021\/02\/Bokang-3001-negro-2-768x768.png 768w, https:\/\/deltamed.cl\/tienda\/wp-content\/uploads\/2021\/02\/Bokang-3001-negro-2-600x600.png 600w, https:\/\/deltamed.cl\/tienda\/wp-content\/uploads\/2021\/02\/Bokang-3001-negro-2-100x100.png 100w, https:\/\/deltamed.cl\/tienda\/wp-content\/uploads\/2021\/02\/Bokang-3001-negro-2.png 1200w\" sizes=\"(max-width: 300px) 100vw, 300px\" \/><p id=\"caption-attachment-9252\" class=\"wp-caption-text\">Fonendoscopio campana simple Bokang BK3001<\/p><\/div>\n","protected":false},"excerpt":{"rendered":"<p>\u2022 Fonendoscopiosimple Bokang BK3001.<br \/>\n\u2022 Disponible en azul, rosado, morado y negro.<br \/>\n\u2022 Campana plana o simple, de una membrana. Diafragma de 1 3\/4.<br \/>\n\u2022 Hecho de aluminio. Tubo en \u00aby\u00bb hecho de pvc de una pieza, que asegura una buena transmisi\u00f3n.<br \/>\n\u2022 Uso en adultos.<br \/>\n\u2022 Uso b\u00e1sico, para medir tensi\u00f3n arterial (se necesita un esfingoman\u00f3metro).<br \/>\n\u2022 Origen: China.<\/p>\n","protected":false},"featured_media":754,"comment_status":"open","ping_status":"closed","template":"","meta":{"_acf_changed":false},"product_brand":[1092],"product_cat":[15,352],"product_tag":[131],"class_list":{"0":"post-670","1":"product","2":"type-product","3":"status-publish","4":"has-post-thumbnail","6":"product_brand-bokang","7":"product_cat-medicion-y-diagnostico","8":"product_cat-fonendo","9":"product_tag-bokang","10":"product_shipping_class-pequeno","12":"first","13":"instock","14":"shipping-taxable","15":"purchasable","16":"product-type-variable"},"acf":[],"_links":{"self":[{"href":"https:\/\/deltamed.cl\/tienda\/wp-json\/wp\/v2\/product\/670","targetHints":{"allow":["GET"]}}],"collection":[{"href":"https:\/\/deltamed.cl\/tienda\/wp-json\/wp\/v2\/product"}],"about":[{"href":"https:\/\/deltamed.cl\/tienda\/wp-json\/wp\/v2\/types\/product"}],"replies":[{"embeddable":true,"href":"https:\/\/deltamed.cl\/tienda\/wp-json\/wp\/v2\/comments?post=670"}],"version-history":[{"count":3,"href":"https:\/\/deltamed.cl\/tienda\/wp-json\/wp\/v2\/product\/670\/revisions"}],"predecessor-version":[{"id":6511,"href":"https:\/\/deltamed.cl\/tienda\/wp-json\/wp\/v2\/product\/670\/revisions\/6511"}],"wp:featuredmedia":[{"embeddable":true,"href":"https:\/\/deltamed.cl\/tienda\/wp-json\/wp\/v2\/media\/754"}],"wp:attachment":[{"href":"https:\/\/deltamed.cl\/tienda\/wp-json\/wp\/v2\/media?parent=670"}],"wp:term":[{"taxonomy":"product_brand","embeddable":true,"href":"https:\/\/deltamed.cl\/tienda\/wp-json\/wp\/v2\/product_brand?post=670"},{"taxonomy":"product_cat","embeddable":true,"href":"https:\/\/deltamed.cl\/tienda\/wp-json\/wp\/v2\/product_cat?post=670"},{"taxonomy":"product_tag","embeddable":true,"href":"https:\/\/deltamed.cl\/tienda\/wp-json\/wp\/v2\/product_tag?post=670"}],"curies":[{"name":"wp","href":"https:\/\/api.w.org\/{rel}","templated":true}]}}