{"id":6654,"date":"2023-11-06T17:55:12","date_gmt":"2023-11-06T20:55:12","guid":{"rendered":"https:\/\/deltamed.cl\/tienda\/?post_type=product&#038;p=6654"},"modified":"2026-03-13T19:57:24","modified_gmt":"2026-03-13T22:57:24","slug":"calzador-de-zapato-plastico","status":"publish","type":"product","link":"https:\/\/deltamed.cl\/tienda\/producto\/calzador-de-zapato-plastico\/","title":{"rendered":"Calzador de zapato plastico"},"content":{"rendered":"<p><strong>Calzador de zapatos plastico<\/strong> de gran longitud para facilitar la colocaci\u00f3n del zapato en personas que tienen dificultades para poder agacharse o inclinarse.<\/p>\n<p>Dise\u00f1ado para que el pie fluya correctamente durante el proceso de colocaci\u00f3n del calzado.<\/p>\n<p>Personas con discapacidad o movilidad reducida, artritis, fragilidad en las extremidades, ancianos o personas que est\u00e9 en un proceso de rehabilitaci\u00f3n son algunos de los perfiles de usuarios que buscan este c\u00f3modo<br \/>\nproducto.<\/p>\n<p>Tiene forma convencional, pero destaca por su longitud (46 cm), extensa para poder ayudar a la colocaci\u00f3n del zapato, tac\u00f3n, zapatilla o dem\u00e1s calzado.<\/p>\n<p>Fabricado en PVC, destaca por su resistencia, teniendo una vida \u00fatil alargada, adem\u00e1s de ser muy ligero (42 gramos). Se puede limpiar f\u00e1cilmente con un pa\u00f1o.<\/p>\n<ul>\n<li>Fabricado con material pl\u00e1stico ligero.<\/li>\n<li>Evita que se doblen al ponerse los zapatos.<\/li>\n<li>Se desliz\u00f3 f\u00e1cilmente dentro del tal\u00f3n trasero del zapato.<\/li>\n<li>La superficie lisa no engancha calcetines ni medias. 46 cm (18&#8243;) de largo.<\/li>\n<\/ul>\n<p><strong>Caracter\u00edsticas t\u00e9cnicas del calzador para zapatos:<\/strong><br \/>\n-Longitud de 46 cm.<br \/>\n-Peso de 42 g.<br \/>\n-Material: plastico .<\/p>\n","protected":false},"excerpt":{"rendered":"<p><strong>Calzador de zapatos plastico<\/strong> de gran longitud para facilitar la colocaci\u00f3n del zapato en personas que tienen dificultades para poder agacharse o inclinarse.<\/p>\n<p>Dise\u00f1ado para que el pie fluya correctamente durante el proceso de colocaci\u00f3n del calzado.<\/p>\n<p>Personas con discapacidad o movilidad reducida, artritis, fragilidad en las extremidades, ancianos o personas que est\u00e9 en un proceso de rehabilitaci\u00f3n son algunos de los perfiles de usuarios que buscan este c\u00f3modo<br \/>\nproducto.<\/p>\n<p>Tiene forma convencional, pero destaca por su longitud (46 cm), extensa para poder ayudar a la colocaci\u00f3n del zapato, tac\u00f3n, zapatilla o dem\u00e1s calzado.<\/p>\n<p>Fabricado en PVC, destaca por su resistencia, teniendo una vida \u00fatil alargada, adem\u00e1s de ser muy ligero (42 gramos). Se puede limpiar f\u00e1cilmente con un pa\u00f1o.<\/p>\n<ul>\n<li>Fabricado con material pl\u00e1stico ligero.<\/li>\n<li>Evita que se doblen al ponerse los zapatos.<\/li>\n<li>Se desliz\u00f3 f\u00e1cilmente dentro del tal\u00f3n trasero del zapato.<\/li>\n<li>La superficie lisa no engancha calcetines ni medias. 46 cm (18&#8243;) de largo.<\/li>\n<\/ul>\n","protected":false},"featured_media":6656,"comment_status":"open","ping_status":"closed","template":"","meta":{"_acf_changed":false},"product_brand":[],"product_cat":[214],"product_tag":[],"class_list":{"0":"post-6654","1":"product","2":"type-product","3":"status-publish","4":"has-post-thumbnail","6":"product_cat-cuidado-personal","7":"product_shipping_class-extra-pequeno","9":"first","10":"instock","11":"sale","12":"shipping-taxable","13":"purchasable","14":"product-type-simple"},"acf":[],"_links":{"self":[{"href":"https:\/\/deltamed.cl\/tienda\/wp-json\/wp\/v2\/product\/6654","targetHints":{"allow":["GET"]}}],"collection":[{"href":"https:\/\/deltamed.cl\/tienda\/wp-json\/wp\/v2\/product"}],"about":[{"href":"https:\/\/deltamed.cl\/tienda\/wp-json\/wp\/v2\/types\/product"}],"replies":[{"embeddable":true,"href":"https:\/\/deltamed.cl\/tienda\/wp-json\/wp\/v2\/comments?post=6654"}],"version-history":[{"count":2,"href":"https:\/\/deltamed.cl\/tienda\/wp-json\/wp\/v2\/product\/6654\/revisions"}],"predecessor-version":[{"id":12487,"href":"https:\/\/deltamed.cl\/tienda\/wp-json\/wp\/v2\/product\/6654\/revisions\/12487"}],"wp:featuredmedia":[{"embeddable":true,"href":"https:\/\/deltamed.cl\/tienda\/wp-json\/wp\/v2\/media\/6656"}],"wp:attachment":[{"href":"https:\/\/deltamed.cl\/tienda\/wp-json\/wp\/v2\/media?parent=6654"}],"wp:term":[{"taxonomy":"product_brand","embeddable":true,"href":"https:\/\/deltamed.cl\/tienda\/wp-json\/wp\/v2\/product_brand?post=6654"},{"taxonomy":"product_cat","embeddable":true,"href":"https:\/\/deltamed.cl\/tienda\/wp-json\/wp\/v2\/product_cat?post=6654"},{"taxonomy":"product_tag","embeddable":true,"href":"https:\/\/deltamed.cl\/tienda\/wp-json\/wp\/v2\/product_tag?post=6654"}],"curies":[{"name":"wp","href":"https:\/\/api.w.org\/{rel}","templated":true}]}}