{"id":659,"date":"2021-02-02T11:21:19","date_gmt":"2021-02-02T14:21:19","guid":{"rendered":"https:\/\/deltamed.cl\/tienda\/?post_type=product&#038;p=659"},"modified":"2026-02-27T07:15:54","modified_gmt":"2026-02-27T10:15:54","slug":"faja-elasticada-de-3-bandas","status":"publish","type":"product","link":"https:\/\/deltamed.cl\/tienda\/producto\/faja-elasticada-de-3-bandas\/","title":{"rendered":"Faja elasticada de 3 bandas"},"content":{"rendered":"<p>Faja Elasticada de 3 Bandas<\/p>\n<p><b>Descripci\u00f3n:<\/b><\/p>\n<p>-Dise\u00f1ada para comprimir completamente el abdomen desde el borde superior de las costillas hasta la parte baja del abdomen.<br \/>\n-Se ajusta al cuerpo mediante un sistema de velcro, que permite regular que tan apretada o suelta queda la faja.<br \/>\n-Aporta soporte sacro-lumbar y abdominal al mismo tiempo.<br \/>\n-Ideal para ser utilizada durante los postoperatorios de cirug\u00eda abdominal, tambi\u00e9n son de gran utilidad como fajas postparto y en ocasiones de recuperaci\u00f3n posterior a una fractura.<br \/>\n-Confeccionada con tres bandas de el\u00e1stico y forrada internamente en material suave para mayor comodidad.<\/p>\n<p><strong>Indicaciones:<\/strong><br \/>\nContenci\u00f3n de peque\u00f1as y medianas eventraciones. Faja de contenci\u00f3n post-quir\u00fargica y post-parto<\/p>\n<p><strong>PER\u00cdMETRO DE ABDOMEN EN CM<\/strong><br \/>\nTalla S: 70- 90cm<\/p>\n<p>Talla M: 90-110cm<\/p>\n<p>Talla L: 110-130cm<\/p>\n<p>&nbsp;<\/p>\n","protected":false},"excerpt":{"rendered":"<p>Faja Elasticada de 3 Bandas<\/p>\n<p><b>Descripci\u00f3n:<\/b><\/p>\n<p>-Dise\u00f1ada para comprimir completamente el abdomen desde el borde superior de las costillas hasta la parte baja del abdomen.<br \/>\n-Se ajusta al cuerpo mediante un sistema de velcro, que permite regular que tan apretada o suelta queda la faja.<br \/>\n-Aporta soporte sacro-lumbar y abdominal al mismo tiempo.<br \/>\n-Ideal para ser utilizada durante los postoperatorios de cirug\u00eda abdominal, tambi\u00e9n son de gran utilidad como fajas postparto y en ocasiones de recuperaci\u00f3n posterior a una fractura.<br \/>\n-Confeccionada con tres bandas de el\u00e1stico y forrada internamente en material suave para mayor comodidad.<\/p>\n","protected":false},"featured_media":741,"comment_status":"open","ping_status":"closed","template":"","meta":{"_acf_changed":false},"product_brand":[],"product_cat":[235],"product_tag":[280,236],"class_list":{"0":"post-659","1":"product","2":"type-product","3":"status-publish","4":"has-post-thumbnail","6":"product_cat-ortopedia","7":"product_tag-3banda","8":"product_tag-faja","9":"product_shipping_class-pequeno","11":"first","12":"outofstock","13":"shipping-taxable","14":"purchasable","15":"product-type-variable"},"acf":[],"_links":{"self":[{"href":"https:\/\/deltamed.cl\/tienda\/wp-json\/wp\/v2\/product\/659","targetHints":{"allow":["GET"]}}],"collection":[{"href":"https:\/\/deltamed.cl\/tienda\/wp-json\/wp\/v2\/product"}],"about":[{"href":"https:\/\/deltamed.cl\/tienda\/wp-json\/wp\/v2\/types\/product"}],"replies":[{"embeddable":true,"href":"https:\/\/deltamed.cl\/tienda\/wp-json\/wp\/v2\/comments?post=659"}],"version-history":[{"count":1,"href":"https:\/\/deltamed.cl\/tienda\/wp-json\/wp\/v2\/product\/659\/revisions"}],"predecessor-version":[{"id":7039,"href":"https:\/\/deltamed.cl\/tienda\/wp-json\/wp\/v2\/product\/659\/revisions\/7039"}],"wp:featuredmedia":[{"embeddable":true,"href":"https:\/\/deltamed.cl\/tienda\/wp-json\/wp\/v2\/media\/741"}],"wp:attachment":[{"href":"https:\/\/deltamed.cl\/tienda\/wp-json\/wp\/v2\/media?parent=659"}],"wp:term":[{"taxonomy":"product_brand","embeddable":true,"href":"https:\/\/deltamed.cl\/tienda\/wp-json\/wp\/v2\/product_brand?post=659"},{"taxonomy":"product_cat","embeddable":true,"href":"https:\/\/deltamed.cl\/tienda\/wp-json\/wp\/v2\/product_cat?post=659"},{"taxonomy":"product_tag","embeddable":true,"href":"https:\/\/deltamed.cl\/tienda\/wp-json\/wp\/v2\/product_tag?post=659"}],"curies":[{"name":"wp","href":"https:\/\/api.w.org\/{rel}","templated":true}]}}

<p>Faja Elasticada de 3 Bandas</p>
<p><b>Descripción:</b></p>
<p>-Diseñada para comprimir completamente el abdomen desde el borde superior de las costillas hasta la parte baja del abdomen.<br />
-Se ajusta al cuerpo mediante un sistema de velcro, que permite regular que tan apretada o suelta queda la faja.<br />
-Aporta soporte sacro-lumbar y abdominal al mismo tiempo.<br />
-Ideal para ser utilizada durante los postoperatorios de cirugía abdominal, también son de gran utilidad como fajas postparto y en ocasiones de recuperación posterior a una fractura.<br />
-Confeccionada con tres bandas de elástico y forrada internamente en material suave para mayor comodidad.</p>
<p><strong>Indicaciones:</strong><br />
Contención de pequeñas y medianas eventraciones. Faja de contención post-quirúrgica y post-parto</p>
<p><strong>PERÍMETRO DE ABDOMEN EN CM</strong><br />
Talla S: 70- 90cm</p>
<p>Talla M: 90-110cm</p>
<p>Talla L: 110-130cm</p>
<p>&nbsp;</p>

<p>Faja Elasticada de 3 Bandas</p>
<p><b>Descripción:</b></p>
<p>-Diseñada para comprimir completamente el abdomen desde el borde superior de las costillas hasta la parte baja del abdomen.<br />
-Se ajusta al cuerpo mediante un sistema de velcro, que permite regular que tan apretada o suelta queda la faja.<br />
-Aporta soporte sacro-lumbar y abdominal al mismo tiempo.<br />
-Ideal para ser utilizada durante los postoperatorios de cirugía abdominal, también son de gran utilidad como fajas postparto y en ocasiones de recuperación posterior a una fractura.<br />
-Confeccionada con tres bandas de elástico y forrada internamente en material suave para mayor comodidad.</p>
