{"id":613,"date":"2021-01-18T16:29:37","date_gmt":"2021-01-18T19:29:37","guid":{"rendered":"https:\/\/deltamed.cl\/tienda\/?post_type=product&#038;p=613"},"modified":"2026-02-27T13:30:27","modified_gmt":"2026-02-27T16:30:27","slug":"mascarilla-alto-flujo-con-reservorio","status":"publish","type":"product","link":"https:\/\/deltamed.cl\/tienda\/producto\/mascarilla-alto-flujo-con-reservorio\/","title":{"rendered":"Mascarilla alto flujo con reservorio"},"content":{"rendered":"<p><strong>Mascarilla alto flujo con reservorio adultos<\/strong><\/p>\n<p>Dispositivo m\u00e9dico que permite la administraci\u00f3n de alta concentraci\u00f3n de oxigeno (02).<\/p>\n<p>Tiene un doble el\u00e1stico simple que la sujeta a la nuca. Esta mascarilla posee una forma anat\u00f3mica y elongada, con gran ajuste facial. Posee dos orificios laterales que permiten la mezcla del ox\u00edgeno con aire.<\/p>\n<p>Esta mascarilla posee una bolsa reservorio de 750 ml permitiendo que el paciente obtenga ox\u00edgeno por dos v\u00edas: una es por el ox\u00edgeno que administra la tubuladura del insumo y la segunda por el ox\u00edgeno que queda en el reservorio, lo cual aumenta la concentraci\u00f3n de ox\u00edgeno al m\u00e1ximo en un 1009, a un bajo flujo.<\/p>\n<p>Producto de un solo uso, no reutilizar.<\/p>\n<p>Mascarilla 3-en-1 para suministrar medias y altas concentraciones de ox\u00edgeno 50-85% (6-15LPM) con reservorio, v\u00e1lvula unidireccional y tubo de suministro de ox\u00edgeno. Para su uso como mascarilla de no reinhalaci\u00f3n\/ reinhalaci\u00f3n parcial\/mascarilla simple.<\/p>\n<p>Beneficios:<\/p>\n<p>Versatilidad de usos: convencional, reinhalaci\u00f3n parcial o no- reinhalaci\u00f3n, seg\u00fan se requiera, f\u00e1cilmente<\/p>\n<p>Seguridad del paciente<\/p>\n<p>Brinda comodidad al paciente, reduciendo los puntos de contacto que generan irritaci\u00f3n<\/p>\n<p>\u00d3ptima compatibilidad anat\u00f3mica<\/p>\n<p>Unidireccional<\/p>\n<p>Libre de l\u00e1tex<\/p>\n","protected":false},"excerpt":{"rendered":"<p><strong>Mascarilla alto flujo con reservorio adulto<\/strong><\/p>\n<p>Dispositivo m\u00e9dico que permite la administraci\u00f3n de alta concentraci\u00f3n de oxigeno (02).<\/p>\n<p>Mascarilla 3-en-1 para suministrar medias y altas concentraciones de ox\u00edgeno 50-85% (6-15LPM) con reservorio, v\u00e1lvula unidireccional y tubo de suministro de ox\u00edgeno. Para su uso como mascarilla de no reinhalaci\u00f3n\/ reinhalaci\u00f3n parcial\/mascarilla simple.<\/p>\n<p>Producto de un solo uso, no reutilizar.<\/p>\n","protected":false},"featured_media":633,"comment_status":"open","ping_status":"closed","template":"","meta":{"_acf_changed":false},"product_brand":[],"product_cat":[15,94],"product_tag":[],"class_list":{"0":"post-613","1":"product","2":"type-product","3":"status-publish","4":"has-post-thumbnail","6":"product_cat-medicion-y-diagnostico","7":"product_cat-insumos-desechables","8":"product_shipping_class-pequeno","10":"first","11":"instock","12":"shipping-taxable","13":"purchasable","14":"product-type-variable"},"acf":[],"_links":{"self":[{"href":"https:\/\/deltamed.cl\/tienda\/wp-json\/wp\/v2\/product\/613","targetHints":{"allow":["GET"]}}],"collection":[{"href":"https:\/\/deltamed.cl\/tienda\/wp-json\/wp\/v2\/product"}],"about":[{"href":"https:\/\/deltamed.cl\/tienda\/wp-json\/wp\/v2\/types\/product"}],"replies":[{"embeddable":true,"href":"https:\/\/deltamed.cl\/tienda\/wp-json\/wp\/v2\/comments?post=613"}],"version-history":[{"count":4,"href":"https:\/\/deltamed.cl\/tienda\/wp-json\/wp\/v2\/product\/613\/revisions"}],"predecessor-version":[{"id":8239,"href":"https:\/\/deltamed.cl\/tienda\/wp-json\/wp\/v2\/product\/613\/revisions\/8239"}],"wp:featuredmedia":[{"embeddable":true,"href":"https:\/\/deltamed.cl\/tienda\/wp-json\/wp\/v2\/media\/633"}],"wp:attachment":[{"href":"https:\/\/deltamed.cl\/tienda\/wp-json\/wp\/v2\/media?parent=613"}],"wp:term":[{"taxonomy":"product_brand","embeddable":true,"href":"https:\/\/deltamed.cl\/tienda\/wp-json\/wp\/v2\/product_brand?post=613"},{"taxonomy":"product_cat","embeddable":true,"href":"https:\/\/deltamed.cl\/tienda\/wp-json\/wp\/v2\/product_cat?post=613"},{"taxonomy":"product_tag","embeddable":true,"href":"https:\/\/deltamed.cl\/tienda\/wp-json\/wp\/v2\/product_tag?post=613"}],"curies":[{"name":"wp","href":"https:\/\/api.w.org\/{rel}","templated":true}]}}