{"id":56236,"date":"2026-04-28T20:19:56","date_gmt":"2026-04-28T20:19:56","guid":{"rendered":"https:\/\/dev.deltamed.cl\/?post_type=product&#038;p=56236"},"modified":"2026-05-07T18:08:19","modified_gmt":"2026-05-07T18:08:19","slug":"baston-de-1-punto-de-apoyo","status":"publish","type":"product","link":"https:\/\/deltamed.cl\/tienda\/producto\/baston-de-1-punto-de-apoyo\/","title":{"rendered":"Bast\u00f3n de 1 punto de apoyo"},"content":{"rendered":"<p>Bast\u00f3n de 1 punto de apoyo es de\u00a0pu\u00f1o Lifante es una opci\u00f3n para mejorar la locomoci\u00f3n y movilizaci\u00f3n de las personas.<\/p>\n<p>Este funciona brindando apoyo y soporte complementario al cuerpo mientras la persona camina. Suele<\/p>\n<p>utilizarse cuando el cuerpo no logra tener sost\u00e9n y necesita un suplemento terap\u00e9utico.<\/p>\n<p>CARACTERISTICAS:<\/p>\n<p>\u2022 Estructura tubular en aluminio anodizado de alta resistencia. Extensible.<\/p>\n<p>\u2022 Empu\u00f1adura de goma anat\u00f3mica fija antideslizante.<\/p>\n<p>\u2022 Ambidiestro.<\/p>\n<p>\u2022 Regat\u00f3n fabricado en goma y caucho antideslizante en la base, contiene en el interior una placa que<\/p>\n<p>reduce el ruido.<\/p>\n<p>\u2022 Regat\u00f3n con terminaci\u00f3n de cuatro bases.<\/p>\n<p>\u2022 Debido a su gran capacidad de regulaci\u00f3n puede ser usado por personas de estatura peque\u00f1a,<\/p>\n<p>mediana y alta. Empu\u00f1adora a codo y empu\u00f1adora a suelo.<\/p>\n<p>\u2022 Manipulable sin herramientas.<\/p>\n<p>\u2022 Sistema de seguros (anillo \/ bot\u00f3n) para cada uno de los rangos de regulaci\u00f3n.<\/p>\n<p>\u2022 Posee correa de mu\u00f1eca para colgar.<\/p>\n<p>\u2022 Color negro con tonalidades blancas.<\/p>\n<p>ESPECIFICACIONES T\u00c9CNICAS:<\/p>\n<p>\u2022 Rango de ajuste de 73 cm a 96cm,<\/p>\n<p>\u2022 10 (diez) ajustes cada 2,5cm.<\/p>\n<p>\u2022 Tubo principal de 2.5 cms. de ancho y espesor es de 1.5 mm.<\/p>\n<p>\u2022 Resiste como peso de usuario 110 kgs.<\/p>\n","protected":false},"excerpt":{"rendered":"<p>Bast\u00f3n de 1 punto de apoyo es de\u00a0pu\u00f1o Lifante es una opci\u00f3n para mejorar la locomoci\u00f3n y movilizaci\u00f3n de las personas.<\/p>\n<p>Este funciona brindando apoyo y soporte complementario al cuerpo mientras la persona camina. Suele<\/p>\n<p>utilizarse cuando el cuerpo no logra tener sost\u00e9n y necesita un suplemento terap\u00e9utico.<\/p>\n","protected":false},"featured_media":12843,"comment_status":"open","ping_status":"closed","template":"","meta":{"_acf_changed":false},"product_brand":[6095],"product_cat":[6375,6376,6463],"product_tag":[6672,6673,6070,6674],"class_list":{"0":"post-56236","1":"product","2":"type-product","3":"status-publish","4":"has-post-thumbnail","6":"product_brand-caremax","7":"product_cat-ayudas-tecnicas","8":"product_cat-baston","9":"product_cat-puntos","10":"product_tag-discapacidad","11":"product_tag-invalido","12":"product_tag-lifante","13":"product_tag-minusvalido","14":"product_shipping_class-pequeno","16":"first","17":"outofstock","18":"taxable","19":"shipping-taxable","20":"purchasable","21":"product-type-simple"},"acf":[],"_links":{"self":[{"href":"https:\/\/deltamed.cl\/tienda\/wp-json\/wp\/v2\/product\/56236","targetHints":{"allow":["GET"]}}],"collection":[{"href":"https:\/\/deltamed.cl\/tienda\/wp-json\/wp\/v2\/product"}],"about":[{"href":"https:\/\/deltamed.cl\/tienda\/wp-json\/wp\/v2\/types\/product"}],"replies":[{"embeddable":true,"href":"https:\/\/deltamed.cl\/tienda\/wp-json\/wp\/v2\/comments?post=56236"}],"wp:featuredmedia":[{"embeddable":true,"href":"https:\/\/deltamed.cl\/tienda\/wp-json\/wp\/v2\/media\/12843"}],"wp:attachment":[{"href":"https:\/\/deltamed.cl\/tienda\/wp-json\/wp\/v2\/media?parent=56236"}],"wp:term":[{"taxonomy":"product_brand","embeddable":true,"href":"https:\/\/deltamed.cl\/tienda\/wp-json\/wp\/v2\/product_brand?post=56236"},{"taxonomy":"product_cat","embeddable":true,"href":"https:\/\/deltamed.cl\/tienda\/wp-json\/wp\/v2\/product_cat?post=56236"},{"taxonomy":"product_tag","embeddable":true,"href":"https:\/\/deltamed.cl\/tienda\/wp-json\/wp\/v2\/product_tag?post=56236"}],"curies":[{"name":"wp","href":"https:\/\/api.w.org\/{rel}","templated":true}]}}