{"id":56235,"date":"2026-04-28T20:19:56","date_gmt":"2026-04-28T20:19:56","guid":{"rendered":"https:\/\/dev.deltamed.cl\/?post_type=product&#038;p=56235"},"modified":"2026-05-07T18:03:50","modified_gmt":"2026-05-07T18:03:50","slug":"pinza-alcanzadora-de-objetos","status":"publish","type":"product","link":"https:\/\/deltamed.cl\/tienda\/producto\/pinza-alcanzadora-de-objetos\/","title":{"rendered":"Pinza alcanzadora de objetos"},"content":{"rendered":"<p>Pinza alcanzadora de objetos de 31&#8243; de longitud (76 cm)<\/p>\n<p>El pr\u00e1ctico recogedor es una herramienta pr\u00e1ctica y vers\u00e1til para alcanzar lugares dif\u00edciles.<\/p>\n<p>Ideal para recoger objetos. Su dise\u00f1o especial con gatillo facilita el acceso y tambi\u00e9n puede usarse para vestirse.<\/p>\n<p>Descripci\u00f3n: Alcance pr\u00e1ctico de 31&#8243;<\/p>\n<p>Especificaciones:<\/p>\n<p>\u25cf Longitud: 31&#8243;<\/p>\n<p>\u25cf Peso: 167 g<\/p>\n","protected":false},"excerpt":{"rendered":"<p>Pinza alcanzadora de objetos de 31&#8243; de longitud (76 cm)<\/p>\n<p>El pr\u00e1ctico recogedor es una herramienta pr\u00e1ctica y vers\u00e1til para alcanzar lugares dif\u00edciles.<\/p>\n<p>Ideal para recoger objetos. Su dise\u00f1o especial con gatillo facilita el acceso y tambi\u00e9n puede usarse para vestirse.<\/p>\n<p>Descripci\u00f3n: Alcance pr\u00e1ctico de 31&#8243;<\/p>\n<p>Especificaciones:<\/p>\n<p>\u25cf Longitud: 31&#8243;<\/p>\n<p>\u25cf Peso: 167 g<\/p>\n","protected":false},"featured_media":12841,"comment_status":"open","ping_status":"closed","template":"","meta":{"_acf_changed":false},"product_brand":[6192],"product_cat":[6375,6666],"product_tag":[5271,6676,6675,6677],"class_list":{"0":"post-56235","1":"product","2":"type-product","3":"status-publish","4":"has-post-thumbnail","6":"product_brand-caremaz","7":"product_cat-ayudas-tecnicas","8":"product_cat-seguridad","9":"product_tag-adulto-mayor","10":"product_tag-incontinencia","11":"product_tag-panales","12":"product_tag-persona-mayor","13":"product_shipping_class-pequeno","15":"first","16":"outofstock","17":"taxable","18":"shipping-taxable","19":"purchasable","20":"product-type-simple"},"acf":[],"_links":{"self":[{"href":"https:\/\/deltamed.cl\/tienda\/wp-json\/wp\/v2\/product\/56235","targetHints":{"allow":["GET"]}}],"collection":[{"href":"https:\/\/deltamed.cl\/tienda\/wp-json\/wp\/v2\/product"}],"about":[{"href":"https:\/\/deltamed.cl\/tienda\/wp-json\/wp\/v2\/types\/product"}],"replies":[{"embeddable":true,"href":"https:\/\/deltamed.cl\/tienda\/wp-json\/wp\/v2\/comments?post=56235"}],"wp:featuredmedia":[{"embeddable":true,"href":"https:\/\/deltamed.cl\/tienda\/wp-json\/wp\/v2\/media\/12841"}],"wp:attachment":[{"href":"https:\/\/deltamed.cl\/tienda\/wp-json\/wp\/v2\/media?parent=56235"}],"wp:term":[{"taxonomy":"product_brand","embeddable":true,"href":"https:\/\/deltamed.cl\/tienda\/wp-json\/wp\/v2\/product_brand?post=56235"},{"taxonomy":"product_cat","embeddable":true,"href":"https:\/\/deltamed.cl\/tienda\/wp-json\/wp\/v2\/product_cat?post=56235"},{"taxonomy":"product_tag","embeddable":true,"href":"https:\/\/deltamed.cl\/tienda\/wp-json\/wp\/v2\/product_tag?post=56235"}],"curies":[{"name":"wp","href":"https:\/\/api.w.org\/{rel}","templated":true}]}}