{"id":56136,"date":"2026-04-28T20:19:16","date_gmt":"2026-04-28T20:19:16","guid":{"rendered":"https:\/\/dev.deltamed.cl\/?post_type=product&#038;p=56136"},"modified":"2026-04-30T19:19:12","modified_gmt":"2026-04-30T19:19:12","slug":"colchon-antiescaras-viscoelastico-basic-fit","status":"publish","type":"product","link":"https:\/\/deltamed.cl\/tienda\/tienda\/producto\/colchon-antiescaras-viscoelastico-basic-fit\/","title":{"rendered":"Colch\u00f3n antiescaras viscoelastico basic fit"},"content":{"rendered":"<p>Colch\u00f3n antiescaras viscoelastico basic fit<\/p>\n<p>BURMEIER<strong data-start=\"54\" data-end=\"66\"><\/p>\n<p><\/strong>procedencia Alemana<\/p>\n<p>Colch\u00f3n antiescaras viscoelastico basic fit , dise\u00f1ado especialmente para prevenir y tratar las \u00falceras por presi\u00f3n, tambi\u00e9n conocidas como escaras.<\/p>\n<p>Estas \u00falceras son lesiones en la piel que se producen cuando una persona permanece inmovilizada durante largos per\u00edodos de tiempo, lo que provoca una presi\u00f3n constante sobre determinadas zonas del cuerpo.<\/p>\n<p>Los colchones anti escaras est\u00e1n dise\u00f1ados para distribuir el peso del cuerpo de manera uniforme y reducir la presi\u00f3n sobre las zonas m\u00e1s propensas a desarrollar \u00falceras por presi\u00f3n, como los talones, los codos y los om\u00f3platos. Estos colchones suelen estar hechos de materiales especiales que proporcionan una superficie suave y acolchada, y algunos modelos tambi\u00e9n incorporan sistemas de aire o agua para ajustar la presi\u00f3n y mejorar la circulaci\u00f3n.<\/p>\n<p>CARACTERISTICAS:<\/p>\n<p>\u2022 Colch\u00f3n de una secci\u00f3n.<\/p>\n<p>\u2022 Flotaci\u00f3n seca viscoel\u00e1stico.<\/p>\n<p>\u2022 Dimensiones: 12 x 90 x 190 cm y 12 x 90 x 200 cm. ( Alto x Ancho x Largo)<\/p>\n<p>\u2022 Densidad: 40 kg\/m3<\/p>\n<p>\u2022 Colch\u00f3n de espuma Visco el\u00e1stica de 12 cm de alto, con borde reforzado. Aplicable a la presencia de \u00falceras por presi\u00f3n, grado 1-2<\/p>\n<p>\u2022 Recomendado para el uso diario en pacientes de mediano y alto peso, adem\u00e1s posee una capa Pu o capa de evacuaci\u00f3n. Lavable, color blanco, extra\u00edble con cremallera<\/p>\n<p>\u2022 Con esquinas redondeadas adaptables para uso en Hospital y hogar<\/p>\n<p>\u2022 Impermeable y anti deslizante.<\/p>\n<p>\u2022 Lavable a 95\u00b0C<\/p>\n<p>\u2022 Hipo alerg\u00e9nico.<\/p>\n<p>\u2022 Resiste 140 kg de peso.<\/p>\n<p>\u2022 Peso neto del colch\u00f3n: 12 kg<\/p>\n","protected":false},"excerpt":{"rendered":"<p>Colch\u00f3n antiescaras viscoelastico basic fit<\/p>\n<p><strong data-start=\"54\" data-end=\"66\">BURMEIER<\/p>\n<p>procedencia Alemana<\/strong><\/p>\n<p>Est\u00e1 dise\u00f1ado para prevenir y tratar \u00falceras por presi\u00f3n, distribuyendo el peso de manera uniforme y reduciendo la presi\u00f3n en zonas vulnerables como talones, codos y om\u00f3platos. Fabricado en espuma viscoel\u00e1stica de 12 cm de alto y densidad de 40 kg\/m\u00b3, cuenta con borde reforzado y es adecuado para \u00falceras de grado 1-2. Es impermeable, antideslizante, hipoalerg\u00e9nico y lavable a 95\u00b0C. Su funda extra\u00edble con cremallera facilita la limpieza, y sus esquinas redondeadas lo hacen adaptable para uso hospitalario y dom\u00e9stico. Soporta hasta 140 kg y tiene un peso neto de 12 kg, con dimensiones de 12 x 90 x 190 cm y 12 x 90 x 200 cm.<\/p>\n","protected":false},"featured_media":12712,"comment_status":"open","ping_status":"closed","template":"","meta":{"_acf_changed":false},"product_brand":[6078],"product_cat":[6375,6472],"product_tag":[5804,5803,6070,5663,5718,5719],"class_list":{"0":"post-56136","1":"product","2":"type-product","3":"status-publish","4":"has-post-thumbnail","6":"product_brand-burmeier","7":"product_cat-ayudas-tecnicas","8":"product_cat-colchon","9":"product_tag-anti-escaras","10":"product_tag-escaras","11":"product_tag-lifante","12":"product_tag-postrado","13":"product_tag-ulcera","14":"product_tag-ulcera-por-presion","15":"product_shipping_class-mediano","17":"first","18":"outofstock","19":"taxable","20":"shipping-taxable","21":"purchasable","22":"product-type-variable"},"acf":[],"_links":{"self":[{"href":"https:\/\/deltamed.cl\/tienda\/wp-json\/wp\/v2\/product\/56136","targetHints":{"allow":["GET"]}}],"collection":[{"href":"https:\/\/deltamed.cl\/tienda\/wp-json\/wp\/v2\/product"}],"about":[{"href":"https:\/\/deltamed.cl\/tienda\/wp-json\/wp\/v2\/types\/product"}],"replies":[{"embeddable":true,"href":"https:\/\/deltamed.cl\/tienda\/wp-json\/wp\/v2\/comments?post=56136"}],"wp:featuredmedia":[{"embeddable":true,"href":"https:\/\/deltamed.cl\/tienda\/wp-json\/wp\/v2\/media\/12712"}],"wp:attachment":[{"href":"https:\/\/deltamed.cl\/tienda\/wp-json\/wp\/v2\/media?parent=56136"}],"wp:term":[{"taxonomy":"product_brand","embeddable":true,"href":"https:\/\/deltamed.cl\/tienda\/wp-json\/wp\/v2\/product_brand?post=56136"},{"taxonomy":"product_cat","embeddable":true,"href":"https:\/\/deltamed.cl\/tienda\/wp-json\/wp\/v2\/product_cat?post=56136"},{"taxonomy":"product_tag","embeddable":true,"href":"https:\/\/deltamed.cl\/tienda\/wp-json\/wp\/v2\/product_tag?post=56136"}],"curies":[{"name":"wp","href":"https:\/\/api.w.org\/{rel}","templated":true}]}}