{"id":5606,"date":"2023-05-25T18:14:26","date_gmt":"2023-05-25T21:14:26","guid":{"rendered":"https:\/\/deltamed.cl\/tienda\/?post_type=product&#038;p=5606"},"modified":"2026-02-27T07:16:27","modified_gmt":"2026-02-27T10:16:27","slug":"bomba-de-aspiracion-sa100-contec","status":"publish","type":"product","link":"https:\/\/deltamed.cl\/tienda\/producto\/bomba-de-aspiracion-sa100-contec\/","title":{"rendered":"Bomba de aspiraci\u00f3n SA100 Contec"},"content":{"rendered":"<p><strong>Bomba de aspiraci\u00f3n SA100 Contec<\/strong><\/p>\n<p><strong>Dispositivo de succi\u00f3n de presi\u00f3n negativa, que pertenece a medical\u00a0<\/strong><strong>equipo el\u00e9ctrico. El equipo es alimentado directamente por 220 AC, con pist\u00f3n exento de aceite bomba de presi\u00f3n negativa para generar presi\u00f3n negativa, y est\u00e1 en funcionamiento normal conectando el dispositivo de gu\u00eda y encender el interruptor para ajustar la presi\u00f3n negativa, lo cual es bastante f\u00e1cil. Este producto es principalmente aplicable al tratamiento de pacientes con dificultad en el esputo voluntario excreci\u00f3n en unidades m\u00e9dicas de todos los niveles. <\/strong><\/p>\n<p><strong>\u00a0<\/strong><strong>Caracter\u00edstica f\u00edsica<\/strong><\/p>\n<ul>\n<li>El aspirador de esputo juega un papel importante en el tratamiento de enfermedades respiratorias.<\/li>\n<li>El aspirador de esputo port\u00e1til es de gran importancia en unidades m\u00e9dicas de todos los niveles para pacientes con<\/li>\n<li>dificultad en el esputo voluntario<\/li>\n<li>Dimensi\u00f3n: 280 mm \u00d7 180 mm X175 mm<\/li>\n<li>Peso: 3,0 kg<\/li>\n<\/ul>\n<p><strong>\u00a0<\/strong><strong>Especificaci\u00f3n<\/strong><\/p>\n<ul>\n<li>Fuente de alimentaci\u00f3n: AC220V, 50Hz<\/li>\n<li>Potencia de entrada: 90VA<\/li>\n<li>Valor l\u00edmite de presi\u00f3n negativa: &gt;0.070MPa<\/li>\n<li>Rango de ajuste de presi\u00f3n negativa: 0.02MPa-L\u00edmite negativo valor de presi\u00f3n<\/li>\n<li>tasa de bombeo: &gt;15L\/min<\/li>\n<li>botella de almacenamiento de l\u00edquido: &gt; 1000ml<\/li>\n<li>Ruido: &lt; 65dB<\/li>\n<li>Tipo de protecci\u00f3n contra descargas el\u00e9ctricas: Clase II<\/li>\n<li>Grado de protecci\u00f3n contra descargas el\u00e9ctricas: Pieza aplicada tipo B<\/li>\n<li>Clasificados por modo de funcionamiento: Modo de funcionamiento de corta duraci\u00f3n Grado de estanqueidad al agua y al polvo: IPXOI gas combustible: No apto para uso en un ambiente con gas combustible<\/li>\n<\/ul>\n<p><strong>Accesorios<\/strong><\/p>\n<ul>\n<li>Un manual<\/li>\n<li>Un juego de botellas de recolecci\u00f3n de l\u00edquidos<\/li>\n<li>Un tubo de silicona de 1,3 m<\/li>\n<li>Dos tubos de silicona (cortos)<\/li>\n<li>Un filtro de aire<\/li>\n<li>Dos tubos de succi\u00f3n<\/li>\n<\/ul>\n<p>&nbsp;<\/p>\n","protected":false},"excerpt":{"rendered":"<p><strong>Bomba de aspiraci\u00f3n SA100 Contec<\/strong><\/p>\n<p><strong>Dispositivo de succi\u00f3n de presi\u00f3n negativa, que pertenece a medical\u00a0<\/strong><strong>equipo el\u00e9ctrico. El equipo es alimentado directamente por 220 AC, con pist\u00f3n exento de aceite bomba de presi\u00f3n negativa para generar presi\u00f3n negativa, y est\u00e1 en funcionamiento normal conectando el dispositivo de gu\u00eda y encender el interruptor para ajustar la presi\u00f3n negativa, lo cual es bastante f\u00e1cil. Este producto es principalmente aplicable al tratamiento de pacientes con dificultad en el esputo voluntario excreci\u00f3n en unidades m\u00e9dicas de todos los niveles. <\/strong><\/p>\n<p><strong>\u00a0<\/strong><strong>Caracter\u00edstica f\u00edsica<\/strong><\/p>\n<ul>\n<li>El aspirador de esputo juega un papel importante en el tratamiento de enfermedades respiratorias.<\/li>\n<li>El aspirador de esputo port\u00e1til es de gran importancia en unidades m\u00e9dicas de todos los niveles para pacientes con<\/li>\n<li>dificultad en el esputo voluntario<\/li>\n<li>Dimensi\u00f3n: 280 mm \u00d7 180 mm X175 mm<\/li>\n<li>Peso: 3,0 kg<\/li>\n<\/ul>\n","protected":false},"featured_media":5609,"comment_status":"open","ping_status":"closed","template":"","meta":{"_acf_changed":false},"product_brand":[1100],"product_cat":[15],"product_tag":[470,469,459],"class_list":{"0":"post-5606","1":"product","2":"type-product","3":"status-publish","4":"has-post-thumbnail","6":"product_brand-contec","7":"product_cat-medicion-y-diagnostico","8":"product_tag-bomba-aspiracion","9":"product_tag-bomba-de-aspiracion-sa100-contec","10":"product_tag-contec","11":"product_shipping_class-pequeno","13":"first","14":"outofstock","15":"shipping-taxable","16":"purchasable","17":"product-type-simple"},"acf":[],"_links":{"self":[{"href":"https:\/\/deltamed.cl\/tienda\/wp-json\/wp\/v2\/product\/5606","targetHints":{"allow":["GET"]}}],"collection":[{"href":"https:\/\/deltamed.cl\/tienda\/wp-json\/wp\/v2\/product"}],"about":[{"href":"https:\/\/deltamed.cl\/tienda\/wp-json\/wp\/v2\/types\/product"}],"replies":[{"embeddable":true,"href":"https:\/\/deltamed.cl\/tienda\/wp-json\/wp\/v2\/comments?post=5606"}],"version-history":[{"count":1,"href":"https:\/\/deltamed.cl\/tienda\/wp-json\/wp\/v2\/product\/5606\/revisions"}],"predecessor-version":[{"id":8422,"href":"https:\/\/deltamed.cl\/tienda\/wp-json\/wp\/v2\/product\/5606\/revisions\/8422"}],"wp:featuredmedia":[{"embeddable":true,"href":"https:\/\/deltamed.cl\/tienda\/wp-json\/wp\/v2\/media\/5609"}],"wp:attachment":[{"href":"https:\/\/deltamed.cl\/tienda\/wp-json\/wp\/v2\/media?parent=5606"}],"wp:term":[{"taxonomy":"product_brand","embeddable":true,"href":"https:\/\/deltamed.cl\/tienda\/wp-json\/wp\/v2\/product_brand?post=5606"},{"taxonomy":"product_cat","embeddable":true,"href":"https:\/\/deltamed.cl\/tienda\/wp-json\/wp\/v2\/product_cat?post=5606"},{"taxonomy":"product_tag","embeddable":true,"href":"https:\/\/deltamed.cl\/tienda\/wp-json\/wp\/v2\/product_tag?post=5606"}],"curies":[{"name":"wp","href":"https:\/\/api.w.org\/{rel}","templated":true}]}}