{"id":55871,"date":"2026-04-28T20:15:30","date_gmt":"2026-04-28T20:15:30","guid":{"rendered":"https:\/\/dev.deltamed.cl\/?post_type=product&#038;p=55871"},"modified":"2026-05-07T14:02:40","modified_gmt":"2026-05-07T14:02:40","slug":"silla-de-ruedas-neurologica-juditta","status":"publish","type":"product","link":"https:\/\/deltamed.cl\/tienda\/tienda\/producto\/silla-de-ruedas-neurologica-juditta\/","title":{"rendered":"Silla de ruedas neurol\u00f3gica Juditta"},"content":{"rendered":"<p>Silla De Ruedas Neurol\u00f3gica Juditta<\/p>\n<p style=\"text-align: left;\">Esta silla es la alternativa a la cama; Est\u00e1 indicada para adultos y personas mayores que precisan estancias prolongadas o permanentes en la cama. Este sistema para estar sentados est\u00e1 recomendado a personas con cualquier tipo de discapacidad, incluso para los casos m\u00e1s severos.<\/p>\n<p style=\"text-align: left;\">Permite adoptar una posici\u00f3n c\u00f3moda, proporciona estabilidad y previene malas posturas. Sillas homologadas para ser transportadas en un veh\u00edculo. Respaldo ergon\u00f3mico que se adapta a las formas del usuario.<\/p>\n<p style=\"text-align: left;\">La singular forma del respaldo alinea bien el tronco y no genera ninguna presi\u00f3n sobre la columna vertebral. Tambi\u00e9n proporciona un alto grado de estabilidad sin la necesidad de soportes laterales. Al acomodarse a las formas del usuario, previene contracturas y deformidades.<\/p>\n<p>Caracter\u00edsticas:<\/p>\n<ul>\n<li>Reposacabeza anti bacterias<\/li>\n<li>Tapizado con tejidos italianos de alta calidad<\/li>\n<li>Respaldo ergon\u00f3mico que se adapta a las formas del usuario<\/li>\n<li>Respaldo de altura regulable<\/li>\n<li>Facilita las transferencias<\/li>\n<li>Se adapta seg\u00fan las necesidades del paciente<\/li>\n<li>Validaci\u00f3n cl\u00ednica<\/li>\n<li>\u00d3ptimo reparto de las presiones<\/li>\n<\/ul>\n<p>&nbsp;<\/p>\n","protected":false},"excerpt":{"rendered":"<p>Silla De Ruedas Neurol\u00f3gica Juditta<\/p>\n<p style=\"text-align: left;\">Esta silla es la alternativa a la cama; Est\u00e1 indicada para adultos y personas mayores que precisan estancias prolongadas o permanentes en la cama. Este sistema para estar sentados est\u00e1 recomendado a personas con cualquier tipo de discapacidad, incluso para los casos m\u00e1s severos.<\/p>\n","protected":false},"featured_media":12140,"comment_status":"open","ping_status":"closed","template":"","meta":{"_acf_changed":false},"product_brand":[6071],"product_cat":[6643,6706,6644,6419],"product_tag":[5297,5339,6070,5596],"class_list":{"0":"post-55871","1":"product","2":"type-product","3":"status-publish","4":"has-post-thumbnail","6":"product_brand-ormesa","7":"product_cat-neurologica-silla-de-ruedas","8":"product_cat-ofertas","9":"product_cat-silla-neurologica-silla-de-ruedas","10":"product_cat-silla-de-ruedas","11":"product_tag-baston","12":"product_tag-burrito","13":"product_tag-lifante","14":"product_tag-silla-de-ruedas","15":"product_shipping_class-grande","16":"pa_ancho-de-asiento-22-cm","17":"pa_ancho-de-asiento-25-cm","18":"pa_ancho-de-asiento-26-cm","19":"pa_ancho-de-asiento-28-cm","20":"pa_ancho-de-asiento-30-cm","21":"pa_ancho-de-asiento-32-cm","22":"pa_ancho-de-asiento-33-cm","23":"pa_ancho-de-asiento-35-cm","24":"pa_ancho-de-asiento-36-cm","25":"pa_ancho-de-asiento-38-cm","26":"pa_ancho-de-asiento-40-cm","27":"pa_ancho-de-asiento-41-cm","28":"pa_ancho-de-asiento-42-cm","29":"pa_ancho-de-asiento-43-cm","30":"pa_ancho-de-asiento-44-cm","31":"pa_ancho-de-asiento-1627","32":"pa_ancho-de-asiento-45-cm","33":"pa_ancho-de-asiento-46-cm","34":"pa_ancho-de-asiento-48-cm","35":"pa_ancho-de-asiento-50-cm","36":"pa_ancho-de-asiento-51-cm","37":"pa_ancho-de-asiento-53-cm","38":"pa_ancho-de-asiento-55-cm","39":"pa_ancho-de-asiento-58-cm","40":"pa_ancho-de-asiento-60-cm","41":"pa_marca-sillas-de-rueda-ormesa","42":"pa_ruedas-ruedas-traseras-grandes","43":"pa_ruedas-ruedas-traseras-pequenas","45":"first","46":"instock","47":"sale","48":"taxable","49":"shipping-taxable","50":"purchasable","51":"product-type-variable"},"acf":[],"_links":{"self":[{"href":"https:\/\/deltamed.cl\/tienda\/wp-json\/wp\/v2\/product\/55871","targetHints":{"allow":["GET"]}}],"collection":[{"href":"https:\/\/deltamed.cl\/tienda\/wp-json\/wp\/v2\/product"}],"about":[{"href":"https:\/\/deltamed.cl\/tienda\/wp-json\/wp\/v2\/types\/product"}],"replies":[{"embeddable":true,"href":"https:\/\/deltamed.cl\/tienda\/wp-json\/wp\/v2\/comments?post=55871"}],"wp:featuredmedia":[{"embeddable":true,"href":"https:\/\/deltamed.cl\/tienda\/wp-json\/wp\/v2\/media\/12140"}],"wp:attachment":[{"href":"https:\/\/deltamed.cl\/tienda\/wp-json\/wp\/v2\/media?parent=55871"}],"wp:term":[{"taxonomy":"product_brand","embeddable":true,"href":"https:\/\/deltamed.cl\/tienda\/wp-json\/wp\/v2\/product_brand?post=55871"},{"taxonomy":"product_cat","embeddable":true,"href":"https:\/\/deltamed.cl\/tienda\/wp-json\/wp\/v2\/product_cat?post=55871"},{"taxonomy":"product_tag","embeddable":true,"href":"https:\/\/deltamed.cl\/tienda\/wp-json\/wp\/v2\/product_tag?post=55871"}],"curies":[{"name":"wp","href":"https:\/\/api.w.org\/{rel}","templated":true}]}}