{"id":55870,"date":"2026-04-28T20:15:30","date_gmt":"2026-04-28T20:15:30","guid":{"rendered":"https:\/\/dev.deltamed.cl\/?post_type=product&#038;p=55870"},"modified":"2026-04-30T19:19:15","modified_gmt":"2026-04-30T19:19:15","slug":"silla-de-ruedas-althea","status":"publish","type":"product","link":"https:\/\/deltamed.cl\/tienda\/tienda\/producto\/silla-de-ruedas-althea\/","title":{"rendered":"Silla de ruedas Althea"},"content":{"rendered":"<p style=\"text-align: left;\">Silla de ruedas Althea\u00a0 semi activa es vers\u00e1til, favorece un m\u00ednimo esfuerzo para la maniobrabilidad, con freno a presi\u00f3n<\/p>\n<p>que permite mayor independencia para las actividades cotidianas, elegante y liviana.<\/p>\n<ul>\n<li>Alta resistencia<\/li>\n<li>Elaborada en Duro Aluminio recubierto.<\/li>\n<li>Modelo de chasis plegable, con ejes desmontables, con sistema de crucetas.<\/li>\n<li>Apoya brazos abatibles y reclinables. O permite posibilidad de guardafangos (a elecci\u00f3n).<\/li>\n<li>Apoya pies abatibles, ajustables en altura y desmontables.<\/li>\n<li>Apoya pies de 1 o 2 hojas, ajustables en \u00e1ngulo.<\/li>\n<li>Pierneras fijas.<\/li>\n<li>Ruedas delanteras de 6 \u0301 \u0301 macizas y traseras de 24\u201d inflables.<\/li>\n<li>Silla totalmente configurable a los requisitos de cada usuario<\/li>\n<li>Apoyapi\u00e9s con medio de fijaci\u00f3n que impide que los pies se deslicen hacia atr\u00e1s.<\/li>\n<li>\u00a0Frenos tipo palanca bilaterales ajustables en la horizontal.<\/li>\n<li>Tapiz del asiento y respaldo acolchado en tela de nylon.<\/li>\n<li>Aro de propulsi\u00f3n separado de la llanta.<\/li>\n<li>Eje trasero desmontable con sistema \u201cquick rel\u00e9ase\u201d (desmontable r\u00e1pido)<\/li>\n<li>Posibilidad de regular el \u00e1ngulo de las ruedas traseras (camber) de al menos 0\u00b0 a 3\u00b0,<\/li>\n<li>Envase individual.<\/li>\n<li>Peso m\u00e1ximo del usuario sobre 130KG.<\/li>\n<li>Peso promedio de la silla 13.5 KG<\/li>\n<li>Servicio t\u00e9cnico autorizado a nivel nacional.<\/li>\n<li>Manual en espa\u00f1ol.<\/li>\n<li>Garant\u00eda Deltamed (revise la pol\u00edtica de garant\u00eda).<\/li>\n<\/ul>\n<p>VENTAJAS TERAPEUTICAS<\/p>\n<p>\u2022 Facilita la movilidad independiente del usuario, gracias al material de confecci\u00f3n y a los ajustes de<\/p>\n<p>precisi\u00f3n en el asiento, respaldo y chasis.<\/p>\n<p>\u2022 F\u00e1cil manejo y peso reducido, facilita el uso cotidiano.<\/p>\n<p>\u2022 Uso en muchas patol\u00f3gicas, desde enfermedades neurol\u00f3gicas, reum\u00e1ticas, geri\u00e1tricas o pedi\u00e1tricas.<\/p>\n<p>*IMAGEN REFERENCIAL<\/p>\n","protected":false},"excerpt":{"rendered":"<p style=\"text-align: left;\">Silla de ruedas Althea\u00a0 semi activa es vers\u00e1til, favorece un m\u00ednimo esfuerzo para la maniobrabilidad, con freno a presi\u00f3n<\/p>\n<p>que permite mayor independencia para las actividades cotidianas, elegante y liviana.<\/p>\n<p>Semi activa: Silla con un peso aproximado entre 10 y 14kg para uso funcional de usuario semi independiente.<\/p>\n<p>&nbsp;<\/p>\n<ul>\n<li>Alta resistencia<\/li>\n<li>Elaborada en Duro Aluminio recubierto.<\/li>\n<li>Modelo de chasis plegable, con ejes desmontables, con sistema de crucetas.<\/li>\n<li>Apoya brazos abatibles y reclinables. O permite posibilidad de guardafangos (a elecci\u00f3n).<\/li>\n<\/ul>\n<ul>\n<li>Marca OFFCARD<\/li>\n<li>Modelo Althea<\/li>\n<li>Fabricaci\u00f3n Italiana<\/li>\n<\/ul>\n<p>*IMAGEN REFERENCIAL<\/p>\n","protected":false},"featured_media":12137,"comment_status":"open","ping_status":"closed","template":"","meta":{"_acf_changed":false},"product_brand":[6067],"product_cat":[6420,6642,6419],"product_tag":[6070,5449],"class_list":{"0":"post-55870","1":"product","2":"type-product","3":"status-publish","4":"has-post-thumbnail","6":"product_brand-offcar","7":"product_cat-manual","8":"product_cat-semiactiva","9":"product_cat-silla-de-ruedas","10":"product_tag-lifante","11":"product_tag-silla-de-rueda-manual","12":"product_shipping_class-grande","13":"pa_ancho-de-asiento-32-cm","14":"pa_ancho-de-asiento-36-cm","15":"pa_ancho-de-asiento-38-cm","16":"pa_ancho-de-asiento-40-cm","17":"pa_ancho-de-asiento-42-cm","18":"pa_ancho-de-asiento-44-cm","19":"pa_ancho-de-asiento-46-cm","20":"pa_ancho-de-asiento-48-cm","21":"pa_ancho-de-asiento-50-cm","22":"pa_marca-sillas-de-rueda-off-carr","23":"pa_silla-de-ruedas-activas","25":"first","26":"instock","27":"sale","28":"taxable","29":"shipping-taxable","30":"purchasable","31":"product-type-variable"},"acf":[],"_links":{"self":[{"href":"https:\/\/deltamed.cl\/tienda\/wp-json\/wp\/v2\/product\/55870","targetHints":{"allow":["GET"]}}],"collection":[{"href":"https:\/\/deltamed.cl\/tienda\/wp-json\/wp\/v2\/product"}],"about":[{"href":"https:\/\/deltamed.cl\/tienda\/wp-json\/wp\/v2\/types\/product"}],"replies":[{"embeddable":true,"href":"https:\/\/deltamed.cl\/tienda\/wp-json\/wp\/v2\/comments?post=55870"}],"wp:featuredmedia":[{"embeddable":true,"href":"https:\/\/deltamed.cl\/tienda\/wp-json\/wp\/v2\/media\/12137"}],"wp:attachment":[{"href":"https:\/\/deltamed.cl\/tienda\/wp-json\/wp\/v2\/media?parent=55870"}],"wp:term":[{"taxonomy":"product_brand","embeddable":true,"href":"https:\/\/deltamed.cl\/tienda\/wp-json\/wp\/v2\/product_brand?post=55870"},{"taxonomy":"product_cat","embeddable":true,"href":"https:\/\/deltamed.cl\/tienda\/wp-json\/wp\/v2\/product_cat?post=55870"},{"taxonomy":"product_tag","embeddable":true,"href":"https:\/\/deltamed.cl\/tienda\/wp-json\/wp\/v2\/product_tag?post=55870"}],"curies":[{"name":"wp","href":"https:\/\/api.w.org\/{rel}","templated":true}]}}