{"id":5574,"date":"2023-05-24T19:53:24","date_gmt":"2023-05-24T22:53:24","guid":{"rendered":"https:\/\/deltamed.cl\/tienda\/?post_type=product&#038;p=5574"},"modified":"2026-02-27T07:16:27","modified_gmt":"2026-02-27T10:16:27","slug":"mini-nebulizador-portatil-nem01-contec","status":"publish","type":"product","link":"https:\/\/deltamed.cl\/tienda\/producto\/mini-nebulizador-portatil-nem01-contec\/","title":{"rendered":"Mini nebulizador port\u00e1til nem01 Contec"},"content":{"rendered":"<p><iframe title=\"Mini Nebulizador portatil NE-M01 Contec - Deltamed\" width=\"500\" height=\"281\" src=\"https:\/\/www.youtube.com\/embed\/yZLw_s8t1Hs?feature=oembed\" frameborder=\"0\" allow=\"accelerometer; autoplay; clipboard-write; encrypted-media; gyroscope; picture-in-picture; web-share\" referrerpolicy=\"strict-origin-when-cross-origin\" allowfullscreen><\/iframe><\/p>\n<p>Mini nebulizador ultras\u00f3nico port\u00e1til para uso dom\u00e9stico y hospitalario. Est\u00e1 equipado con m\u00e1scara infantil para adultos y boquilla de succi\u00f3n universal para satisfacer diferentes necesidades. El nebulizador de malla forma un efecto de nebulizaci\u00f3n mediante las siguientes acciones, la vibraci\u00f3n de alta frecuencia de la pieza de cer\u00e1mica piezoel\u00e9ctrica conduce a la deformaci\u00f3n de la microplaca, de modo que el l\u00edquido en el contacto con la microplaca se atomiza. El dispositivo es aplicable para su uso en hospitales, cl\u00ednicas y familia.<\/p>\n<p><strong>Caracter\u00edsticas: <\/strong><\/p>\n<p>1) Peque\u00f1o en volumen, ligero en peso, f\u00e1cil de operar, seguro y silencioso en su uso.<\/p>\n<p>2) Bajo consumo de energ\u00eda (dos bater\u00edas).<\/p>\n<p>3) \u00a0Tama\u00f1o de part\u00edcula peque\u00f1o (alrededor de 5 \u03bcm), f\u00e1cil de absorber.<\/p>\n<p>4) Apagado autom\u00e1tico cuando no hay l\u00edquido.<\/p>\n<p><strong>Funciones<\/strong><\/p>\n<p>1) Operaci\u00f3n con un solo bot\u00f3n.<\/p>\n<p>2) Indicaci\u00f3n de potencia.<\/p>\n<p>3) Detecci\u00f3n de bater\u00eda baja.<\/p>\n<p>4) Apagado autom\u00e1tico cuando no hay l\u00edquido.<\/p>\n<p><strong>Actuaci\u00f3n<\/strong><\/p>\n<p>Distribuci\u00f3n de part\u00edculas: la proporci\u00f3n de part\u00edculas de di\u00e1metro inferior a 5 \u03bcm no es inferior al 90 %<\/p>\n<p>Velocidad de nebulizaci\u00f3n: \u22650,25 ml\/min<\/p>\n<p>Frecuencia de trabajo: 110KHz\u00b110%<\/p>\n<p>Modo de trabajo: trabajo continuo<\/p>\n<p>Fuente de alimentaci\u00f3n: dos bater\u00edas \u00abAA\u00bb o adaptador de corriente (DC 5V)<\/p>\n<p>Clasificaci\u00f3n de seguridad: clase \u2161, pieza aplicada tipo BF<\/p>\n<p><strong>La caja contiene:<\/strong><\/p>\n<p>un manual de usuario &#8211; una l\u00ednea de conexi\u00f3n para el adaptador \u2013<\/p>\n<p>Una m\u00e1scara de adulto &#8211; una m\u00e1scara de ni\u00f1o<\/p>\n<p>Dimensi\u00f3n: 67,42 mm (L) \u00d7 48,53 mm (W) \u00d7 116,92 mm (H)<\/p>\n","protected":false},"excerpt":{"rendered":"<p>Mini nebulizador ultras\u00f3nico port\u00e1til para uso dom\u00e9stico y hospitalario. Est\u00e1 equipado con m\u00e1scara infantil para adultos y boquilla de succi\u00f3n universal para satisfacer diferentes necesidades. El nebulizador de malla forma un efecto de nebulizaci\u00f3n mediante las siguientes acciones, la vibraci\u00f3n de alta frecuencia de la pieza de cer\u00e1mica piezoel\u00e9ctrica conduce a la deformaci\u00f3n de la microplaca, de modo que el l\u00edquido en el contacto con la microplaca se atomiza. El dispositivo es aplicable para su uso en hospitales, cl\u00ednicas y familia.<\/p>\n<p><strong>Caracter\u00edsticas: <\/strong><\/p>\n<p>1) Peque\u00f1o en volumen, ligero en peso, f\u00e1cil de operar, seguro y silencioso en su uso.<\/p>\n<p>2) Bajo consumo de energ\u00eda (dos bater\u00edas).<\/p>\n<p>3) \u00a0Tama\u00f1o de part\u00edcula peque\u00f1o (alrededor de 5 \u03bcm), f\u00e1cil de absorber.<\/p>\n<p>4) Apagado autom\u00e1tico cuando no hay l\u00edquido.<\/p>\n<p>&nbsp;<\/p>\n<p>&nbsp;<\/p>\n","protected":false},"featured_media":9493,"comment_status":"open","ping_status":"closed","template":"","meta":{"_acf_changed":false},"product_brand":[1100],"product_cat":[458],"product_tag":[24,459,139,25],"class_list":{"0":"post-5574","1":"product","2":"type-product","3":"status-publish","4":"has-post-thumbnail","6":"product_brand-contec","7":"product_cat-nebulizadores","8":"product_tag-adulto-mayor","9":"product_tag-contec","10":"product_tag-nebulizador","11":"product_tag-portatil","12":"product_shipping_class-pequeno","14":"first","15":"outofstock","16":"shipping-taxable","17":"purchasable","18":"product-type-simple"},"acf":[],"_links":{"self":[{"href":"https:\/\/deltamed.cl\/tienda\/wp-json\/wp\/v2\/product\/5574","targetHints":{"allow":["GET"]}}],"collection":[{"href":"https:\/\/deltamed.cl\/tienda\/wp-json\/wp\/v2\/product"}],"about":[{"href":"https:\/\/deltamed.cl\/tienda\/wp-json\/wp\/v2\/types\/product"}],"replies":[{"embeddable":true,"href":"https:\/\/deltamed.cl\/tienda\/wp-json\/wp\/v2\/comments?post=5574"}],"version-history":[{"count":2,"href":"https:\/\/deltamed.cl\/tienda\/wp-json\/wp\/v2\/product\/5574\/revisions"}],"predecessor-version":[{"id":9495,"href":"https:\/\/deltamed.cl\/tienda\/wp-json\/wp\/v2\/product\/5574\/revisions\/9495"}],"wp:featuredmedia":[{"embeddable":true,"href":"https:\/\/deltamed.cl\/tienda\/wp-json\/wp\/v2\/media\/9493"}],"wp:attachment":[{"href":"https:\/\/deltamed.cl\/tienda\/wp-json\/wp\/v2\/media?parent=5574"}],"wp:term":[{"taxonomy":"product_brand","embeddable":true,"href":"https:\/\/deltamed.cl\/tienda\/wp-json\/wp\/v2\/product_brand?post=5574"},{"taxonomy":"product_cat","embeddable":true,"href":"https:\/\/deltamed.cl\/tienda\/wp-json\/wp\/v2\/product_cat?post=5574"},{"taxonomy":"product_tag","embeddable":true,"href":"https:\/\/deltamed.cl\/tienda\/wp-json\/wp\/v2\/product_tag?post=5574"}],"curies":[{"name":"wp","href":"https:\/\/api.w.org\/{rel}","templated":true}]}}