{"id":55622,"date":"2026-04-28T20:09:54","date_gmt":"2026-04-28T20:09:54","guid":{"rendered":"https:\/\/dev.deltamed.cl\/?post_type=product&#038;p=55622"},"modified":"2026-05-07T18:04:43","modified_gmt":"2026-05-07T18:04:43","slug":"toma-presion-digital-de-brazo-omron-m3-hem-7154-e","status":"publish","type":"product","link":"https:\/\/deltamed.cl\/tienda\/tienda\/producto\/toma-presion-digital-de-brazo-omron-m3-hem-7154-e\/","title":{"rendered":"Toma presi\u00f3n digital de brazo Omron M3 HEM-7154-E"},"content":{"rendered":"<p>Toma presi\u00f3n digital de brazo Omron M3 (HEM-7154-E)<\/p>\n<p>El Monitor de Arterial autom\u00e1tico Toma presi\u00f3n de brazo Omron M3 hem-7154-e es muy f\u00e1cil de usar y confiable. La gu\u00eda de ajuste del brazalete indica si el brazalete est\u00e1 ajustado correctamente. Adicionalmente, es compatible con la App de OMRON connect para almacenar los datos de mediciones en su Smartphone y compartir los datos con su m\u00e9dico o con miembros de la familia.<\/p>\n<p><strong>Especificaciones t\u00e9cnicas:<\/strong><\/p>\n<p>Modelo: M3 (HEM-7154-E)<\/p>\n<p>Pantalla: Pantalla digital LCD<\/p>\n<p>Rango de medici\u00f3n: Presi\u00f3n: 0 a 299 mmHg,<\/p>\n<p>Pulso: 40 a 180 latidos\/min.<\/p>\n<p>Precisi\u00f3n: Presi\u00f3n: \u00b13mmHg,<\/p>\n<p>Pulso: \u00b15% de la lectura mostrada<\/p>\n<p>Inflado: Autom\u00e1tico por bomba el\u00e9ctrica<\/p>\n<p>Desinflado: V\u00e1lvula de liberaci\u00f3n<\/p>\n<p>autom\u00e1tica de presi\u00f3n<\/p>\n<p>M\u00e9todo de medici\u00f3n: M\u00e9todo oscilom\u00e9trico<\/p>\n<p>Clasificaci\u00f3n IP: IP 20<\/p>\n<p>Fuente de alimentaci\u00f3n: 4 pilas \u201cAA\u201d de 1.5 V<\/p>\n<p>Vida \u00fatil de las pilas: Aproximadamente<\/p>\n<p>1000 mediciones (con pilas alcalinas nuevas)<\/p>\n<p>Pieza aplicada: Tipo BF<\/p>\n<p>Protecci\u00f3n contra descargas el\u00e9ctrica:<\/p>\n<p>Equipo electrom\u00e9dico (ME) de alimentaci\u00f3n<\/p>\n<p>interna (si usa solo pilas)<\/p>\n<p>Modo de funcionamiento: Funcionamiento continuo<\/p>\n<p>Temperatura de operaci\u00f3n\/humedad: +10 \u00b0C a +40 \u00b0C \/ 15 a 90 % de HR (sin condensaci\u00f3n) \/ 800 a 1060 hPa<\/p>\n<p>Temperatura de almacenamiento\/Humedad\/Presi\u00f3n de aire: -20 \u00b0C a +60 \u00b0C \/10 a 90 % de HR (sin condensaci\u00f3n)<\/p>\n<p>Peso de la unidad principal: Aproximadamente 310 g (sin pilas incluidas)<\/p>\n<p>Peso del brazalete: Aproximadamente 170 g<\/p>\n<p>Dimensiones de la unidad principal: Aproximadamente 105 mm (ancho) \u00d7 87 mm (alto) \u00d7 153 mm (largo)<\/p>\n<p>Dimensiones del brazalete: Aproximadamente 145 mm \u00d7 594 mm (tubo de aire: 750 mm)<\/p>\n<p>Circunferencia del brazalete: 22 a 42 cm<\/p>\n<p>Memoria: 60 lecturas por usuarios (2 usuarios)<\/p>\n<p><strong>Contenido:<\/strong><\/p>\n<p>1 Monitor<\/p>\n<p>1 Brazalete de brazo<\/p>\n<p>4 Pilas \u201cAA\u201d<\/p>\n<p>1 Estuche<\/p>\n<p>manual de instrucciones<\/p>\n<p>&nbsp;<\/p>\n<p><img fetchpriority=\"high\" decoding=\"async\" class=\"size-medium wp-image-7933\" src=\"https:\/\/deltamed.cl\/tienda\/wp-content\/uploads\/2024\/02\/Toma-presion-de-brazo-Omron-M3-hem-7154-e-300x300.jpg\" alt=\"Toma presi\u00f3n de brazo Omron M3 hem-7154-e\" width=\"300\" height=\"300\" \/><\/p>\n","protected":false},"excerpt":{"rendered":"<p>Toma presi\u00f3n digital de brazo Omron M3 (HEM-7154-E)<\/p>\n<p>El Monitor de Arterial autom\u00e1tico Toma presi\u00f3n de brazo Omron M3 hem-7154-e es muy f\u00e1cil de usar y confiable. La gu\u00eda de ajuste del brazalete indica si el brazalete est\u00e1 ajustado correctamente. Adicionalmente, es compatible con la App de OMRON connect para almacenar los datos de mediciones en su Smartphone y compartir los datos con su m\u00e9dico o con miembros de la familia.<\/p>\n<p>GU\u00cdA DE AJUSTE DEL BRAZALETE: El monitor alerta al usuario cuando el brazalete no est\u00e1 colocado correctamente.<\/p>\n<p>DETECTOR DE ERROR DE MOVIMIENTO: El monitor avisa cuando se produce un error en la lectura debido a un movimiento excesivo del usuario.<\/p>\n<p>DETECTOR DE LATIDO IRREGULAR: El monitor alerta al usuario, la presencia de latidos irregulares potencialmente peligros. Tambi\u00e9n avisa la cantidad de latidos irregulares mientras mide la presi\u00f3n arterial.<\/p>\n<p>VALOR PROMEDIO DE LECTURAS PREVIAS: El monitor calcula y muestra el promedio de las tres mediciones m\u00e1s recientes.<\/p>\n<p>60 MEMORIAS POR USUARIO FECHA Y HORA: El monitor almacena hasta 60 mediciones para cada usuario (2 usuarios).<\/p>\n<p>COMPATIBILIDAD CON LA APP OMRON CONNECT: La aplicaci\u00f3n te permite almacenar los datos de tus lecturas en tu smartphone y compartirlos con su m\u00e9dico o con sus familiares.<\/p>\n","protected":false},"featured_media":19002,"comment_status":"open","ping_status":"closed","template":"","meta":{"_acf_changed":false},"product_brand":[5455],"product_cat":[6384,6416],"product_tag":[6684,6685],"class_list":{"0":"post-55622","1":"product","2":"type-product","3":"status-publish","4":"has-post-thumbnail","6":"product_brand-omron","7":"product_cat-medicion-y-diagnostico","8":"product_cat-toma-presion","9":"product_tag-hipertension","10":"product_tag-presion-arterial","11":"product_shipping_class-pequeno","13":"first","14":"instock","15":"taxable","16":"shipping-taxable","17":"purchasable","18":"product-type-simple"},"acf":[],"_links":{"self":[{"href":"https:\/\/deltamed.cl\/tienda\/wp-json\/wp\/v2\/product\/55622","targetHints":{"allow":["GET"]}}],"collection":[{"href":"https:\/\/deltamed.cl\/tienda\/wp-json\/wp\/v2\/product"}],"about":[{"href":"https:\/\/deltamed.cl\/tienda\/wp-json\/wp\/v2\/types\/product"}],"replies":[{"embeddable":true,"href":"https:\/\/deltamed.cl\/tienda\/wp-json\/wp\/v2\/comments?post=55622"}],"wp:featuredmedia":[{"embeddable":true,"href":"https:\/\/deltamed.cl\/tienda\/wp-json\/wp\/v2\/media\/19002"}],"wp:attachment":[{"href":"https:\/\/deltamed.cl\/tienda\/wp-json\/wp\/v2\/media?parent=55622"}],"wp:term":[{"taxonomy":"product_brand","embeddable":true,"href":"https:\/\/deltamed.cl\/tienda\/wp-json\/wp\/v2\/product_brand?post=55622"},{"taxonomy":"product_cat","embeddable":true,"href":"https:\/\/deltamed.cl\/tienda\/wp-json\/wp\/v2\/product_cat?post=55622"},{"taxonomy":"product_tag","embeddable":true,"href":"https:\/\/deltamed.cl\/tienda\/wp-json\/wp\/v2\/product_tag?post=55622"}],"curies":[{"name":"wp","href":"https:\/\/api.w.org\/{rel}","templated":true}]}}