{"id":55565,"date":"2026-04-28T20:09:22","date_gmt":"2026-04-28T20:09:22","guid":{"rendered":"https:\/\/dev.deltamed.cl\/?post_type=product&#038;p=55565"},"modified":"2026-05-05T20:03:49","modified_gmt":"2026-05-05T20:03:49","slug":"baston-inteligente-multifuncional-twa001","status":"publish","type":"product","link":"https:\/\/deltamed.cl\/tienda\/tienda\/producto\/baston-inteligente-multifuncional-twa001\/","title":{"rendered":"Bast\u00f3n inteligente multifuncional Twa001"},"content":{"rendered":"<p><strong>Bast\u00f3n especialmente dise\u00f1ado para las personas con movilidad reducida, ligero,<\/strong><\/p>\n<p><strong>duradero y antideslizante. Mejora el equilibrio y estabilidad durante la marcha,<\/strong><\/p>\n<p><strong>disminuyendo con ello el riesgo de ca\u00eddas. Disminuci\u00f3n de la fatiga durante la <\/strong><\/p>\n<p><strong>marcha.<\/strong><\/p>\n<p><strong>\u00a0<\/strong><strong>Contiene:<\/strong><\/p>\n<ul>\n<li>Alarma con sensor de ca\u00edda, para solicitar ayuda emergencia.<\/li>\n<li>Radio FM y la funci\u00f3n MP3 con memoria 4G externa opcional.<\/li>\n<li>Iluminaci\u00f3n led para mejorar visibilidad del camino<\/li>\n<li>Luz de advertencia roja para SOS<\/li>\n<\/ul>\n<p><strong>Caracter\u00edsticas: <\/strong><\/p>\n<ol>\n<li>Dise\u00f1o de mango ergon\u00f3mico, f\u00e1cil de agarrar, c\u00f3modo de sostener.<\/li>\n<li>Iluminaci\u00f3n L-ED, brillante y energ\u00e9ticamente eficiente, larga vida \u00fatil.<\/li>\n<li>Alarma autom\u00e1tica en caso de ca\u00eddas, sonido de 100 dB.<\/li>\n<li>Funci\u00f3n de radio sonido fuerte y bajo ruido.<\/li>\n<li>MP3, se puede colocar tarjeta de memoria 4G opcional (Tarjeta no incluida)<\/li>\n<li>Pila de litio recargable incorporada, uso c\u00f3modo.<\/li>\n<li>Varilla telesc\u00f3pica para ajustar su altura adecuada y c\u00f3moda, 10 engranajes ajustables.<\/li>\n<li>Dispositivo inteligente de bloqueo autom\u00e1tico, seguro de usar.<\/li>\n<li>Fabricado en aleaci\u00f3n de aluminio, ligero y duradero.<\/li>\n<li>Base intercambiable con dos funciones de Apoyo: base de 4 patas con regatones y regat\u00f3n individual.<\/li>\n<\/ol>\n<p><strong>Especificaciones:<\/strong><\/p>\n<ul>\n<li>Color: negro<\/li>\n<li>Iluminaci\u00f3n continua: &gt; 12h<\/li>\n<li>Tiempo de Carga: 2h<\/li>\n<li>MP3\/FM: &gt; 100 dB (carga completa, soporte&gt; 4 horas de reproducci\u00f3n)<\/li>\n<li>Celda: c\u00e9lula de pol\u00edmero de litio, 3.3V 500mA (Incluye)<\/li>\n<li>Longitud del art\u00edculo: 640-970 mm.<\/li>\n<li>Peso del art\u00edculo: 800 g. Peso del paquete: 1050 g.<\/li>\n<li>Tama\u00f1o del paquete: 600 x 180 x 100 mm.<\/li>\n<li>La caja incluye un bast\u00f3n, base de 4 patas con regatones y regat\u00f3n individual para intercambiar seg\u00fan preferencia del usuario, con dos funciones de apoyo.<\/li>\n<li>Cable USB para cargar las bater\u00edas internas<\/li>\n<\/ul>\n","protected":false},"excerpt":{"rendered":"<p><strong>Bast\u00f3n especialmente dise\u00f1ado para las personas con movilidad reducida, ligero,<\/strong><\/p>\n<p><strong>duradero y antideslizante. Mejora el equilibrio y estabilidad durante la marcha,<\/strong><\/p>\n<p><strong>disminuyendo con ello el riesgo de ca\u00eddas. Disminuci\u00f3n de la fatiga durante la <\/strong><\/p>\n<p><strong>marcha.<\/strong><\/p>\n<p><strong>\u00a0<\/strong><strong>Contiene:<\/strong><\/p>\n<ul>\n<li>Alarma con sensor de ca\u00edda, para solicitar ayuda emergencia.<\/li>\n<li>Radio FM y la funci\u00f3n MP3 con memoria 4G externa opcional.<\/li>\n<li>Iluminaci\u00f3n led para mejorar visibilidad del camino<\/li>\n<li>Luz de advertencia roja para SOS<\/li>\n<\/ul>\n","protected":false},"featured_media":11602,"comment_status":"open","ping_status":"closed","template":"","meta":{"_acf_changed":false},"product_brand":[5281],"product_cat":[6375,6376],"product_tag":[6672,6673,6674],"class_list":{"0":"post-55565","1":"product","2":"type-product","3":"status-publish","4":"has-post-thumbnail","6":"product_brand-deltamed","7":"product_cat-ayudas-tecnicas","8":"product_cat-baston","9":"product_tag-discapacidad","10":"product_tag-invalido","11":"product_tag-minusvalido","12":"product_shipping_class-pequeno","14":"first","15":"instock","16":"taxable","17":"shipping-taxable","18":"purchasable","19":"product-type-simple"},"acf":[],"_links":{"self":[{"href":"https:\/\/deltamed.cl\/tienda\/wp-json\/wp\/v2\/product\/55565","targetHints":{"allow":["GET"]}}],"collection":[{"href":"https:\/\/deltamed.cl\/tienda\/wp-json\/wp\/v2\/product"}],"about":[{"href":"https:\/\/deltamed.cl\/tienda\/wp-json\/wp\/v2\/types\/product"}],"replies":[{"embeddable":true,"href":"https:\/\/deltamed.cl\/tienda\/wp-json\/wp\/v2\/comments?post=55565"}],"wp:featuredmedia":[{"embeddable":true,"href":"https:\/\/deltamed.cl\/tienda\/wp-json\/wp\/v2\/media\/11602"}],"wp:attachment":[{"href":"https:\/\/deltamed.cl\/tienda\/wp-json\/wp\/v2\/media?parent=55565"}],"wp:term":[{"taxonomy":"product_brand","embeddable":true,"href":"https:\/\/deltamed.cl\/tienda\/wp-json\/wp\/v2\/product_brand?post=55565"},{"taxonomy":"product_cat","embeddable":true,"href":"https:\/\/deltamed.cl\/tienda\/wp-json\/wp\/v2\/product_cat?post=55565"},{"taxonomy":"product_tag","embeddable":true,"href":"https:\/\/deltamed.cl\/tienda\/wp-json\/wp\/v2\/product_tag?post=55565"}],"curies":[{"name":"wp","href":"https:\/\/api.w.org\/{rel}","templated":true}]}}