{"id":5548,"date":"2023-05-23T11:31:49","date_gmt":"2023-05-23T14:31:49","guid":{"rendered":"https:\/\/deltamed.cl\/tienda\/?post_type=product&#038;p=5548"},"modified":"2026-04-09T15:18:13","modified_gmt":"2026-04-09T18:18:13","slug":"bateria-silla-de-ruedas-ritar-12v-x-26ah","status":"publish","type":"product","link":"https:\/\/deltamed.cl\/tienda\/producto\/bateria-silla-de-ruedas-ritar-12v-x-26ah\/","title":{"rendered":"Bateria silla de ruedas Ritar 12v X 26ah"},"content":{"rendered":"<p>Bater\u00eda silla de ruedas Ritar 12v X 26ah<\/p>\n<p>La serie RT es una bater\u00eda de uso general con 6 &#8211; 8 a\u00f1os de vida \u00fatil en servicio de flotaci\u00f3n.<\/p>\n<p>Cumple con IEC, JIS, BS, GB\/T y YD\/T est\u00e1ndares.<\/p>\n<p>Con v\u00e1lvula AGM avanzada tecnolog\u00eda regulada y materias primas de alta pureza material.<\/p>\n<p>La bater\u00eda de la serie RT mantiene alta consistencia para un mejor rendimiento y una vida \u00fatil en espera confiable.<\/p>\n<p>Es adecuado para UPS\/EPS, equipos m\u00e9dicos, luz de emergencia y sistema de seguridad aplicaciones.<\/p>\n<p>*****Debe cargar las bater\u00edas antes de usarlas.<\/p>\n<p>C\u00e9lulas por unidad 6<br \/>\nVoltaje por unidad 12<br \/>\nCapacidad nominal 26 Ah a 20 horas a 1,75 V por celda a 25C<br \/>\nPeso aproximado. 7,40 Kg (Tolerancia +-5,0%)<br \/>\nm\u00e1x. Corriente de descarga 260A (5 seg)<br \/>\nResistencia interna Aprox. 12 m<br \/>\nTerminal F13-BP (M5) m\u00e1x.<\/p>\n<p>Corriente de carga 7,8 A<br \/>\nMaterial del contenedor A.B.S. UL94-HB, UL94-V0 Opcional.<\/p>\n<div id=\"attachment_5551\" style=\"width: 245px\" class=\"wp-caption alignnone\"><img fetchpriority=\"high\" decoding=\"async\" aria-describedby=\"caption-attachment-5551\" class=\"size-medium wp-image-5551\" src=\"https:\/\/deltamed.cl\/tienda\/wp-content\/uploads\/2023\/05\/bateria-235x300.webp\" alt=\"Bateria silla de ruedas Ritar 12v X 26ah\" width=\"235\" height=\"300\" title=\"\" srcset=\"https:\/\/deltamed.cl\/tienda\/wp-content\/uploads\/2023\/05\/bateria-235x300.webp 235w, https:\/\/deltamed.cl\/tienda\/wp-content\/uploads\/2023\/05\/bateria.webp 391w\" sizes=\"(max-width: 235px) 100vw, 235px\" \/><p id=\"caption-attachment-5551\" class=\"wp-caption-text\">Bateria silla de ruedas Ritar 12v X 26ah<\/p><\/div>\n","protected":false},"excerpt":{"rendered":"<p>Bater\u00eda silla de ruedas Ritar 12v X 26ah<\/p>\n<p>La serie RT es una bater\u00eda de uso general con 6 &#8211; 8 a\u00f1os de vida \u00fatil en servicio de flotaci\u00f3n.<\/p>\n<p>Cumple con IEC, JIS, BS, GB\/T y YD\/T est\u00e1ndares.<\/p>\n<p>Con v\u00e1lvula AGM avanzada tecnolog\u00eda regulada y materias primas de alta pureza material.<\/p>\n<p>&nbsp;<\/p>\n","protected":false},"featured_media":5551,"comment_status":"open","ping_status":"closed","template":"","meta":{"_acf_changed":false},"product_brand":[1105],"product_cat":[23,511],"product_tag":[486],"class_list":{"0":"post-5548","1":"product","2":"type-product","3":"status-publish","4":"has-post-thumbnail","6":"product_brand-ritar","7":"product_cat-ayudas-tecnicas-de-bano","8":"product_cat-bateria","9":"product_tag-ayudas-tecnicas","10":"product_shipping_class-mediano","12":"first","13":"outofstock","14":"shipping-taxable","15":"purchasable","16":"product-type-simple"},"acf":[],"_links":{"self":[{"href":"https:\/\/deltamed.cl\/tienda\/wp-json\/wp\/v2\/product\/5548","targetHints":{"allow":["GET"]}}],"collection":[{"href":"https:\/\/deltamed.cl\/tienda\/wp-json\/wp\/v2\/product"}],"about":[{"href":"https:\/\/deltamed.cl\/tienda\/wp-json\/wp\/v2\/types\/product"}],"replies":[{"embeddable":true,"href":"https:\/\/deltamed.cl\/tienda\/wp-json\/wp\/v2\/comments?post=5548"}],"version-history":[{"count":3,"href":"https:\/\/deltamed.cl\/tienda\/wp-json\/wp\/v2\/product\/5548\/revisions"}],"predecessor-version":[{"id":8713,"href":"https:\/\/deltamed.cl\/tienda\/wp-json\/wp\/v2\/product\/5548\/revisions\/8713"}],"wp:featuredmedia":[{"embeddable":true,"href":"https:\/\/deltamed.cl\/tienda\/wp-json\/wp\/v2\/media\/5551"}],"wp:attachment":[{"href":"https:\/\/deltamed.cl\/tienda\/wp-json\/wp\/v2\/media?parent=5548"}],"wp:term":[{"taxonomy":"product_brand","embeddable":true,"href":"https:\/\/deltamed.cl\/tienda\/wp-json\/wp\/v2\/product_brand?post=5548"},{"taxonomy":"product_cat","embeddable":true,"href":"https:\/\/deltamed.cl\/tienda\/wp-json\/wp\/v2\/product_cat?post=5548"},{"taxonomy":"product_tag","embeddable":true,"href":"https:\/\/deltamed.cl\/tienda\/wp-json\/wp\/v2\/product_tag?post=5548"}],"curies":[{"name":"wp","href":"https:\/\/api.w.org\/{rel}","templated":true}]}}