{"id":55412,"date":"2026-04-28T20:07:03","date_gmt":"2026-04-28T20:07:03","guid":{"rendered":"https:\/\/dev.deltamed.cl\/?post_type=product&#038;p=55412"},"modified":"2026-04-28T20:14:39","modified_gmt":"2026-04-28T20:14:39","slug":"colchon-3-pliegues-catre-clinico","status":"publish","type":"product","link":"https:\/\/deltamed.cl\/tienda\/tienda\/producto\/colchon-3-pliegues-catre-clinico\/","title":{"rendered":"Colch\u00f3n 3 pliegues catre cl\u00ednico"},"content":{"rendered":"<p>Fabricado en poliuretano de alta densidad, cubierto por lona con cierre y respiraderos para una perfecta ventilaci\u00f3n.<\/p>\n<p>Dise\u00f1ado para catres cl\u00ednicos el\u00e9ctricos o manuales, presenta una cara r\u00edgida para usar sobre el catre y una cara m\u00e1s blanda para el paciente.<\/p>\n<p>Especialmente dise\u00f1ado para su uso continuo en catres cl\u00ednicos.<\/p>\n<p><span style=\"font-size: 16px\">Colch\u00f3n 3 pliegues para catre <\/span><\/p>\n<ul>\n<li>Colch\u00f3n para catre cl\u00ednico<\/li>\n<li>Dise\u00f1ado para catres cl\u00ednicos autom\u00e1ticos o manuales.<\/li>\n<li>Fabricado con espuma pl\u00e1stica de poliuretano de 8 cms de espesor<\/li>\n<li>Densidad: 24 Kg x m3<\/li>\n<li>La cubierta es de lona impermeable con cierre y con respiraderos para una mejor ventilaci\u00f3n.<\/li>\n<li>Es lavable.<\/li>\n<li>Dimensiones: Largo: 195 cm Ancho: 85 cm Espesor: 8 cm<\/li>\n<\/ul>\n<figure id=\"attachment_2079\" aria-describedby=\"caption-attachment-2079\" style=\"width: 300px\" class=\"wp-caption alignnone\"><img fetchpriority=\"high\" decoding=\"async\" class=\"size-medium wp-image-2079\" src=\"https:\/\/deltamed.cl\/tienda\/wp-content\/uploads\/2021\/07\/catre-1-300x200.jpg\" alt=\"Colch\u00f3n 3 pliegues catre cl\u00ednico\" width=\"300\" height=\"200\" title=\"\"><figcaption id=\"caption-attachment-2079\" class=\"wp-caption-text\">Colch\u00f3n 3 pliegues catre cl\u00ednico<\/figcaption><\/figure>\n","protected":false},"excerpt":{"rendered":"<p>Colch\u00f3n 3 pliegues catre cl\u00ednico<\/p>\n<p>Colch\u00f3n para catre cl\u00ednico<\/p>\n<p>Dise\u00f1ado para catres cl\u00ednicos autom\u00e1ticos o manuales.<\/p>\n<p>Fabricado con espuma pl\u00e1stica de poliuretano de 8 cms de espesor<\/p>\n<p>Densidad: 24 Kg x m3<\/p>\n<p>La cubierta es de lona impermeable con cierre y con respiraderos para una mejor ventilaci\u00f3n. Es lavable.<\/p>\n<p>Dimensiones: Largo: 195 cm Ancho: 85 cm Espesor: 8 cm<\/p>\n","protected":false},"featured_media":11339,"comment_status":"open","ping_status":"closed","template":"","meta":{"_acf_changed":false},"product_brand":[5837],"product_cat":[6375,6472],"product_tag":[5804,5803,5663,5718,5719],"class_list":{"0":"post-55412","1":"product","2":"type-product","3":"status-publish","4":"has-post-thumbnail","6":"product_brand-servilife","7":"product_cat-ayudas-tecnicas","8":"product_cat-colchon","9":"product_tag-anti-escaras","10":"product_tag-escaras","11":"product_tag-postrado","12":"product_tag-ulcera","13":"product_tag-ulcera-por-presion","14":"product_shipping_class-grande","16":"first","17":"outofstock","18":"taxable","19":"shipping-taxable","20":"purchasable","21":"product-type-simple"},"acf":[],"_links":{"self":[{"href":"https:\/\/deltamed.cl\/tienda\/wp-json\/wp\/v2\/product\/55412","targetHints":{"allow":["GET"]}}],"collection":[{"href":"https:\/\/deltamed.cl\/tienda\/wp-json\/wp\/v2\/product"}],"about":[{"href":"https:\/\/deltamed.cl\/tienda\/wp-json\/wp\/v2\/types\/product"}],"replies":[{"embeddable":true,"href":"https:\/\/deltamed.cl\/tienda\/wp-json\/wp\/v2\/comments?post=55412"}],"wp:featuredmedia":[{"embeddable":true,"href":"https:\/\/deltamed.cl\/tienda\/wp-json\/wp\/v2\/media\/11339"}],"wp:attachment":[{"href":"https:\/\/deltamed.cl\/tienda\/wp-json\/wp\/v2\/media?parent=55412"}],"wp:term":[{"taxonomy":"product_brand","embeddable":true,"href":"https:\/\/deltamed.cl\/tienda\/wp-json\/wp\/v2\/product_brand?post=55412"},{"taxonomy":"product_cat","embeddable":true,"href":"https:\/\/deltamed.cl\/tienda\/wp-json\/wp\/v2\/product_cat?post=55412"},{"taxonomy":"product_tag","embeddable":true,"href":"https:\/\/deltamed.cl\/tienda\/wp-json\/wp\/v2\/product_tag?post=55412"}],"curies":[{"name":"wp","href":"https:\/\/api.w.org\/{rel}","templated":true}]}}