{"id":55227,"date":"2026-04-28T20:06:11","date_gmt":"2026-04-28T20:06:11","guid":{"rendered":"https:\/\/dev.deltamed.cl\/?post_type=product&#038;p=55227"},"modified":"2026-05-06T15:11:40","modified_gmt":"2026-05-06T15:11:40","slug":"protector-bruxismo-bucal-de-silicona","status":"publish","type":"product","link":"https:\/\/deltamed.cl\/tienda\/tienda\/producto\/protector-bruxismo-bucal-de-silicona\/","title":{"rendered":"Protector bruxismo bucal de silicona"},"content":{"rendered":"<p><strong>Protector bruxismo bucal de silicona<\/strong><\/p>\n<p>Protector bucal simple y senior \u2013 DRB<\/p>\n<p>Un protector bucal de silicona es un dispositivo dise\u00f1ado para proteger los dientes y la mand\u00edbula durante la noche o durante actividades que puedan causar bruxismo, que es el h\u00e1bito involuntario de apretar o rechinar los dientes.<\/p>\n<p>El bruxismo puede causar desgaste dental, dolor en los m\u00fasculos faciales, dolores de cabeza, entre otros problemas.<\/p>\n<p>Ideal para la pr\u00e1ctica de deportes de contacto.<\/p>\n<p>Termo moldeable en agua caliente.<\/p>\n<p>Incluye caja pl\u00e1stica para guardarlo.<\/p>\n<p>No t\u00f3xico.<\/p>\n","protected":false},"excerpt":{"rendered":"<p><strong>Protector bruxismo bucal de silicona<\/strong><\/p>\n<p>Protector bucal simple y senior \u2013 DRB<\/p>\n<p>Un protector bucal de silicona es un dispositivo dise\u00f1ado para proteger los dientes y la mand\u00edbula durante la noche o durante actividades que puedan causar bruxismo, que es el h\u00e1bito involuntario de apretar o rechinar los dientes.<\/p>\n<p>El bruxismo puede causar desgaste dental, dolor en los m\u00fasculos faciales, dolores de cabeza, entre otros problemas.<\/p>\n<p>Ideal para la pr\u00e1ctica de deportes de contacto.<\/p>\n<p>Termo moldeable en agua caliente.<\/p>\n<p>Incluye caja pl\u00e1stica para guardarlo.<\/p>\n<p>No t\u00f3xico.<\/p>\n","protected":false},"featured_media":11042,"comment_status":"open","ping_status":"closed","template":"","meta":{"_acf_changed":false},"product_brand":[],"product_cat":[6403],"product_tag":[5329,5331,5332,5481],"class_list":{"0":"post-55227","1":"product","2":"type-product","3":"status-publish","4":"has-post-thumbnail","6":"product_cat-descontinuado","7":"product_tag-colostomia","8":"product_tag-ileostomia","9":"product_tag-ostomia","10":"product_tag-urostomia","11":"product_shipping_class-pequeno","13":"first","14":"outofstock","15":"taxable","16":"shipping-taxable","17":"purchasable","18":"product-type-simple"},"acf":[],"_links":{"self":[{"href":"https:\/\/deltamed.cl\/tienda\/wp-json\/wp\/v2\/product\/55227","targetHints":{"allow":["GET"]}}],"collection":[{"href":"https:\/\/deltamed.cl\/tienda\/wp-json\/wp\/v2\/product"}],"about":[{"href":"https:\/\/deltamed.cl\/tienda\/wp-json\/wp\/v2\/types\/product"}],"replies":[{"embeddable":true,"href":"https:\/\/deltamed.cl\/tienda\/wp-json\/wp\/v2\/comments?post=55227"}],"wp:featuredmedia":[{"embeddable":true,"href":"https:\/\/deltamed.cl\/tienda\/wp-json\/wp\/v2\/media\/11042"}],"wp:attachment":[{"href":"https:\/\/deltamed.cl\/tienda\/wp-json\/wp\/v2\/media?parent=55227"}],"wp:term":[{"taxonomy":"product_brand","embeddable":true,"href":"https:\/\/deltamed.cl\/tienda\/wp-json\/wp\/v2\/product_brand?post=55227"},{"taxonomy":"product_cat","embeddable":true,"href":"https:\/\/deltamed.cl\/tienda\/wp-json\/wp\/v2\/product_cat?post=55227"},{"taxonomy":"product_tag","embeddable":true,"href":"https:\/\/deltamed.cl\/tienda\/wp-json\/wp\/v2\/product_tag?post=55227"}],"curies":[{"name":"wp","href":"https:\/\/api.w.org\/{rel}","templated":true}]}}