{"id":55013,"date":"2026-04-28T19:59:30","date_gmt":"2026-04-28T19:59:30","guid":{"rendered":"https:\/\/dev.deltamed.cl\/?post_type=product&#038;p=55013"},"modified":"2026-05-06T15:30:25","modified_gmt":"2026-05-06T15:30:25","slug":"diamonds-sachet-420791-convatec","status":"publish","type":"product","link":"https:\/\/deltamed.cl\/tienda\/tienda\/producto\/diamonds-sachet-420791-convatec\/","title":{"rendered":"Diamonds sachet 420791 convatec"},"content":{"rendered":"<p id=\"tw-target-text\" class=\"tw-data-text tw-text-large XcVN5d tw-ta\" data-placeholder=\"Traducci\u00f3n\">Diamonds sachet 420791 Convatec<\/p>\n<p>100 unidades<\/p>\n<p data-start=\"64\" data-end=\"479\">Las bolsitas gelificantes <strong data-start=\"90\" data-end=\"129\">Diamonds con ActiveOne Odor Control<\/strong> est\u00e1n dise\u00f1adas para solidificar el contenido l\u00edquido y reducir o eliminar el exceso de gas dentro de la bolsa de ostom\u00eda, permitiendo un perfil m\u00e1s plano y discreto. Su uso mejora la comodidad del usuario y contribuye a disminuir el riesgo de fugas, as\u00ed como las interrupciones del sue\u00f1o asociadas a la necesidad de vaciar la bolsa o liberar gas.<\/p>\n<p data-start=\"481\" data-end=\"727\">Est\u00e1n indicadas para <strong data-start=\"502\" data-end=\"539\">ileostom\u00eda o excreciones l\u00edquidas<\/strong> y <strong data-start=\"542\" data-end=\"587\">no est\u00e1n indicadas para urostom\u00eda (orina)<\/strong>. Cada frasco contiene <strong data-start=\"610\" data-end=\"624\">100 sobres<\/strong>. Los sobres <strong data-start=\"637\" data-end=\"657\">no deben abrirse<\/strong>; deben colocarse directamente dentro de una bolsa de ostom\u00eda vac\u00eda.<\/p>\n","protected":false},"excerpt":{"rendered":"<p id=\"tw-target-text\" class=\"tw-data-text tw-text-large XcVN5d tw-ta\" data-placeholder=\"Traducci\u00f3n\">Diamonds sachet 420791 Convatec<\/p>\n<p>100 unidades<\/p>\n<p>Diamonds \u2122 sachets Gelificantes con ActiveOne\u2122 Control de Olores,<\/p>\n<p>solidifica el contenido y ayuda a reducir el exceso de gas en las bolsas de Ostom\u00eda, dejando la bolsa con una apariencia m\u00e1s plana y discreta.<\/p>\n<p>Los usuarios indican que Diamonds ayuda a prevenir fugas y trastornos de sue\u00f1o causados por la preocupaci\u00f3n de drenar o liberar el gas de la bolsas.<\/p>\n<p>Est\u00e1 indicado para ileostom\u00eda o salida heces l\u00edquidas. No indicado para urostom\u00eda (orina).<\/p>\n","protected":false},"featured_media":10656,"comment_status":"open","ping_status":"closed","template":"","meta":{"_acf_changed":false},"product_brand":[5325],"product_cat":[6465,6387,6430],"product_tag":[5329,5331,5332,5481],"class_list":{"0":"post-55013","1":"product","2":"type-product","3":"status-publish","4":"has-post-thumbnail","6":"product_brand-convatec","7":"product_cat-diamonds","8":"product_cat-ostomia","9":"product_cat-otros-ostomia","10":"product_tag-colostomia","11":"product_tag-ileostomia","12":"product_tag-ostomia","13":"product_tag-urostomia","14":"product_shipping_class-extra-pequeno","16":"first","17":"instock","18":"taxable","19":"shipping-taxable","20":"purchasable","21":"product-type-simple"},"acf":[],"_links":{"self":[{"href":"https:\/\/deltamed.cl\/tienda\/wp-json\/wp\/v2\/product\/55013","targetHints":{"allow":["GET"]}}],"collection":[{"href":"https:\/\/deltamed.cl\/tienda\/wp-json\/wp\/v2\/product"}],"about":[{"href":"https:\/\/deltamed.cl\/tienda\/wp-json\/wp\/v2\/types\/product"}],"replies":[{"embeddable":true,"href":"https:\/\/deltamed.cl\/tienda\/wp-json\/wp\/v2\/comments?post=55013"}],"wp:featuredmedia":[{"embeddable":true,"href":"https:\/\/deltamed.cl\/tienda\/wp-json\/wp\/v2\/media\/10656"}],"wp:attachment":[{"href":"https:\/\/deltamed.cl\/tienda\/wp-json\/wp\/v2\/media?parent=55013"}],"wp:term":[{"taxonomy":"product_brand","embeddable":true,"href":"https:\/\/deltamed.cl\/tienda\/wp-json\/wp\/v2\/product_brand?post=55013"},{"taxonomy":"product_cat","embeddable":true,"href":"https:\/\/deltamed.cl\/tienda\/wp-json\/wp\/v2\/product_cat?post=55013"},{"taxonomy":"product_tag","embeddable":true,"href":"https:\/\/deltamed.cl\/tienda\/wp-json\/wp\/v2\/product_tag?post=55013"}],"curies":[{"name":"wp","href":"https:\/\/api.w.org\/{rel}","templated":true}]}}