{"id":54954,"date":"2026-04-28T19:59:14","date_gmt":"2026-04-28T19:59:14","guid":{"rendered":"https:\/\/dev.deltamed.cl\/?post_type=product&#038;p=54954"},"modified":"2026-04-28T19:59:17","modified_gmt":"2026-04-28T19:59:17","slug":"placa-convexa-natura-45mm-413183-convatec","status":"publish","type":"product","link":"https:\/\/deltamed.cl\/tienda\/producto\/placa-convexa-natura-45mm-413183-convatec\/","title":{"rendered":"Placa convexa natura 45mm 413183 convatec"},"content":{"rendered":"<p>Placa convexa natura 45mm 413183 convatec<\/p>\n<p><strong>Descripci\u00f3n:<\/strong>\u00a0El sistema de ostom\u00eda de dos piezas SUR-FIT Natura es la l\u00ednea de productos de dos piezas m\u00e1s extensa de ConvaTec.<\/p>\n<p>El sistema de bridas SUR-FIT Natura se\u00f1ala un cierre seguro y preciso con una serie de \u00abclics\u00bb audibles. Un dise\u00f1o simple de cierre y cierre permite a los usuarios cambiar la bolsa r\u00e1pidamente para que coincida con las actividades sin quitar la barrera cut\u00e1nea de la piel.<\/p>\n<p>Las barreras cut\u00e1neas Durahesive est\u00e1n dise\u00f1adas para personas cuya producci\u00f3n de estoma es principalmente l\u00edquida. A diferencia de otras barreras cut\u00e1neas que pueden romperse alrededor de la producci\u00f3n de l\u00edquido.<\/p>\n<p><strong>Tama\u00f1o:<\/strong>\u00a045 mm. (32 mm.)<\/p>\n<p><strong>Beneficios:<\/strong><\/p>\n<ul>\n<li>Protecci\u00f3n de la Piel: Las sustancias hidrocoloides absorben la humedad y tienen capacidad de regenerar la piel irritada.<\/li>\n<li>Hidrocoloide Durahesive: Recomendado para estomas con efluentes semil\u00edquidos y l\u00edquidos. Mayor protecci\u00f3n para la piel.<\/li>\n<li>Convexidad R\u00edgida: Permite mejor manejo de estomas retra\u00eddos y planos.<\/li>\n<\/ul>\n<p><strong>Recomendaciones de uso:<\/strong><\/p>\n<p><strong>&#8211; <\/strong>Se recomienda consultar el instructivo de uso de las barreras que es suministrado al interior del empaque antes de la aplicaci\u00f3n del mismo.<\/p>\n<p>&#8211; Preparaci\u00f3n de la piel: Antes de la aplicaci\u00f3n, sus manos y la piel que rodea al estoma deben estar limpias, secas y libres de sustancias oleosas o emolientes.<\/p>\n<p>&#8211; Selecci\u00f3n de barrera o placa: Seleccionar una barrera pre-cortada que sea del tama\u00f1o m\u00e1s cercano al di\u00e1metro del estoma. NO agrandar m\u00e1s la abertura. Retirar el protector del adhesivo e instalar. Si es necesario, aplicar pasta Stomahesive para garantizar un sello seguro.<\/p>\n<p>&#8211; Acople a bolsa Natura del mismo tama\u00f1o que el aro.<\/p>\n<p>&#8211; Remoci\u00f3n: Sostenga la piel con una mano y suavemente retire la barrera cut\u00e1nea de la piel.<\/p>\n<p>&#8211; Deseche la barrera.<\/p>\n<p>&#8211; Si es posible, aplique removedor de adhesivo.<\/p>\n<p><strong>Composici\u00f3n del producto:<\/strong><\/p>\n<p>Compuesta de una pesta\u00f1a natural (LDPE, Polietileno de baja densidad), adherido a un disco convexo delgado (etilenvinil acetato.<\/p>\n<p>Se posiciona un collar (fibra recubierta de adhesivo hidrocoloide\/adhesivo acr\u00edlico de fibra de poli\u00e9ster) sobre el anillo de soporte y posteriormente una pesta\u00f1a del lado del cuerpo (LDPE con colorante beige), en la parte superior.<\/p>\n<p>La pesta\u00f1a, el collar y el anillo est\u00e1n adheridos entre s\u00ed. Una fina capa de liberaci\u00f3n removible (poliestireno) cubre totalmente el lado adhesivo de la barrera.<\/p>\n","protected":false},"excerpt":{"rendered":"<p>Placa convexa natura 45mm 413183 convatec<\/p>\n<p><strong>Descripci\u00f3n:<\/strong>\u00a0El sistema de ostom\u00eda de dos piezas SUR-FIT Natura es la l\u00ednea de productos de dos piezas m\u00e1s extensa de ConvaTec.<\/p>\n<p>El sistema de bridas SUR-FIT Natura se\u00f1ala un cierre seguro y preciso con una serie de \u00abclics\u00bb audibles. Un dise\u00f1o simple de cierre y cierre permite a los usuarios cambiar la bolsa r\u00e1pidamente para que coincida con las actividades sin quitar la barrera cut\u00e1nea de la piel.<\/p>\n<p>Las barreras cut\u00e1neas Durahesive est\u00e1n dise\u00f1adas para personas cuya producci\u00f3n de estoma es principalmente l\u00edquida. A diferencia de otras barreras cut\u00e1neas que pueden romperse alrededor de la producci\u00f3n de l\u00edquido.<\/p>\n<p><strong>Tama\u00f1o:<\/strong>\u00a045 mm. (32 mm.)<\/p>\n","protected":false},"featured_media":10543,"comment_status":"open","ping_status":"closed","template":"","meta":{"_acf_changed":false},"product_brand":[5325],"product_cat":[6387,6395],"product_tag":[5508,5330,5509,5332,5510],"class_list":{"0":"post-54954","1":"product","2":"type-product","3":"status-publish","4":"has-post-thumbnail","6":"product_brand-convatec","7":"product_cat-ostomia","8":"product_cat-placa","9":"product_tag-5508","10":"product_tag-convatec","11":"product_tag-convexa","12":"product_tag-ostomia","13":"product_tag-placa","14":"product_shipping_class-extra-pequeno","16":"first","17":"instock","18":"taxable","19":"shipping-taxable","20":"purchasable","21":"product-type-simple"},"acf":[],"_links":{"self":[{"href":"https:\/\/deltamed.cl\/tienda\/wp-json\/wp\/v2\/product\/54954","targetHints":{"allow":["GET"]}}],"collection":[{"href":"https:\/\/deltamed.cl\/tienda\/wp-json\/wp\/v2\/product"}],"about":[{"href":"https:\/\/deltamed.cl\/tienda\/wp-json\/wp\/v2\/types\/product"}],"replies":[{"embeddable":true,"href":"https:\/\/deltamed.cl\/tienda\/wp-json\/wp\/v2\/comments?post=54954"}],"wp:featuredmedia":[{"embeddable":true,"href":"https:\/\/deltamed.cl\/tienda\/wp-json\/wp\/v2\/media\/10543"}],"wp:attachment":[{"href":"https:\/\/deltamed.cl\/tienda\/wp-json\/wp\/v2\/media?parent=54954"}],"wp:term":[{"taxonomy":"product_brand","embeddable":true,"href":"https:\/\/deltamed.cl\/tienda\/wp-json\/wp\/v2\/product_brand?post=54954"},{"taxonomy":"product_cat","embeddable":true,"href":"https:\/\/deltamed.cl\/tienda\/wp-json\/wp\/v2\/product_cat?post=54954"},{"taxonomy":"product_tag","embeddable":true,"href":"https:\/\/deltamed.cl\/tienda\/wp-json\/wp\/v2\/product_tag?post=54954"}],"curies":[{"name":"wp","href":"https:\/\/api.w.org\/{rel}","templated":true}]}}