{"id":54911,"date":"2026-04-28T19:59:05","date_gmt":"2026-04-28T19:59:05","guid":{"rendered":"https:\/\/dev.deltamed.cl\/?post_type=product&#038;p=54911"},"modified":"2026-05-12T14:13:08","modified_gmt":"2026-05-12T14:13:08","slug":"medidor-de-glucosa-easytouch-mini-con-50-tiras-reactivas","status":"publish","type":"product","link":"https:\/\/deltamed.cl\/tienda\/producto\/medidor-de-glucosa-easytouch-mini-con-50-tiras-reactivas\/","title":{"rendered":"Medidor de glucosa easytouch mini con 50 tiras reactivas\u00a0"},"content":{"rendered":"<p>Medidor de glucosa easytouch mini con 50 tiras reactivas<\/p>\n<p>EasyTouch mini sistema de control de glucosa en sangre ofrece resultados de pruebas en solo 5 segundos, requiere una peque\u00f1a muestra de sangre y pruebas alternativas en el sitio para menos dolor en un punto de prueba.<\/p>\n<p>Las alarmas de prueba y la memoria interna hacen que sea muy f\u00e1cil realizar un seguimiento de sus lecturas de glucosa en la sangre sin olvidar nunca la prueba.<\/p>\n<p>Se puede utilizar en casa o puede andar con el gracias a su tama\u00f1o c\u00f3modo y ligero. Pantalla grande y operaci\u00f3n silenciosa.<\/p>\n<p><strong>Especificaciones:<\/strong><\/p>\n<p>Peso &#8211; 30 g sin pilas<\/p>\n<p>Dimensiones &#8211; 80 x 40 x 11.2 mm<\/p>\n<p>Pantalla LCD (22.8 x 42.8 mm)<\/p>\n<p>Bater\u00edas 1 pila CR2032 \/ 3V<\/p>\n<p>Duraci\u00f3n de la bater\u00eda &#8211; Para m\u00e1s de 1.000 estudios.<\/p>\n<p>El monitor se apaga a los 3 minutos de usos.<\/p>\n<p><strong>Contenido:<\/strong><\/p>\n<p>\u2022 1 Equipo<\/p>\n<p>\u2022 1 Lancetero<\/p>\n<p>\u2022 10 Lancetas<\/p>\n<p>\u2022 50 Tiras<\/p>\n<p>\u2022 Estuche Portable<\/p>\n<p>\u2022 Pila<\/p>\n<p>\u2022 Manual de usuario.<\/p>\n<p><strong>Rango de Medici\u00f3n:<\/strong><\/p>\n<p>\u2022 Glucosa 20-600mg\/dl<\/p>\n<figure id=\"attachment_211\" aria-describedby=\"caption-attachment-211\" style=\"width: 300px\" class=\"wp-caption alignnone\"><img fetchpriority=\"high\" decoding=\"async\" class=\"size-medium wp-image-211\" src=\"https:\/\/deltamed.cl\/tienda\/wp-content\/uploads\/2020\/12\/aa-delta-40-300x300.jpg\" alt=\"Medidor de glucosa easytouch mini m\u00e1s 60 tiras reactivas\u00a0\" width=\"300\" height=\"300\" \/><figcaption id=\"caption-attachment-211\" class=\"wp-caption-text\">Medidor de glucosa easytouch mini m\u00e1s 50 tiras reactivas<\/figcaption><\/figure>\n<p>&nbsp;<\/p>\n","protected":false},"excerpt":{"rendered":"<p>Medidor de glucosa easytouch mini con 50 tiras reactivas<\/p>\n<p>EasyTouch mini sistema de control de glucosa en sangre ofrece resultados de pruebas en solo 5 segundos, requiere una peque\u00f1a muestra de sangre y pruebas alternativas en el sitio para menos dolor en un punto de prueba.<\/p>\n<p>Las alarmas de prueba y la memoria interna hacen que sea muy f\u00e1cil realizar un seguimiento de sus lecturas de glucosa en la sangre sin olvidar nunca la prueba.<\/p>\n<p>Se puede utilizar en casa o puede andar con el gracias a su tama\u00f1o c\u00f3modo y ligero. Pantalla grande y operaci\u00f3n silenciosa.<\/p>\n","protected":false},"featured_media":10474,"comment_status":"open","ping_status":"closed","template":"","meta":{"_acf_changed":false},"product_brand":[5315],"product_cat":[6385,6384,6386],"product_tag":[6148,5410,5411,5320],"class_list":{"0":"post-54911","1":"product","2":"type-product","3":"status-publish","4":"has-post-thumbnail","6":"product_brand-easy-life","7":"product_cat-glucometro","8":"product_cat-medicion-y-diagnostico","9":"product_cat-medidor","10":"product_tag-azucar","11":"product_tag-diabetes","12":"product_tag-glicemia","13":"product_tag-glucosa","14":"product_shipping_class-pequeno","16":"first","17":"instock","18":"taxable","19":"shipping-taxable","20":"purchasable","21":"product-type-simple"},"acf":[],"_links":{"self":[{"href":"https:\/\/deltamed.cl\/tienda\/wp-json\/wp\/v2\/product\/54911","targetHints":{"allow":["GET"]}}],"collection":[{"href":"https:\/\/deltamed.cl\/tienda\/wp-json\/wp\/v2\/product"}],"about":[{"href":"https:\/\/deltamed.cl\/tienda\/wp-json\/wp\/v2\/types\/product"}],"replies":[{"embeddable":true,"href":"https:\/\/deltamed.cl\/tienda\/wp-json\/wp\/v2\/comments?post=54911"}],"wp:featuredmedia":[{"embeddable":true,"href":"https:\/\/deltamed.cl\/tienda\/wp-json\/wp\/v2\/media\/10474"}],"wp:attachment":[{"href":"https:\/\/deltamed.cl\/tienda\/wp-json\/wp\/v2\/media?parent=54911"}],"wp:term":[{"taxonomy":"product_brand","embeddable":true,"href":"https:\/\/deltamed.cl\/tienda\/wp-json\/wp\/v2\/product_brand?post=54911"},{"taxonomy":"product_cat","embeddable":true,"href":"https:\/\/deltamed.cl\/tienda\/wp-json\/wp\/v2\/product_cat?post=54911"},{"taxonomy":"product_tag","embeddable":true,"href":"https:\/\/deltamed.cl\/tienda\/wp-json\/wp\/v2\/product_tag?post=54911"}],"curies":[{"name":"wp","href":"https:\/\/api.w.org\/{rel}","templated":true}]}}