{"id":48,"date":"2020-11-18T14:45:34","date_gmt":"2020-11-18T17:45:34","guid":{"rendered":"https:\/\/deltamed.cl\/tienda\/?post_type=product&#038;p=48"},"modified":"2026-03-13T15:43:59","modified_gmt":"2026-03-13T18:43:59","slug":"silla-de-ducha-con-respaldo-ba-302","status":"publish","type":"product","link":"https:\/\/deltamed.cl\/tienda\/producto\/silla-de-ducha-con-respaldo-ba-302\/","title":{"rendered":"Silla de ducha con respaldo BA 302"},"content":{"rendered":"<p><iframe title=\"Silla de ducha con respaldo\" width=\"500\" height=\"375\" src=\"https:\/\/www.youtube.com\/embed\/NDwM3nXQ1C4?feature=oembed\" frameborder=\"0\" allow=\"accelerometer; autoplay; clipboard-write; encrypted-media; gyroscope; picture-in-picture; web-share\" referrerpolicy=\"strict-origin-when-cross-origin\" allowfullscreen><\/iframe><\/p>\n<p>Silla de ducha con respaldo BA 302<\/p>\n<p>Para ba\u00f1o de aluminio ultraligera de alta resistencia con asiento y respaldo ergon\u00f3mico antideslizante, especialmente dise\u00f1ada para entregar la mayor seguridad y comodidad en el ba\u00f1o.<\/p>\n<p>\u2022 Estructura de aluminio anodizado duradero.<br \/>\n\u2022 Con puntas de aspiraci\u00f3n antideslizantes y reemplazables.<br \/>\n\u2022 Altura total ajustable.<br \/>\n\u2022 Respaldo y base en poliuretano alta densidad para m\u00e1xima resistencia<br \/>\n\u2022 F\u00e1cil de limpiar.<br \/>\n\u2022 Dise\u00f1ada para drenar el agua<br \/>\n\u2022 Marca Deltamed<\/p>\n<p>&nbsp;<\/p>\n<p>\u2022 Altura: 75- 87cm<br \/>\n\u2022 Largo 45cm<br \/>\n\u2022 Ancho 46cm<br \/>\n\u2022 Ancho del asiento: 51cm<br \/>\n\u2022 Altura del asiento: 38-50cm<br \/>\n\u2022 Profundidad: 36cm<br \/>\n\u2022 Peso: 2,95kg<br \/>\n\u2022 Capacidad M\u00e1xima 100kg<\/p>\n","protected":false},"excerpt":{"rendered":"<p>Silla de ducha con respaldo BA 302<\/p>\n<p>Para ba\u00f1o de aluminio ultraligera de alta resistencia con asiento y respaldo ergon\u00f3mico antideslizante, especialmente dise\u00f1ada para entregar la mayor seguridad y comodidad en el ba\u00f1o.<\/p>\n<p>\u2022 Estructura de aluminio anodizado duradero.<br \/>\n\u2022 Con puntas de aspiraci\u00f3n antideslizantes y reemplazables.<br \/>\n\u2022 Altura total ajustable.<br \/>\n\u2022 Respaldo y base en poliuretano alta densidad para m\u00e1xima resistencia<br \/>\n\u2022 F\u00e1cil de limpiar.<br \/>\n\u2022 Dise\u00f1ada para drenar el agua<br \/>\n\u2022 Marca Deltamed<\/p>\n","protected":false},"featured_media":50,"comment_status":"open","ping_status":"closed","template":"","meta":{"_acf_changed":false},"product_brand":[1091],"product_cat":[1032,363],"product_tag":[24,486,26,585,31,1201,32,30],"class_list":{"0":"post-48","1":"product","2":"type-product","3":"status-publish","4":"has-post-thumbnail","6":"product_brand-deltamed","7":"product_cat-sillas-bano","8":"product_cat-articulos-de-bano","9":"product_tag-adulto-mayor","10":"product_tag-ayudas-tecnicas","11":"product_tag-bano","12":"product_tag-deltamed","13":"product_tag-ducha","14":"product_tag-oferta-invierno","15":"product_tag-respaldo","16":"product_tag-silla","17":"product_shipping_class-mediano","19":"first","20":"instock","21":"shipping-taxable","22":"purchasable","23":"product-type-simple"},"acf":[],"_links":{"self":[{"href":"https:\/\/deltamed.cl\/tienda\/wp-json\/wp\/v2\/product\/48","targetHints":{"allow":["GET"]}}],"collection":[{"href":"https:\/\/deltamed.cl\/tienda\/wp-json\/wp\/v2\/product"}],"about":[{"href":"https:\/\/deltamed.cl\/tienda\/wp-json\/wp\/v2\/types\/product"}],"replies":[{"embeddable":true,"href":"https:\/\/deltamed.cl\/tienda\/wp-json\/wp\/v2\/comments?post=48"}],"version-history":[{"count":3,"href":"https:\/\/deltamed.cl\/tienda\/wp-json\/wp\/v2\/product\/48\/revisions"}],"predecessor-version":[{"id":18199,"href":"https:\/\/deltamed.cl\/tienda\/wp-json\/wp\/v2\/product\/48\/revisions\/18199"}],"wp:featuredmedia":[{"embeddable":true,"href":"https:\/\/deltamed.cl\/tienda\/wp-json\/wp\/v2\/media\/50"}],"wp:attachment":[{"href":"https:\/\/deltamed.cl\/tienda\/wp-json\/wp\/v2\/media?parent=48"}],"wp:term":[{"taxonomy":"product_brand","embeddable":true,"href":"https:\/\/deltamed.cl\/tienda\/wp-json\/wp\/v2\/product_brand?post=48"},{"taxonomy":"product_cat","embeddable":true,"href":"https:\/\/deltamed.cl\/tienda\/wp-json\/wp\/v2\/product_cat?post=48"},{"taxonomy":"product_tag","embeddable":true,"href":"https:\/\/deltamed.cl\/tienda\/wp-json\/wp\/v2\/product_tag?post=48"}],"curies":[{"name":"wp","href":"https:\/\/api.w.org\/{rel}","templated":true}]}}