{"id":4569,"date":"2022-09-14T12:53:31","date_gmt":"2022-09-14T15:53:31","guid":{"rendered":"https:\/\/deltamed.cl\/tienda\/?post_type=product&#038;p=4569"},"modified":"2026-04-06T17:48:18","modified_gmt":"2026-04-06T20:48:18","slug":"inmovilizador-de-hombro-blunding","status":"publish","type":"product","link":"https:\/\/deltamed.cl\/tienda\/producto\/inmovilizador-de-hombro-blunding\/","title":{"rendered":"Inmovilizador de hombro Blunding"},"content":{"rendered":"<p>Inmovilizador de hombro Blunding<\/p>\n<p>Soporte de hombro, confeccionado en velour, en su parte interna algod\u00f3n, formado por dos piezas y dos bandas de algod\u00f3n regulables con cierre de contacto.<\/p>\n<p>Indicaci\u00f3n Lesiones y contusiones del hombro Luxaci\u00f3n del hombro Lesiones del manguito rotador Fracturas estables de humero subcapitales Fracturas escapulares<\/p>\n<p>*Blunding recomienda utilizar este producto bajo prescripci\u00f3n m\u00e9dica<\/p>\n<p>Cara Externa: 100% Velour Poli\u00e9ster Cara Interna: 100% Algod\u00f3n Bandas: 100% Algod\u00f3n Hebillas: 100% Polipropileno Cierre de Contacto: 100% Nylon<\/p>\n<p>Se recomienda medir el torso<\/p>\n<p>Talla S &#8211; 93 &#8211; 115 cm<\/p>\n<p>Talla M 115 -134 cm<\/p>\n<p>Talla L 134-144cm<\/p>\n","protected":false},"excerpt":{"rendered":"<p>Inmovilizador de hombro Blunding<\/p>\n<p>Soporte de hombro, confeccionado en velour, en su parte interna algod\u00f3n, formado por dos piezas y dos bandas de algod\u00f3n regulables con cierre de contacto.<\/p>\n<p>Indicaci\u00f3n Lesiones y contusiones del hombro Luxaci\u00f3n del hombro Lesiones del manguito rotador Fracturas estables de humero subcapitales Fracturas escapulares<\/p>\n<p>*Blunding recomienda utilizar este producto bajo prescripci\u00f3n m\u00e9dica<\/p>\n<p>Cara Externa: 100% Velour Poli\u00e9ster Cara Interna: 100% Algod\u00f3n Bandas: 100% Algod\u00f3n Hebillas: 100% Polipropileno Cierre de Contacto: 100% Nylon<\/p>\n<p>Se recomienda medir el torso<\/p>\n<p>Talla S &#8211; 93 &#8211; 115 cm<\/p>\n<p>Talla M 115 -134 cm<\/p>\n<p>Talla L 134-144cm<\/p>\n","protected":false},"featured_media":4574,"comment_status":"open","ping_status":"closed","template":"","meta":{"_acf_changed":false},"product_brand":[1093],"product_cat":[235,422],"product_tag":[],"class_list":{"0":"post-4569","1":"product","2":"type-product","3":"status-publish","4":"has-post-thumbnail","6":"product_brand-blunding","7":"product_cat-ortopedia","8":"product_cat-inmovilizadores","9":"product_shipping_class-pequeno","11":"first","12":"instock","13":"shipping-taxable","14":"purchasable","15":"product-type-variable"},"acf":[],"_links":{"self":[{"href":"https:\/\/deltamed.cl\/tienda\/wp-json\/wp\/v2\/product\/4569","targetHints":{"allow":["GET"]}}],"collection":[{"href":"https:\/\/deltamed.cl\/tienda\/wp-json\/wp\/v2\/product"}],"about":[{"href":"https:\/\/deltamed.cl\/tienda\/wp-json\/wp\/v2\/types\/product"}],"replies":[{"embeddable":true,"href":"https:\/\/deltamed.cl\/tienda\/wp-json\/wp\/v2\/comments?post=4569"}],"version-history":[{"count":2,"href":"https:\/\/deltamed.cl\/tienda\/wp-json\/wp\/v2\/product\/4569\/revisions"}],"predecessor-version":[{"id":20211,"href":"https:\/\/deltamed.cl\/tienda\/wp-json\/wp\/v2\/product\/4569\/revisions\/20211"}],"wp:featuredmedia":[{"embeddable":true,"href":"https:\/\/deltamed.cl\/tienda\/wp-json\/wp\/v2\/media\/4574"}],"wp:attachment":[{"href":"https:\/\/deltamed.cl\/tienda\/wp-json\/wp\/v2\/media?parent=4569"}],"wp:term":[{"taxonomy":"product_brand","embeddable":true,"href":"https:\/\/deltamed.cl\/tienda\/wp-json\/wp\/v2\/product_brand?post=4569"},{"taxonomy":"product_cat","embeddable":true,"href":"https:\/\/deltamed.cl\/tienda\/wp-json\/wp\/v2\/product_cat?post=4569"},{"taxonomy":"product_tag","embeddable":true,"href":"https:\/\/deltamed.cl\/tienda\/wp-json\/wp\/v2\/product_tag?post=4569"}],"curies":[{"name":"wp","href":"https:\/\/api.w.org\/{rel}","templated":true}]}}