{"id":4411,"date":"2022-08-03T12:30:13","date_gmt":"2022-08-03T15:30:13","guid":{"rendered":"https:\/\/deltamed.cl\/tienda\/?post_type=product&#038;p=4411"},"modified":"2026-02-27T13:30:43","modified_gmt":"2026-02-27T16:30:43","slug":"cojin-inflable-para-silla-de-rueda-45-x-45cm","status":"publish","type":"product","link":"https:\/\/deltamed.cl\/tienda\/producto\/cojin-inflable-para-silla-de-rueda-45-x-45cm\/","title":{"rendered":"Cojin inflable para silla de rueda 45 x 45cm"},"content":{"rendered":"<p>Cojin inflable para silla de rueda 45 x 45cm DL-339<\/p>\n<p>Alivia la presi\u00f3n: la capa de aire en el coj\u00edn puede eliminar eficazmente la presi\u00f3n del tejido suave. Los peque\u00f1os agujeros en forma de anillo garantizan que el peso corporal se distribuya uniformemente sin presionar la parte inferior de la espalda. Este coj\u00edn inflable puede proporcionar mayor comodidad a cualquier silla, banco o asiento de estadio.<\/p>\n<p>\u2022 F\u00e1cil de usar: nuestro coj\u00edn para silla se puede inflar r\u00e1pidamente con la bomba de mano incluida. Puedes ajustar f\u00e1cilmente el nivel de aire y la firmeza para tu tipo de cuerpo espec\u00edfico a\u00f1adiendo o eliminando aire. La desinflaci\u00f3n es tan f\u00e1cil como inflar. Simplemente pellizca la boca de la v\u00e1lvula y aprieta el coj\u00edn para dejar que el aire salga r\u00e1pidamente.<\/p>\n<p>\u2022 F\u00e1cil de limpiar: el coj\u00edn inflable del asiento est\u00e1 hecho de vinilo de material impermeable que hace que sea f\u00e1cil de limpiar.<\/p>\n<p>\u2022 Compacto y port\u00e1til: cuando se desinfla, la almohadilla del asiento se puede poner f\u00e1cilmente en un bolso, malet\u00edn o bolsa de viaje. Compacto y ligero, el coj\u00edn inflable del asiento es extremadamente port\u00e1til.<\/p>\n<p>\u2022 Comodidad en cualquier superficie de asiento: este coj\u00edn se puede utilizar mientras conduces, en un avi\u00f3n o tren, en una silla de ruedas, en la cama, en la cocina o mesa de comedor y en el escritorio de tu computadora en tu hogar u oficina.<\/p>\n<p>\u2022 Material: Material de PVC<\/p>\n<p>\u2022 Tama\u00f1o: alrededor de 45cm x 45cm.<\/p>\n<p>\u2022 Hecho de material premium para un uso duradero.<\/p>\n<p>\u2022 El l\u00edmite de peso es de 110 kilos<\/p>\n<p>&nbsp;<\/p>\n<p>&nbsp;<\/p>\n","protected":false},"excerpt":{"rendered":"<p>Cojin inflable para silla de rueda 45 x 45cm DL-339<\/p>\n<p>Alivia la presi\u00f3n: la capa de aire en el coj\u00edn puede eliminar eficazmente la presi\u00f3n del tejido suave. Los peque\u00f1os agujeros en forma de anillo garantizan que el peso corporal se distribuya uniformemente sin presionar la parte inferior de la espalda. Este coj\u00edn inflable puede proporcionar mayor comodidad a cualquier silla, banco o asiento de estadio.<br \/>\n\u2022 F\u00e1cil de usar: nuestro coj\u00edn para silla se puede inflar r\u00e1pidamente con la bomba de mano incluida. Puedes ajustar f\u00e1cilmente el nivel de aire y la firmeza para tu tipo de cuerpo espec\u00edfico a\u00f1adiendo o eliminando aire. La desinflaci\u00f3n es tan f\u00e1cil como inflar. Simplemente pellizca la boca de la v\u00e1lvula y aprieta el coj\u00edn para dejar que el aire salga r\u00e1pidamente.<br \/>\n\u2022 F\u00e1cil de limpiar: el coj\u00edn inflable del asiento est\u00e1 hecho de vinilo de material impermeable que hace que sea f\u00e1cil de limpiar.<br \/>\n\u2022 Compacto y port\u00e1til: cuando se desinfla, la almohadilla del asiento se puede poner f\u00e1cilmente en un bolso, malet\u00edn o bolsa de viaje. Compacto y ligero, el coj\u00edn inflable del asiento es extremadamente port\u00e1til.<br \/>\n\u2022 Comodidad en cualquier superficie de asiento: este coj\u00edn se puede utilizar mientras conduces, en un avi\u00f3n o tren, en una silla de ruedas, en la cama, en la cocina o mesa de comedor y en el escritorio de tu computadora en tu hogar u oficina.<br \/>\n\u2022 Material: Material de PVC<br \/>\n\u2022 Tama\u00f1o: alrededor de 45cm x 45cm.<br \/>\n\u2022 Hecho de material premium para un uso duradero.<br \/>\n\u2022 El l\u00edmite de peso es de 110 kilos<\/p>\n","protected":false},"featured_media":4413,"comment_status":"open","ping_status":"closed","template":"","meta":{"_acf_changed":false},"product_brand":[1091],"product_cat":[992,1200,978,23],"product_tag":[486,585],"class_list":{"0":"post-4411","1":"product","2":"type-product","3":"status-publish","4":"has-post-thumbnail","6":"product_brand-deltamed","7":"product_cat-cojin","8":"product_cat-ofertas-2026","9":"product_cat-prevencion-antiescaras","10":"product_cat-ayudas-tecnicas-de-bano","11":"product_tag-ayudas-tecnicas","12":"product_tag-deltamed","13":"product_shipping_class-extra-pequeno","15":"first","16":"instock","17":"shipping-taxable","18":"purchasable","19":"product-type-simple"},"acf":[],"_links":{"self":[{"href":"https:\/\/deltamed.cl\/tienda\/wp-json\/wp\/v2\/product\/4411","targetHints":{"allow":["GET"]}}],"collection":[{"href":"https:\/\/deltamed.cl\/tienda\/wp-json\/wp\/v2\/product"}],"about":[{"href":"https:\/\/deltamed.cl\/tienda\/wp-json\/wp\/v2\/types\/product"}],"replies":[{"embeddable":true,"href":"https:\/\/deltamed.cl\/tienda\/wp-json\/wp\/v2\/comments?post=4411"}],"version-history":[{"count":2,"href":"https:\/\/deltamed.cl\/tienda\/wp-json\/wp\/v2\/product\/4411\/revisions"}],"predecessor-version":[{"id":10561,"href":"https:\/\/deltamed.cl\/tienda\/wp-json\/wp\/v2\/product\/4411\/revisions\/10561"}],"wp:featuredmedia":[{"embeddable":true,"href":"https:\/\/deltamed.cl\/tienda\/wp-json\/wp\/v2\/media\/4413"}],"wp:attachment":[{"href":"https:\/\/deltamed.cl\/tienda\/wp-json\/wp\/v2\/media?parent=4411"}],"wp:term":[{"taxonomy":"product_brand","embeddable":true,"href":"https:\/\/deltamed.cl\/tienda\/wp-json\/wp\/v2\/product_brand?post=4411"},{"taxonomy":"product_cat","embeddable":true,"href":"https:\/\/deltamed.cl\/tienda\/wp-json\/wp\/v2\/product_cat?post=4411"},{"taxonomy":"product_tag","embeddable":true,"href":"https:\/\/deltamed.cl\/tienda\/wp-json\/wp\/v2\/product_tag?post=4411"}],"curies":[{"name":"wp","href":"https:\/\/api.w.org\/{rel}","templated":true}]}}