{"id":4324,"date":"2022-07-18T17:36:04","date_gmt":"2022-07-18T20:36:04","guid":{"rendered":"https:\/\/deltamed.cl\/tienda\/?post_type=product&#038;p=4324"},"modified":"2026-03-25T21:44:12","modified_gmt":"2026-03-26T00:44:12","slug":"toallitas-antiseptica-alcoholpad-70-cranberry","status":"publish","type":"product","link":"https:\/\/deltamed.cl\/tienda\/producto\/toallitas-antiseptica-alcoholpad-70-cranberry\/","title":{"rendered":"Toallitas antisepticas alcoholpad 70% Cranberry"},"content":{"rendered":"<p>Toallitas antisepticas alcoholpad 70% Cranberry<\/p>\n<p>Marca: Cranberry.<br \/>\nMaterial:Toallita de tela no tejida de polipropileno, impregnada con 0,4grs \u00b1 0,1 de alcohol<br \/>\nisoprop\u00edlico al 70%<br \/>\nColor: Blanco.<br \/>\nTallas: Unica<br \/>\nPresentaci\u00f3n: Caja x 100 sachet.<\/p>\n<p>ESPECIFICACIONES T\u00c9CNICAS<br \/>\nFunci\u00f3n: Las toallitas impregnadas en alcohol son un insumo desechable. Est\u00e1n selladas de manera individual para conservar el<br \/>\nalcohol, siendo su envase de muy f\u00e1cil manipulaci\u00f3n. Poseen una variedad de funciones que van desde la antisepsia de la<br \/>\npiel, procedimiento realizado previo a cada punci\u00f3n, desinfecci\u00f3n de accesos en cat\u00e9teres venosos y arteriales,<br \/>\ndesinfecci\u00f3n de frascos y ampollas del \u00e1rea m\u00e9dica previo a su administraci\u00f3n y desinfecci\u00f3n de todo tipo de tubuladuras<br \/>\ndel \u00e1rea de la salud.<br \/>\nLibre de l\u00e1tex: S\u00ed<br \/>\nEst\u00e9ril: No<br \/>\nTama\u00f1o: Sachet 4,5 x 5 cm.<br \/>\nVigencia: 5 a\u00f1os a partir de la fecha de fabricaci\u00f3n indicada en el empaque.<br \/>\nAlmacenamiento: En lugar fresco y seco. Temperatura 5 a 30\u00b0C.<br \/>\nUso: Producto descartable para un solo uso. No reutilizar.<br \/>\nEmpaque primario: Papel herm\u00e9tico con interior metalizado que mantiene humedad del producto<\/p>\n<p>CARACTER\u00cdSTICAS DEL PRODUCTO<br \/>\nSuave: Si<br \/>\nSeguro: Si<br \/>\nHipoalerg\u00e9nico: No<br \/>\n&#8211; Cada toallita no tejida posee:<br \/>\n&#8211; 2 pliegues con un tama\u00f1o extendido de 60 \u00b1 5 mm ( largo) x 30 \u00b1 5mm ( ancho).<br \/>\n&#8211; 0,4 gramos de alcohol isoprop\u00edlico al 70%.<br \/>\n&#8211; Densidad de: 0,84 \u00b1 0,01 gr \/cm3.<\/p>\n<p>PROPIEDADES F\u00cdSICAS<br \/>\n&#8211; Eficaz antis\u00e9ptico y desinfectante.<br \/>\n&#8211; El alcohol al 70% es un excelente antis\u00e9ptico al disminuir la flora sapr\u00f3fita de nuestra piel, a excepci\u00f3n de las esporas bacterianas. Su acci\u00f3n se debe<br \/>\na la desnaturalizaci\u00f3n de las prote\u00ednas bacterianas y por ende con acci\u00f3n viral.<br \/>\n&#8211; Tambi\u00e9n posee acci\u00f3n c\u00f3mo desinfectante de superficies inanimadas teniendo una excelente acci\u00f3n con o sin limpieza previa de la superficie<br \/>\na desinfectar.<br \/>\n&#8211; El alcohol al 70% es seguro ya que no irrita las pieles que est\u00e1n indemnes. Si se presenta p\u00e9rdida de estructura cut\u00e1nea o heridas no lo us\u00e9 directo, ya<br \/>\nque provocar\u00e1 dolor y ardor.<br \/>\n&#8211; Las toallitas est\u00e1n selladas una a una en un empaque que conserva su humedad, disminuyendo adem\u00e1s la fuga del producto y su inflamabilidad.<br \/>\n&#8211; No usar si el empaque est\u00e1 da\u00f1ado.<\/p>\n<p>CERTIFICACIONES<br \/>\n&#8211; Certificado Libre L\u00e1tex.<\/p>\n","protected":false},"excerpt":{"rendered":"<p>Toallitas antisepticas alcoholpad 70% Cranberry<\/p>\n<p>Toallita impregnada de Alcohol Isoprop\u00edlico de 70\u00b0 est\u00e9ril. Sachet individual.<br \/>\nDesechable.<br \/>\n&#8211; Alcohol Pad Toallitas con Alcohol Isoprop\u00edlico<br \/>\n&#8211; Se usa directamente sobre superficie que se desea desinfectar o limpiar.<br \/>\n&#8211; Uso t\u00f3pico.<br \/>\n&#8211; Desechar despu\u00e9s de usar.<br \/>\n&#8211; Producto Est\u00e9ril.<br \/>\nPRESENTACI\u00d3N<br \/>\n&#8211; Alcohol Pad 100 sachets por caja.<\/p>\n","protected":false},"featured_media":4325,"comment_status":"open","ping_status":"closed","template":"","meta":{"_acf_changed":false},"product_brand":[1087],"product_cat":[94,373,384],"product_tag":[119],"class_list":{"0":"post-4324","1":"product","2":"type-product","3":"status-publish","4":"has-post-thumbnail","6":"product_brand-cranberry","7":"product_cat-insumos-desechables","8":"product_cat-algodon","9":"product_cat-otros","10":"product_tag-cranberry","11":"product_shipping_class-extra-pequeno","13":"first","14":"instock","15":"shipping-taxable","16":"purchasable","17":"product-type-simple"},"acf":[],"_links":{"self":[{"href":"https:\/\/deltamed.cl\/tienda\/wp-json\/wp\/v2\/product\/4324","targetHints":{"allow":["GET"]}}],"collection":[{"href":"https:\/\/deltamed.cl\/tienda\/wp-json\/wp\/v2\/product"}],"about":[{"href":"https:\/\/deltamed.cl\/tienda\/wp-json\/wp\/v2\/types\/product"}],"replies":[{"embeddable":true,"href":"https:\/\/deltamed.cl\/tienda\/wp-json\/wp\/v2\/comments?post=4324"}],"version-history":[{"count":3,"href":"https:\/\/deltamed.cl\/tienda\/wp-json\/wp\/v2\/product\/4324\/revisions"}],"predecessor-version":[{"id":9248,"href":"https:\/\/deltamed.cl\/tienda\/wp-json\/wp\/v2\/product\/4324\/revisions\/9248"}],"wp:featuredmedia":[{"embeddable":true,"href":"https:\/\/deltamed.cl\/tienda\/wp-json\/wp\/v2\/media\/4325"}],"wp:attachment":[{"href":"https:\/\/deltamed.cl\/tienda\/wp-json\/wp\/v2\/media?parent=4324"}],"wp:term":[{"taxonomy":"product_brand","embeddable":true,"href":"https:\/\/deltamed.cl\/tienda\/wp-json\/wp\/v2\/product_brand?post=4324"},{"taxonomy":"product_cat","embeddable":true,"href":"https:\/\/deltamed.cl\/tienda\/wp-json\/wp\/v2\/product_cat?post=4324"},{"taxonomy":"product_tag","embeddable":true,"href":"https:\/\/deltamed.cl\/tienda\/wp-json\/wp\/v2\/product_tag?post=4324"}],"curies":[{"name":"wp","href":"https:\/\/api.w.org\/{rel}","templated":true}]}}