{"id":4269,"date":"2022-07-08T17:44:45","date_gmt":"2022-07-08T20:44:45","guid":{"rendered":"https:\/\/deltamed.cl\/tienda\/?post_type=product&#038;p=4269"},"modified":"2026-04-08T02:24:39","modified_gmt":"2026-04-08T05:24:39","slug":"tela-oxido-zinc","status":"publish","type":"product","link":"https:\/\/deltamed.cl\/tienda\/producto\/tela-oxido-zinc\/","title":{"rendered":"Tela oxido zinc"},"content":{"rendered":"<p>Tela oxido zinc<br \/>\n<strong>valor unitario<\/strong><\/p>\n<p>El \u00f3xido de zinc es un compuesto qu\u00edmico blanco inerte que se utiliza en muchos campos como\u00a0<b>agente o relleno volum\u00e9trico y como pigmento blanco<\/b>.<\/p>\n<p>La cinta de yeso de \u00f3xido de zinc es una cinta adhesiva sin estiramiento. Sus usos son varios; a menudo se usan para prevenir lesiones, proteger heridas o sanar cortes m\u00e1s r\u00e1pido. La cinta puede ayudar en caso de que las heridas est\u00e9n expuestas o en \u00e1reas sensibles a la presi\u00f3n de la ropa o el movimiento.<\/p>\n<p>Impermeable. Optimo corte. Mejor adherencia al tomar contacto con el calor corporal.<\/p>\n<p>Tela adhesiva formada por un tejido de algod\u00f3n hidr\u00f3filo recubierto en una de sus caras (dorso) por un compuesto impermeabilizante inocuo que la hace a su vez muy flexible y suave al tacto. La cara interior est\u00e1 recubierta con adhesivo sensitivo a la presi\u00f3n de base caucho, no irritante ni nocivo para la piel, con alto contenido en \u00f3xido de Zinc.<\/p>\n<p>&nbsp;<\/p>\n<p><strong>Aplicaciones:<\/strong><\/p>\n<p>Sost\u00e9n de compresas.<\/p>\n<p>Se aplica directamente sobre la piel ejerciendo una ligera presi\u00f3n sobre ella. La capacidad de adhesi\u00f3n aumenta por la plasticidad del adhesivo que con la temperatura del cuerpo se adapta m\u00e1s a la piel.<\/p>\n<p>Condiciones de uso:<\/p>\n<p>La piel o superficie donde sea aplicada debe estar seca y libre de grasitud.<br \/>\nResulta relevante la presi\u00f3n que se efect\u00fae al utilizar el producto, para obtener la \u00f3ptima performance del mismo.<\/p>\n<p>Caracter\u00edsticas:<\/p>\n<p>Soporte: Tela de algod\u00f3n recubierta con dorso plastificante.<\/p>\n<p>Capa adhesiva: Adhesivo de caucho resina que no irrita la piel.<\/p>\n<ul>\n<li>CINTA TELA OXIDO ZINC 1,25 X 5MT. CAJA DE 12 UNID<\/li>\n<li>CINTA TELA OXIDO ZINC 2,25 X 5MT. CAJA DE 12 UNID<\/li>\n<li>CINTA TELA OXIDO ZINC 5 X 5MT. CAJA DE 6 UNID<\/li>\n<\/ul>\n","protected":false},"excerpt":{"rendered":"<p>Tela oxido zinc<br \/>\n<strong>valor unitario<\/strong><\/p>\n<p>El \u00f3xido de zinc es un compuesto qu\u00edmico blanco inerte que se utiliza en muchos campos como\u00a0<b>agente o relleno volum\u00e9trico y como pigmento blanco<\/b>.<\/p>\n<p>La cinta de yeso de \u00f3xido de zinc es una cinta adhesiva sin estiramiento. Sus usos son varios; a menudo se usan para prevenir lesiones, proteger heridas o sanar cortes m\u00e1s r\u00e1pido. La cinta puede ayudar en caso de que las heridas est\u00e9n expuestas o en \u00e1reas sensibles a la presi\u00f3n de la ropa o el movimiento.<\/p>\n<ul>\n<li>CINTA TELA OXIDO ZINC 1,25 X 5MT. CAJA DE 12 UNID<\/li>\n<li>CINTA TELA OXIDO ZINC 2,25 X 5MT. CAJA DE 12 UNID<\/li>\n<li>CINTA TELA OXIDO ZINC 5 X 5MT. CAJA DE 6 UNID<\/li>\n<\/ul>\n","protected":false},"featured_media":7321,"comment_status":"open","ping_status":"closed","template":"","meta":{"_acf_changed":false},"product_brand":[],"product_cat":[94,384],"product_tag":[],"class_list":{"0":"post-4269","1":"product","2":"type-product","3":"status-publish","4":"has-post-thumbnail","6":"product_cat-insumos-desechables","7":"product_cat-otros","8":"product_shipping_class-extra-pequeno","10":"first","11":"instock","12":"shipping-taxable","13":"purchasable","14":"product-type-variable"},"acf":[],"_links":{"self":[{"href":"https:\/\/deltamed.cl\/tienda\/wp-json\/wp\/v2\/product\/4269","targetHints":{"allow":["GET"]}}],"collection":[{"href":"https:\/\/deltamed.cl\/tienda\/wp-json\/wp\/v2\/product"}],"about":[{"href":"https:\/\/deltamed.cl\/tienda\/wp-json\/wp\/v2\/types\/product"}],"replies":[{"embeddable":true,"href":"https:\/\/deltamed.cl\/tienda\/wp-json\/wp\/v2\/comments?post=4269"}],"version-history":[{"count":4,"href":"https:\/\/deltamed.cl\/tienda\/wp-json\/wp\/v2\/product\/4269\/revisions"}],"predecessor-version":[{"id":11436,"href":"https:\/\/deltamed.cl\/tienda\/wp-json\/wp\/v2\/product\/4269\/revisions\/11436"}],"wp:featuredmedia":[{"embeddable":true,"href":"https:\/\/deltamed.cl\/tienda\/wp-json\/wp\/v2\/media\/7321"}],"wp:attachment":[{"href":"https:\/\/deltamed.cl\/tienda\/wp-json\/wp\/v2\/media?parent=4269"}],"wp:term":[{"taxonomy":"product_brand","embeddable":true,"href":"https:\/\/deltamed.cl\/tienda\/wp-json\/wp\/v2\/product_brand?post=4269"},{"taxonomy":"product_cat","embeddable":true,"href":"https:\/\/deltamed.cl\/tienda\/wp-json\/wp\/v2\/product_cat?post=4269"},{"taxonomy":"product_tag","embeddable":true,"href":"https:\/\/deltamed.cl\/tienda\/wp-json\/wp\/v2\/product_tag?post=4269"}],"curies":[{"name":"wp","href":"https:\/\/api.w.org\/{rel}","templated":true}]}}