{"id":384,"date":"2020-12-14T17:48:17","date_gmt":"2020-12-14T20:48:17","guid":{"rendered":"https:\/\/deltamed.cl\/tienda\/?post_type=product&#038;p=384"},"modified":"2026-02-27T13:30:28","modified_gmt":"2026-02-27T16:30:28","slug":"suero-ringer-lactato-500ml-b-braun","status":"publish","type":"product","link":"https:\/\/deltamed.cl\/tienda\/producto\/suero-ringer-lactato-500ml-b-braun\/","title":{"rendered":"Suero ringer lactato 500ml B. Braun"},"content":{"rendered":"<p>Suero ringer lactato 500ml B. Braun<\/p>\n<p>Soluci\u00f3n intravenosa que se utiliza principalmente para rehidratar a los pacientes y para equilibrar los electrolitos en el cuerpo. Contiene agua, sodio, potasio, calcio, lactato y cloruro.<\/p>\n<p>Algunas de sus principales indicaciones son:<br \/>\n<strong>Rehidrataci\u00f3n:<\/strong> Se utiliza en casos de deshidrataci\u00f3n, ya sea por diarrea, v\u00f3mitos o p\u00e9rdida de l\u00edquidos durante una cirug\u00eda.<br \/>\n<strong>Correcci\u00f3n de desequilibrios electrol\u00edticos:<\/strong> Ayuda a restaurar los niveles adecuados de electrolitos en el cuerpo.<br \/>\n<strong>Soporte durante cirug\u00edas:<\/strong> Se emplea para mantener la hidrataci\u00f3n y el equilibrio electrol\u00edtico durante procedimientos quir\u00fargicos.<br \/>\n<strong>Tratamiento de la acidosis:<\/strong> El lactato se metaboliza en bicarbonato, lo que puede ayudar a corregir la acidosis metab\u00f3lica.<br \/>\nEs importante administrarlo bajo supervisi\u00f3n m\u00e9dica, ya que la dosificaci\u00f3n y el uso deben adaptarse a las necesidades espec\u00edficas de cada paciente.<\/p>\n<p><strong>Composici\u00f3n cualitativa y cuantitativa<\/strong><br \/>\n<strong>Cada 100 ml de soluci\u00f3n contienen:<\/strong><br \/>\nPrincipios activos<br \/>\nSoluci\u00f3n de lactato de sodio al 50% 610 mg Cloruro de sodio 600 mg<br \/>\nCloruro de potasio 40 mg<br \/>\nCloruro de c\u00e1lcio.2H2O 13,4 mg<br \/>\nCloruro de magn\u00e9sio.6H2O 20,3 mg<br \/>\nComposici\u00f3n i\u00f3nica:<br \/>\nI\u00f3n calcio: 0,9 mmol\/l (1,8 meq\/l) I\u00f3n lactato: 27,2 mmol\/l (27,2 meq\/l )<br \/>\nI\u00f3n potasio: 5,4 mmol\/l (5,4 meq\/l) I\u00f3n cloruro: 111,9 mmol\/l (111,9 meq\/l )<br \/>\nI\u00f3n sodio: 129,9 mmol\/l (129,9 meq\/l) I\u00f3n magnesio: 1,0 mmol\/l (2,0 meq\/l)<br \/>\nOsmolaridad te\u00f3rica: 276 mosm\/l ph: 5,0-7,0<br \/>\nPara consultar la lista completa de excipientes, ver la secci\u00f3n 6.1.<\/p>\n<p><strong>Forma farmac\u00e9utica<\/strong><br \/>\nSoluci\u00f3n para perfusi\u00f3n.<br \/>\nSoluci\u00f3n transparente e incolora, sin part\u00edculas visibles, est\u00e9ril y apir\u00f3gena<\/p>\n<p><strong>Datos cl\u00ednicos<\/strong><br \/>\nIndicaciones terap\u00e9uticas<br \/>\nReposici\u00f3n hidroelectrol\u00edtica del fluido extracelular, como en estados de deshidrataci\u00f3n con p\u00e9rdida de electrolitos o en intervenciones quir\u00fargicas.<br \/>\nReposici\u00f3n del volumen plasm\u00e1tico a corto plazo en estados de shock hipovol\u00e9mico (hemorragias, quemaduras y otros problemas que provoquen p\u00e9rdidas del volumen circulatorio) o hipotensi\u00f3n.<br \/>\nEstados de acidosis metab\u00f3lica leve o moderada (excepto acidosis l\u00e1ctica).<\/p>\n<p><strong>B-Braun<\/strong><\/p>\n<div id=\"attachment_6933\" style=\"width: 310px\" class=\"wp-caption alignnone\"><img fetchpriority=\"high\" decoding=\"async\" aria-describedby=\"caption-attachment-6933\" class=\"size-medium wp-image-6933\" src=\"https:\/\/deltamed.cl\/tienda\/wp-content\/uploads\/2020\/12\/gsc_115747457_1253924_1-1-300x300.jpg\" alt=\"Suero ringer lactato B-Braun\" width=\"300\" height=\"300\" title=\"\" srcset=\"https:\/\/deltamed.cl\/tienda\/wp-content\/uploads\/2020\/12\/gsc_115747457_1253924_1-1-300x300.jpg 300w, https:\/\/deltamed.cl\/tienda\/wp-content\/uploads\/2020\/12\/gsc_115747457_1253924_1-1-150x150.jpg 150w, https:\/\/deltamed.cl\/tienda\/wp-content\/uploads\/2020\/12\/gsc_115747457_1253924_1-1-768x768.jpg 768w, https:\/\/deltamed.cl\/tienda\/wp-content\/uploads\/2020\/12\/gsc_115747457_1253924_1-1-600x600.jpg 600w, https:\/\/deltamed.cl\/tienda\/wp-content\/uploads\/2020\/12\/gsc_115747457_1253924_1-1-100x100.jpg 100w, https:\/\/deltamed.cl\/tienda\/wp-content\/uploads\/2020\/12\/gsc_115747457_1253924_1-1.jpg 1000w\" sizes=\"(max-width: 300px) 100vw, 300px\" \/><p id=\"caption-attachment-6933\" class=\"wp-caption-text\">Suero ringer lactato 500ml B. Braun<\/p><\/div>\n","protected":false},"excerpt":{"rendered":"<p>Suero ringer lactato 500ml B. Braun<\/p>\n<p>Soluci\u00f3n intravenosa que se utiliza principalmente para rehidratar a los pacientes y para equilibrar los electrolitos en el cuerpo. Contiene agua, sodio, potasio, calcio, lactato y cloruro.<\/p>\n<p>Algunas de sus principales indicaciones son:<br \/>\n<strong>Rehidrataci\u00f3n:<\/strong> Se utiliza en casos de deshidrataci\u00f3n, ya sea por diarrea, v\u00f3mitos o p\u00e9rdida de l\u00edquidos durante una cirug\u00eda.<br \/>\n<strong>Correcci\u00f3n de desequilibrios electrol\u00edticos:<\/strong> Ayuda a restaurar los niveles adecuados de electrolitos en el cuerpo.<br \/>\n<strong>Soporte durante cirug\u00edas:<\/strong> Se emplea para mantener la hidrataci\u00f3n y el equilibrio electrol\u00edtico durante procedimientos quir\u00fargicos.<br \/>\n<strong>Tratamiento de la acidosis:<\/strong> El lactato se metaboliza en bicarbonato, lo que puede ayudar a corregir la acidosis metab\u00f3lica.<br \/>\nEs importante administrarlo bajo supervisi\u00f3n m\u00e9dica, ya que la dosificaci\u00f3n y el uso deben adaptarse a las necesidades espec\u00edficas de cada paciente.<\/p>\n","protected":false},"featured_media":6933,"comment_status":"open","ping_status":"closed","template":"","meta":{"_acf_changed":false},"product_brand":[1133],"product_cat":[452,94,456,455],"product_tag":[233,234,217],"class_list":{"0":"post-384","1":"product","2":"type-product","3":"status-publish","4":"has-post-thumbnail","6":"product_brand-b-braun","7":"product_cat-suplementos-alimenticios","8":"product_cat-insumos-desechables","9":"product_cat-suero","10":"product_cat-sueros","11":"product_tag-ringer-lactato","12":"product_tag-solucion","13":"product_tag-suero","14":"product_shipping_class-extra-pequeno","16":"first","17":"outofstock","18":"shipping-taxable","19":"purchasable","20":"product-type-simple"},"acf":[],"_links":{"self":[{"href":"https:\/\/deltamed.cl\/tienda\/wp-json\/wp\/v2\/product\/384","targetHints":{"allow":["GET"]}}],"collection":[{"href":"https:\/\/deltamed.cl\/tienda\/wp-json\/wp\/v2\/product"}],"about":[{"href":"https:\/\/deltamed.cl\/tienda\/wp-json\/wp\/v2\/types\/product"}],"replies":[{"embeddable":true,"href":"https:\/\/deltamed.cl\/tienda\/wp-json\/wp\/v2\/comments?post=384"}],"version-history":[{"count":6,"href":"https:\/\/deltamed.cl\/tienda\/wp-json\/wp\/v2\/product\/384\/revisions"}],"predecessor-version":[{"id":13360,"href":"https:\/\/deltamed.cl\/tienda\/wp-json\/wp\/v2\/product\/384\/revisions\/13360"}],"wp:featuredmedia":[{"embeddable":true,"href":"https:\/\/deltamed.cl\/tienda\/wp-json\/wp\/v2\/media\/6933"}],"wp:attachment":[{"href":"https:\/\/deltamed.cl\/tienda\/wp-json\/wp\/v2\/media?parent=384"}],"wp:term":[{"taxonomy":"product_brand","embeddable":true,"href":"https:\/\/deltamed.cl\/tienda\/wp-json\/wp\/v2\/product_brand?post=384"},{"taxonomy":"product_cat","embeddable":true,"href":"https:\/\/deltamed.cl\/tienda\/wp-json\/wp\/v2\/product_cat?post=384"},{"taxonomy":"product_tag","embeddable":true,"href":"https:\/\/deltamed.cl\/tienda\/wp-json\/wp\/v2\/product_tag?post=384"}],"curies":[{"name":"wp","href":"https:\/\/api.w.org\/{rel}","templated":true}]}}