{"id":3529,"date":"2022-03-29T13:03:13","date_gmt":"2022-03-29T16:03:13","guid":{"rendered":"https:\/\/deltamed.cl\/tienda\/?post_type=product&#038;p=3529"},"modified":"2026-04-09T11:14:54","modified_gmt":"2026-04-09T14:14:54","slug":"cuello-sujecion-doi","status":"publish","type":"product","link":"https:\/\/deltamed.cl\/tienda\/producto\/cuello-sujecion-doi\/","title":{"rendered":"Cuello sujeci\u00f3n DOI"},"content":{"rendered":"<p>Cuello sujeci\u00f3n DOI<\/p>\n<p>El cuello de sujeci\u00f3n DOIo collar de sujeci\u00f3n cervical DOI es un dispositivo de fijaci\u00f3n y contenci\u00f3n de zona cervical. Se utiliza como collar de transporte para ni\u00f1os y adultos que pueden necesitar ayuda con el control de la cabeza y el cuello y la posici\u00f3n de la l\u00ednea media. Con apoyo de la mandibula y la regi\u00f3n occipital para mejorar la posici\u00f3n de la l\u00ednea media, la flexi\u00f3n del cuello y el control de la cabeza y el cuello. Tambi\u00e9n se puede utilizar con otros sistemas de asientos o en silla de ruedas. En Talla S, M, L.<\/p>\n<p>Contiene el cuello a nivel cervical y la barbilla de forma confortable.<br \/>\nCompuesto de espuma de poliuretano de alta densidad, cubierto con forro de hipora, forro respirable y resistente a rayos UV .<br \/>\nApoya menton cuadrado, talla S y M o medialuna Talla L<br \/>\nCinta de sujecion , para ranuras de Sitting control postural DOI, sillas u otras zonas de apoyo.<br \/>\nSe adapta a una circunferencia del cuello de 14<br \/>\nImpermeable a los fluidos y facil de limpiar<\/p>\n<p>Las dimensiones dependen de la talla de cuello.<\/p>\n","protected":false},"excerpt":{"rendered":"<p>Cuello sujeci\u00f3n DOI<\/p>\n<p>El cuello de sujeci\u00f3n DOIo collar de sujeci\u00f3n cervical DOI es un dispositivo de fijaci\u00f3n y contenci\u00f3n de zona cervical. Se utiliza como collar de transporte para ni\u00f1os y adultos que pueden necesitar ayuda con el control de la cabeza y el cuello y la posici\u00f3n de la l\u00ednea media. Con apoyo de la mandibula y la regi\u00f3n occipital para mejorar la posici\u00f3n de la l\u00ednea media, la flexi\u00f3n del cuello y el control de la cabeza y el cuello. Tambi\u00e9n se puede utilizar con otros sistemas de asientos o en silla de ruedas. En Talla S, M, L.<\/p>\n","protected":false},"featured_media":3530,"comment_status":"open","ping_status":"closed","template":"","meta":{"_acf_changed":false},"product_brand":[1106],"product_cat":[1033,1020,1197],"product_tag":[],"class_list":{"0":"post-3529","1":"product","2":"type-product","3":"status-publish","4":"has-post-thumbnail","6":"product_brand-doi","7":"product_cat-movilidad-ninos","8":"product_cat-ninos","9":"product_cat-otros-ninos","10":"product_shipping_class-pequeno","12":"first","13":"instock","14":"shipping-taxable","15":"purchasable","16":"product-type-variable"},"acf":[],"_links":{"self":[{"href":"https:\/\/deltamed.cl\/tienda\/wp-json\/wp\/v2\/product\/3529","targetHints":{"allow":["GET"]}}],"collection":[{"href":"https:\/\/deltamed.cl\/tienda\/wp-json\/wp\/v2\/product"}],"about":[{"href":"https:\/\/deltamed.cl\/tienda\/wp-json\/wp\/v2\/types\/product"}],"replies":[{"embeddable":true,"href":"https:\/\/deltamed.cl\/tienda\/wp-json\/wp\/v2\/comments?post=3529"}],"version-history":[{"count":2,"href":"https:\/\/deltamed.cl\/tienda\/wp-json\/wp\/v2\/product\/3529\/revisions"}],"predecessor-version":[{"id":20256,"href":"https:\/\/deltamed.cl\/tienda\/wp-json\/wp\/v2\/product\/3529\/revisions\/20256"}],"wp:featuredmedia":[{"embeddable":true,"href":"https:\/\/deltamed.cl\/tienda\/wp-json\/wp\/v2\/media\/3530"}],"wp:attachment":[{"href":"https:\/\/deltamed.cl\/tienda\/wp-json\/wp\/v2\/media?parent=3529"}],"wp:term":[{"taxonomy":"product_brand","embeddable":true,"href":"https:\/\/deltamed.cl\/tienda\/wp-json\/wp\/v2\/product_brand?post=3529"},{"taxonomy":"product_cat","embeddable":true,"href":"https:\/\/deltamed.cl\/tienda\/wp-json\/wp\/v2\/product_cat?post=3529"},{"taxonomy":"product_tag","embeddable":true,"href":"https:\/\/deltamed.cl\/tienda\/wp-json\/wp\/v2\/product_tag?post=3529"}],"curies":[{"name":"wp","href":"https:\/\/api.w.org\/{rel}","templated":true}]}}

Cuello sujeción DOI

<p>Cuello sujeción DOI</p>
<p>El cuello de sujeción DOIo collar de sujeción cervical DOI es un dispositivo de fijación y contención de zona cervical. Se utiliza como collar de transporte para niños y adultos que pueden necesitar ayuda con el control de la cabeza y el cuello y la posición de la línea media. Con apoyo de la mandibula y la región occipital para mejorar la posición de la línea media, la flexión del cuello y el control de la cabeza y el cuello. También se puede utilizar con otros sistemas de asientos o en silla de ruedas. En Talla S, M, L.</p>
<p>Contiene el cuello a nivel cervical y la barbilla de forma confortable.<br />
Compuesto de espuma de poliuretano de alta densidad, cubierto con forro de hipora, forro respirable y resistente a rayos UV .<br />
Apoya menton cuadrado, talla S y M o medialuna Talla L<br />
Cinta de sujecion , para ranuras de Sitting control postural DOI, sillas u otras zonas de apoyo.<br />
Se adapta a una circunferencia del cuello de 14<br />
Impermeable a los fluidos y facil de limpiar</p>
<p>Las dimensiones dependen de la talla de cuello.</p>

<p>Cuello sujeción DOI</p>
<p>El cuello de sujeción DOIo collar de sujeción cervical DOI es un dispositivo de fijación y contención de zona cervical. Se utiliza como collar de transporte para niños y adultos que pueden necesitar ayuda con el control de la cabeza y el cuello y la posición de la línea media. Con apoyo de la mandibula y la región occipital para mejorar la posición de la línea media, la flexión del cuello y el control de la cabeza y el cuello. También se puede utilizar con otros sistemas de asientos o en silla de ruedas. En Talla S, M, L.</p>
