{"id":3488,"date":"2022-03-23T16:56:39","date_gmt":"2022-03-23T19:56:39","guid":{"rendered":"https:\/\/deltamed.cl\/tienda\/?post_type=product&#038;p=3488"},"modified":"2026-04-09T11:17:06","modified_gmt":"2026-04-09T14:17:06","slug":"sitting-estandar-doi","status":"publish","type":"product","link":"https:\/\/deltamed.cl\/tienda\/producto\/sitting-estandar-doi\/","title":{"rendered":"Sitting est\u00e1ndar DOI"},"content":{"rendered":"<p>Sitting est\u00e1ndar DOI<\/p>\n<p>El Sitting Postural DOI resuelve los problemas de posicionamiento de la vida diaria. La forma del asiento moldeados es unica, esto permite que el Sitting DOI brinde un posicionamiento o un control postural con almohadillas o cu\u00f1as junto con pechera DOI y calz\u00f3n pelvico DOI. La forma del asiento ayuda a mantener la posici\u00f3n pelvica adecuada. El asiento Sitting DOI se puede usar en casa en un sofa o en una silla, en el transporte en auto y en avi\u00f3n. Las correas de sujecion traseras aseguran el asiento Sitting postural DOI en una silla, asiento o silla de ruedas.<\/p>\n<p>Incluye: Abductor, Calzon pelvico, Cu\u00f1as cabeza, Cu\u00f1as tronco<\/p>\n<p>Dimensiones alto x largo x ancho 67 cm x 44 cm x 38 cm<br \/>\nPeso Sitting DOI: 4 kilos<br \/>\nUsuario rango estatura 42cm 150 cmcon uso de cabezal de extension<br \/>\nFabricado en espuma de poliuretano<br \/>\nForro tela HIPORA respirable, impermeable y resistente a rayos UV.<br \/>\nSe adapta a usuarios con distintos rangos de perdida de control postural<br \/>\nMultiples usos: en silla, sillon, cama, traslado, auto (sobre alzador), avion entre otros.<br \/>\nRanuras para contenci\u00f3n de pelvis, tronco, cuello de sujeci\u00f3n DOI<br \/>\nIncluye abductor DOI<br \/>\nImpermeable a los fluidos y facil de limpiar.<\/p>\n<p><iframe title=\"Sitting Armado\" width=\"500\" height=\"281\" src=\"https:\/\/www.youtube.com\/embed\/orUvEvklW8o?feature=oembed\" frameborder=\"0\" allow=\"accelerometer; autoplay; clipboard-write; encrypted-media; gyroscope; picture-in-picture; web-share\" referrerpolicy=\"strict-origin-when-cross-origin\" allowfullscreen><\/iframe><\/p>\n","protected":false},"excerpt":{"rendered":"<p>Sitting est\u00e1ndar DOI<\/p>\n<p>El Sitting Postural DOI resuelve los problemas de posicionamiento de la vida diaria. La forma del asiento moldeados es unica, esto permite que el Sitting DOI brinde un posicionamiento o un control postural con almohadillas o cu\u00f1as junto con pechera DOI y calz\u00f3n pelvico DOI. La forma del asiento ayuda a mantener la posici\u00f3n pelvica adecuada. El asiento Sitting DOI se puede usar en casa en un sofa o en una silla, en el transporte en auto y en avi\u00f3n. Las correas de sujecion traseras aseguran el asiento Sitting postural DOI en una silla, asiento o silla de ruedas.<\/p>\n<p>Incluye Abductor, Calzon pelvico, Cu\u00f1as cabeza, Cu\u00f1as tronco<\/p>\n","protected":false},"featured_media":9999,"comment_status":"open","ping_status":"closed","template":"","meta":{"_acf_changed":false},"product_brand":[1106],"product_cat":[34,235],"product_tag":[869,868,870],"class_list":{"0":"post-3488","1":"product","2":"type-product","3":"status-publish","4":"has-post-thumbnail","6":"product_brand-doi","7":"product_cat-movilidad","8":"product_cat-ortopedia","9":"product_tag-control-postural","10":"product_tag-sitting","11":"product_tag-sitting-para-silla-de-ruedas","12":"product_shipping_class-mediano","14":"first","15":"instock","16":"shipping-taxable","17":"purchasable","18":"product-type-variable"},"acf":[],"_links":{"self":[{"href":"https:\/\/deltamed.cl\/tienda\/wp-json\/wp\/v2\/product\/3488","targetHints":{"allow":["GET"]}}],"collection":[{"href":"https:\/\/deltamed.cl\/tienda\/wp-json\/wp\/v2\/product"}],"about":[{"href":"https:\/\/deltamed.cl\/tienda\/wp-json\/wp\/v2\/types\/product"}],"replies":[{"embeddable":true,"href":"https:\/\/deltamed.cl\/tienda\/wp-json\/wp\/v2\/comments?post=3488"}],"version-history":[{"count":4,"href":"https:\/\/deltamed.cl\/tienda\/wp-json\/wp\/v2\/product\/3488\/revisions"}],"predecessor-version":[{"id":13023,"href":"https:\/\/deltamed.cl\/tienda\/wp-json\/wp\/v2\/product\/3488\/revisions\/13023"}],"wp:featuredmedia":[{"embeddable":true,"href":"https:\/\/deltamed.cl\/tienda\/wp-json\/wp\/v2\/media\/9999"}],"wp:attachment":[{"href":"https:\/\/deltamed.cl\/tienda\/wp-json\/wp\/v2\/media?parent=3488"}],"wp:term":[{"taxonomy":"product_brand","embeddable":true,"href":"https:\/\/deltamed.cl\/tienda\/wp-json\/wp\/v2\/product_brand?post=3488"},{"taxonomy":"product_cat","embeddable":true,"href":"https:\/\/deltamed.cl\/tienda\/wp-json\/wp\/v2\/product_cat?post=3488"},{"taxonomy":"product_tag","embeddable":true,"href":"https:\/\/deltamed.cl\/tienda\/wp-json\/wp\/v2\/product_tag?post=3488"}],"curies":[{"name":"wp","href":"https:\/\/api.w.org\/{rel}","templated":true}]}}