{"id":3477,"date":"2022-03-23T11:04:14","date_gmt":"2022-03-23T14:04:14","guid":{"rendered":"https:\/\/deltamed.cl\/tienda\/?post_type=product&#038;p=3477"},"modified":"2026-02-27T13:52:30","modified_gmt":"2026-02-27T16:52:30","slug":"guantes-esteril-50-pares-con-polvo-top-glove","status":"publish","type":"product","link":"https:\/\/deltamed.cl\/tienda\/producto\/guantes-esteril-50-pares-con-polvo-top-glove\/","title":{"rendered":"Guantes est\u00e9ril 50 pares con polvo Top glove"},"content":{"rendered":"<p>Guantes est\u00e9ril 50 pares con polvo Top glove<\/p>\n<p>Contiene: 1 caja con 50 pares.<\/p>\n<p>Guante l\u00e1tex quir\u00fargico est\u00e9ril ligeramente empolvado es una excelente barrera f\u00edsica.<br \/>\nEste guante brinda un calce c\u00f3modo, flexible y muy resistente, apto para usar en un tiempo prolongado.<br \/>\nSe usa en cl\u00ednicas, hospitales y laboratorios.<br \/>\nEl guante quir\u00fargico est\u00e9ril de l\u00e1tex levemente empolvado tiene caracter\u00edsticas anat\u00f3micas premium que no agotan la mano del usuario permitiendo un uso prolongado en el tiempo, su alta elasticidad y resistencia permite su uso en intervenciones quir\u00fargicas asegurando la mantenci\u00f3n de su estructura.<\/p>\n<p>Disponible en talla:<\/p>\n<ul>\n<li>6<\/li>\n<li>6.5<\/li>\n<li>7<\/li>\n<li>7.5<\/li>\n<li>8<\/li>\n<li>8.5<\/li>\n<\/ul>\n<p class=\"ui-pdp-family--REGULAR ui-pdp-list__text\"><span class=\"ui-pdp-color--BLACK ui-pdp-size--XSMALL ui-pdp-family--BOLD\">Es hipoalerg\u00e9nico<\/span>: S\u00ed<\/p>\n<p class=\"ui-pdp-family--REGULAR ui-pdp-list__text\"><span class=\"ui-pdp-color--BLACK ui-pdp-size--XSMALL ui-pdp-family--BOLD\">Vida \u00fatil<\/span>: 5 a\u00f1os<\/p>\n<p>Seguros y f\u00e1ciles de usar.<\/p>\n","protected":false},"excerpt":{"rendered":"<p>Guantes est\u00e9ril 50 pares con polvo Top glove<\/p>\n<p>Contiene: 1 caja con 50 pares.<\/p>\n<p>Guante l\u00e1tex quir\u00fargico est\u00e9ril ligeramente empolvado es una excelente barrera f\u00edsica.<br \/>\nEste guante brinda un calce c\u00f3modo, flexible y muy resistente, apto para usar en un tiempo prolongado.<br \/>\nSe usa en cl\u00ednicas, hospitales y laboratorios.<br \/>\nEl guante quir\u00fargico est\u00e9ril de l\u00e1tex levemente empolvado tiene caracter\u00edsticas anat\u00f3micas premium que no agotan la mano del usuario permitiendo un uso prolongado en el tiempo, su alta elasticidad y resistencia permite su uso en intervenciones quir\u00fargicas asegurando la mantenci\u00f3n de su estructura.<\/p>\n","protected":false},"featured_media":3478,"comment_status":"open","ping_status":"closed","template":"","meta":{"_acf_changed":false},"product_brand":[],"product_cat":[94,379],"product_tag":[],"class_list":{"0":"post-3477","1":"product","2":"type-product","3":"status-publish","4":"has-post-thumbnail","6":"product_cat-insumos-desechables","7":"product_cat-guantes","8":"product_shipping_class-pequeno","10":"first","11":"instock","12":"shipping-taxable","13":"purchasable","14":"product-type-variable"},"acf":[],"_links":{"self":[{"href":"https:\/\/deltamed.cl\/tienda\/wp-json\/wp\/v2\/product\/3477","targetHints":{"allow":["GET"]}}],"collection":[{"href":"https:\/\/deltamed.cl\/tienda\/wp-json\/wp\/v2\/product"}],"about":[{"href":"https:\/\/deltamed.cl\/tienda\/wp-json\/wp\/v2\/types\/product"}],"replies":[{"embeddable":true,"href":"https:\/\/deltamed.cl\/tienda\/wp-json\/wp\/v2\/comments?post=3477"}],"version-history":[{"count":2,"href":"https:\/\/deltamed.cl\/tienda\/wp-json\/wp\/v2\/product\/3477\/revisions"}],"predecessor-version":[{"id":17664,"href":"https:\/\/deltamed.cl\/tienda\/wp-json\/wp\/v2\/product\/3477\/revisions\/17664"}],"wp:featuredmedia":[{"embeddable":true,"href":"https:\/\/deltamed.cl\/tienda\/wp-json\/wp\/v2\/media\/3478"}],"wp:attachment":[{"href":"https:\/\/deltamed.cl\/tienda\/wp-json\/wp\/v2\/media?parent=3477"}],"wp:term":[{"taxonomy":"product_brand","embeddable":true,"href":"https:\/\/deltamed.cl\/tienda\/wp-json\/wp\/v2\/product_brand?post=3477"},{"taxonomy":"product_cat","embeddable":true,"href":"https:\/\/deltamed.cl\/tienda\/wp-json\/wp\/v2\/product_cat?post=3477"},{"taxonomy":"product_tag","embeddable":true,"href":"https:\/\/deltamed.cl\/tienda\/wp-json\/wp\/v2\/product_tag?post=3477"}],"curies":[{"name":"wp","href":"https:\/\/api.w.org\/{rel}","templated":true}]}}