{"id":333,"date":"2020-12-14T17:04:51","date_gmt":"2020-12-14T20:04:51","guid":{"rendered":"https:\/\/deltamed.cl\/tienda\/?post_type=product&#038;p=333"},"modified":"2026-02-27T13:30:26","modified_gmt":"2026-02-27T16:30:26","slug":"prontosan-solucion-frasco-350-ml","status":"publish","type":"product","link":"https:\/\/deltamed.cl\/tienda\/producto\/prontosan-solucion-frasco-350-ml\/","title":{"rendered":"Prontosan Soluci\u00f3n Frasco 350 ml"},"content":{"rendered":"<p>Prontosan Soluci\u00f3n Frasco 350 ml<\/p>\n<p>Prontosan Soluci\u00f3n Frasco 350 ml BBraun<\/p>\n<p>Soluci\u00f3n para el lavado de heridas, posee una excelente capacidad de limpieza y de descontaminaci\u00f3n de la superf\u00edcie tisular incluso en superficies de dif\u00edcil acceso, como cavidades, grietas o heridas profundas. Su aplicaci\u00f3n no produce dolor y es bien tolerada por los al\u00e9rgicos.<\/p>\n<p>Los olores desagradables de la herida desaparecen r\u00e1pidamente.<\/p>\n<p><strong>Composici\u00f3n &#8211; Datos T\u00e9cnicos<\/strong><\/p>\n<p>Soluci\u00f3n para el lavado, descontaminaci\u00f3n e hidrataci\u00f3n de heridas:<\/p>\n<p>Agua purificada.<br \/>\n0.1 % Undecilenamidopropil beta\u00edna.<br \/>\n0.1 % Polihexanida.<\/p>\n<p><strong>Aspecto y olor<\/strong>: Soluci\u00f3n acuosa clara, y pr\u00e1cticamente inodora.<\/p>\n<p>Conservaci\u00f3n y periodo de utilizaci\u00f3n: 8 semanas una vez abierta la botella. La soluci\u00f3n para el lavado de heridas, Prontosan, est\u00e1n conservados de forma que el riesgo de diseminaci\u00f3n de microorganismo se encuentra reducidos considerablemente.<\/p>\n<p><strong>Ventajas:<\/strong><br \/>\nProntosan\u00ae Soluci\u00f3n puede emplearse en los siguientes casos:<\/p>\n<p>Heridas agudas (mec\u00e1nicas y post-operatorias), heridas cr\u00f3nicas, t\u00e9rmicas o qu\u00edmicas, \u00falceras post-radiaci\u00f3n, f\u00edstulas, abcesos y celulitis, puertos de entrada para cat\u00e9teres urol\u00f3gicos y tubos de drenaje, limpieza de la piel periestomal, limpieza e irrigaci\u00f3n intraoperativa de heridas, humidifaci\u00f3n de vendajes y ap\u00f3sitos de heridas, etc.<\/p>\n<p><strong>1. Para limpieza, irrigaci\u00f3n mas humedecimiento y descontrol de:<\/strong><\/p>\n<p>A- Heridas Agudas:<\/p>\n<p>Heridas mec\u00e1nicas: laceraciones de la piel, mordeduras, cortes, rasgu\u00f1os y heridas por desgarro o aplastamiento.<br \/>\nHeridas post-operatorias.<br \/>\nB- Heridas Cr\u00f3nicas:<\/p>\n<p>Ulceras en pacientes encamados.<br \/>\nUlceras en las piernas.<br \/>\nUlceras en pacientes diab\u00e9ticos.<br \/>\nC- Heridas t\u00e9rmicas o qu\u00edmicas:<\/p>\n<p>Quemaduras de 1er y 2do grado.<br \/>\nQuemaduras de tegumento.<br \/>\nD- Ulceras post-radiaci\u00f3n.<\/p>\n<p>F- Fistulas, abscesos y celulitis.<\/p>\n<p>G- Puerto de entrada para cat\u00e9teres urol\u00f3gicos, tubos de PEG y tubos de drenajes.<\/p>\n<p>H- Limpieza de piel periostomal.<\/p>\n<p>2. Para limpieza e irrigaci\u00f3n intraoperativa de heridas en operaciones de explotaci\u00f3n en casos de lesiones severas de las extremidades.<\/p>\n<p>3. Para irrigaci\u00f3n y limpieza mec\u00e1nica de heridas durante la terapia de instilaci\u00f3n.<\/p>\n<p>4. Para la humidificaci\u00f3n de vendajes y ap\u00f3sitos de heridas tales como compresas, gasas, almohadillas, esponjas, geles, hidrofibras, alginatos, hidrocoloides y similares y durante el cambio de los ap\u00f3sitos para disolver vendajes u otros ap\u00f3sitos incrustados.<\/p>\n<ul>\n<li><strong>Modo de empleo:<\/strong><br \/>\nLas heridas deben siempre lavarse y limpiarse en lo posible con Prontosan Soluci\u00f3n para el lavado de heridas.<br \/>\nSe aconseja el empleo de ap\u00f3sito o vendas impregnadas con Prontosan.<br \/>\nDebe utilizarse tantas veces sea necesario para que todos los dep\u00f3sitos y tejidos neurotizados se puedan retirar f\u00e1cilmente y la herida aparezca limpia. Esta es una buena condici\u00f3n previa para la curaci\u00f3n natural de la herida y permite el desbridamiento quir\u00fargico en condiciones \u00f3ptimas de visibilidad y seguridad.<br \/>\nLimpieza de la zona de la herida:<br \/>\nCon el fin de minimizar el riesgo de diseminaci\u00f3n de microorganismo en la herida, se recomienda la limpieza cuidadosa de una gran \u00e1rea alrededor de la herida con Prontosan &#8211; Soluci\u00f3n.<br \/>\nEn caso de necesario, se recomienda la higienizaci\u00f3n mediante lavado con un producto adecuado de toda la parte del cuerpo del paciente. Le rogamos nos soliciten informaci\u00f3n especifica sobre descontaminaci\u00f3n SARM.<br \/>\nEn caso de heridas de gran superficie o tambi\u00e9n de dif\u00edcil acceso es aconsejable la inmersi\u00f3n de toda la parte del cuerpo, al menos durante 15 minutos, en Protosan &#8211; Soluci\u00f3n. La soluci\u00f3n debe utilizarse sin diluir.<br \/>\nAplicaci\u00f3n en casos de vendajes incrustados o en cambios complicado de ap\u00f3sitos<br \/>\nLos vendajes a menudo se incrustan y se adhieren a la superficie de las heridas. Si estos vendajes se retiran sin humedecer (por cuestiones de tiempo), pueden producirse nuevas lesiones en el lecho de la herida, lo que prolongar\u00e1 su cicatrizaci\u00f3n. En los casos de vendajes que son dif\u00edcil de eliminar, se remienda humedecerlos con Prontosan &#8211; Soluci\u00f3n hasta que sea posible retirarlos suavemente sin traumatizar la superficie de la herida. Si las instrucciones son persistentes o extensas, saturar o ba\u00f1ar toda la parte del cuerpo con Prontosan &#8211; Soluci\u00f3n hasta que los vendajes puedan ser eliminados f\u00e1cilmente.<\/li>\n<li>Tolerancia tisular y biocampatibilidad<br \/>\nNo citot\u00f3xico, no irritante, no sensibilizante, indoloro, sin efecto inhibidor de la granulaci\u00f3n o epitelizaci\u00f3n, dermat\u00f3logicamente inocuo. A trav\u00e9s de su aplicaci\u00f3n cl\u00ednica durante a\u00f1os ha quedado demostrada la alta tolerancia tisular a la polihexanida y a la undecilenamidopropil beta\u00edna incluso en pacientes que presentan heridas cr\u00f3nicas muy antiguas.<\/li>\n<\/ul>\n<p>Efectos adversos<br \/>\nAlgunas publicaciones indican que en casos muy raros pueda haber correlaci\u00f3n entre la incidencia de una reacci\u00f3n anafil\u00e1ctica y la sustancia Poliaminopropil Biguanida (Polihexanida)<\/p>\n<p>Contraindicaciones<br \/>\nPuesto que nunca se pueden descartar las reacciones al\u00e9rgicas, no debe aplicarse Prontosan &#8211; Soluci\u00f3n en caso de que el paciente presente alergias conocidas o de sospecha de las mismas frente a alguno de sus componentes.<br \/>\nProntosan &#8211; Soluci\u00f3n no debe utilizarse en el SNC o en las meninges, en el o\u00eddo medio o interno, en los ojos o para irrigaci\u00f3n intra-peritoneal.<br \/>\nEst\u00e1 contraindicaci\u00f3n su uso de cartilago hialino y en operaciones as\u00e9pticas de articulaciones. sin embargo, si Prontosan &#8211; Soluci\u00f3n entra en contacto con cart\u00edlago as\u00e9ptico, \u00e9ste debe irrigarse inmediatamente con soluci\u00f3n de Ringer sin lactato o con soluci\u00f3n salina fisiol\u00f3gica.<br \/>\nNo utilizar en combinaci\u00f3n con tensioactivos ani\u00f3nicos, puesto que \u00e9stos pueden alterar su conservaci\u00f3n.<br \/>\nProntosan &#8211; Soluci\u00f3n tampoco debe mezclarse con otros jabones limpiadores de heridas, pomadas, aceites o enzimas etc. Al eliminar dichas sustancias de la herida, debe comprobarse que \u00e9stas hayan sido arrastradas completamente con Prontosan &#8211; Soluci\u00f3n.<\/p>\n","protected":false},"excerpt":{"rendered":"<p>Prontosan Soluci\u00f3n Frasco 350 ml<\/p>\n<p>Soluci\u00f3n para el lavado de heridas, posee una excelente capacidad de limpieza y de descontaminaci\u00f3n de la superf\u00edcie tisular incluso en superficies de dif\u00edcil acceso, como cavidades, grietas o heridas profundas. Su aplicaci\u00f3n no produce dolor y es bien tolerada por los al\u00e9rgicos.<\/p>\n<p>Los olores desagradables de la herida desaparecen r\u00e1pidamente.<\/p>\n<p><strong>Ventajas:<\/strong><br \/>\nProntosan\u00ae Soluci\u00f3n puede emplearse en los siguientes casos:<\/p>\n<p>Heridas agudas (mec\u00e1nicas y post-operatorias), heridas cr\u00f3nicas, t\u00e9rmicas o qu\u00edmicas, \u00falceras post-radiaci\u00f3n, f\u00edstulas, abcesos y celulitis, puertos de entrada para cat\u00e9teres urol\u00f3gicos y tubos de drenaje, limpieza de la piel periestomal, limpieza e irrigaci\u00f3n intraoperativa de heridas, humidifaci\u00f3n de vendajes y ap\u00f3sitos de heridas, etc.<\/p>\n","protected":false},"featured_media":334,"comment_status":"open","ping_status":"closed","template":"","meta":{"_acf_changed":false},"product_brand":[1133],"product_cat":[36],"product_tag":[108,207,206],"class_list":{"0":"post-333","1":"product","2":"type-product","3":"status-publish","4":"has-post-thumbnail","6":"product_brand-b-braun","7":"product_cat-tratamiento-de-herida","8":"product_tag-heridas","9":"product_tag-lavado","10":"product_tag-prontosan","11":"product_shipping_class-pequeno","13":"first","14":"outofstock","15":"shipping-taxable","16":"purchasable","17":"product-type-simple"},"acf":[],"_links":{"self":[{"href":"https:\/\/deltamed.cl\/tienda\/wp-json\/wp\/v2\/product\/333","targetHints":{"allow":["GET"]}}],"collection":[{"href":"https:\/\/deltamed.cl\/tienda\/wp-json\/wp\/v2\/product"}],"about":[{"href":"https:\/\/deltamed.cl\/tienda\/wp-json\/wp\/v2\/types\/product"}],"replies":[{"embeddable":true,"href":"https:\/\/deltamed.cl\/tienda\/wp-json\/wp\/v2\/comments?post=333"}],"version-history":[{"count":1,"href":"https:\/\/deltamed.cl\/tienda\/wp-json\/wp\/v2\/product\/333\/revisions"}],"predecessor-version":[{"id":8890,"href":"https:\/\/deltamed.cl\/tienda\/wp-json\/wp\/v2\/product\/333\/revisions\/8890"}],"wp:featuredmedia":[{"embeddable":true,"href":"https:\/\/deltamed.cl\/tienda\/wp-json\/wp\/v2\/media\/334"}],"wp:attachment":[{"href":"https:\/\/deltamed.cl\/tienda\/wp-json\/wp\/v2\/media?parent=333"}],"wp:term":[{"taxonomy":"product_brand","embeddable":true,"href":"https:\/\/deltamed.cl\/tienda\/wp-json\/wp\/v2\/product_brand?post=333"},{"taxonomy":"product_cat","embeddable":true,"href":"https:\/\/deltamed.cl\/tienda\/wp-json\/wp\/v2\/product_cat?post=333"},{"taxonomy":"product_tag","embeddable":true,"href":"https:\/\/deltamed.cl\/tienda\/wp-json\/wp\/v2\/product_tag?post=333"}],"curies":[{"name":"wp","href":"https:\/\/api.w.org\/{rel}","templated":true}]}}