{"id":308,"date":"2020-12-14T16:54:03","date_gmt":"2020-12-14T19:54:03","guid":{"rendered":"https:\/\/deltamed.cl\/tienda\/?post_type=product&#038;p=308"},"modified":"2026-03-26T12:12:33","modified_gmt":"2026-03-26T15:12:33","slug":"jeringa-3-cc-lock-c-a-21-x-1-1-2-cranberry","status":"publish","type":"product","link":"https:\/\/deltamed.cl\/tienda\/producto\/jeringa-3-cc-lock-c-a-21-x-1-1-2-cranberry\/","title":{"rendered":"Jeringa 3 cc lock c\/a 21 x 1 1\/2 Cranberry"},"content":{"rendered":"<p>Jeringa 3 cc lock c\/a 21 x 1 1\/2 Cranberry<\/p>\n<p><strong>Caja X 100 unidades<\/strong><\/p>\n<p>Dispositivo m\u00e9dico est\u00e9ril. Consiste en un \u00e9mbolo insertado en un cuerpo que tiene una peque\u00f1a apertura en uno de sus extremos. Las jeringas de 3 y 5 ml poseen alta velocidad de flujo, mientras las de 10 y 20 ml inyectan a velocidad baja por la resistencia que ofrece el cuerpo de la jeringa. La conexi\u00f3n Luer lock asegura ser firme y segura entre la aguja y el cuerpo de la jeringa. Son utilizadas para administrar medicamentos y soluciones por v\u00eda endovenosa, intramuscular y oral (sin el uso de la aguja en este \u00faltimo caso). Producto desechable, no reutilizar.<\/p>\n<p>&#8211; Todas nuestras jeringas se encuentran registradas en el Instituto de Salud P\u00fablica de Chile (ISP).<\/p>\n<p>&#8211; Suave deslizamiento del \u00e9mbolo.<\/p>\n<p>&#8211; El sistema luer look evita fugas de los l\u00edquidos que pueda contener la jeringa.<\/p>\n<p>&#8211; N\u00fameros claros e indelebles<\/p>\n<p>Este producto cuenta con las siguientes certificaciones:<br \/>\n&#8211; Certificado Libre L\u00e1tex.<br \/>\n&#8211; ISO 13485 \u2013 2012.<br \/>\n&#8211; FDA certificate.<\/p>\n<p>AAJECR03<\/p>\n","protected":false},"excerpt":{"rendered":"<p>Jeringa 3 cc lock c\/a 21 x 1 1\/2 Cranberry<br \/>\n<strong>Caja X 100 unidades<\/strong><\/p>\n<p>Dispositivo m\u00e9dico est\u00e9ril. Consiste en un \u00e9mbolo insertado en un cuerpo que tiene una peque\u00f1a apertura en uno de sus extremos. Las jeringas de 3 y 5 ml poseen alta velocidad de flujo, mientras las de 10 y 20 ml inyectan a velocidad baja por la resistencia que ofrece el cuerpo de la jeringa. La conexi\u00f3n Luer lock asegura ser firme y segura entre la aguja y el cuerpo de la jeringa. Son utilizadas para administrar medicamentos y soluciones por v\u00eda endovenosa, intramuscular y oral (sin el uso de la aguja en este \u00faltimo caso). Producto desechable, no reutilizar.<\/p>\n","protected":false},"featured_media":309,"comment_status":"open","ping_status":"closed","template":"","meta":{"_acf_changed":false},"product_brand":[1087],"product_cat":[94,370],"product_tag":[188,119,118,123,189],"class_list":{"0":"post-308","1":"product","2":"type-product","3":"status-publish","4":"has-post-thumbnail","6":"product_brand-cranberry","7":"product_cat-insumos-desechables","8":"product_cat-jeringas","9":"product_tag-3ml","10":"product_tag-cranberry","11":"product_tag-desechable","12":"product_tag-jeringa","13":"product_tag-luer-lock","14":"product_shipping_class-pequeno","16":"first","17":"instock","18":"shipping-taxable","19":"purchasable","20":"product-type-simple"},"acf":[],"_links":{"self":[{"href":"https:\/\/deltamed.cl\/tienda\/wp-json\/wp\/v2\/product\/308","targetHints":{"allow":["GET"]}}],"collection":[{"href":"https:\/\/deltamed.cl\/tienda\/wp-json\/wp\/v2\/product"}],"about":[{"href":"https:\/\/deltamed.cl\/tienda\/wp-json\/wp\/v2\/types\/product"}],"replies":[{"embeddable":true,"href":"https:\/\/deltamed.cl\/tienda\/wp-json\/wp\/v2\/comments?post=308"}],"version-history":[{"count":2,"href":"https:\/\/deltamed.cl\/tienda\/wp-json\/wp\/v2\/product\/308\/revisions"}],"predecessor-version":[{"id":12442,"href":"https:\/\/deltamed.cl\/tienda\/wp-json\/wp\/v2\/product\/308\/revisions\/12442"}],"wp:featuredmedia":[{"embeddable":true,"href":"https:\/\/deltamed.cl\/tienda\/wp-json\/wp\/v2\/media\/309"}],"wp:attachment":[{"href":"https:\/\/deltamed.cl\/tienda\/wp-json\/wp\/v2\/media?parent=308"}],"wp:term":[{"taxonomy":"product_brand","embeddable":true,"href":"https:\/\/deltamed.cl\/tienda\/wp-json\/wp\/v2\/product_brand?post=308"},{"taxonomy":"product_cat","embeddable":true,"href":"https:\/\/deltamed.cl\/tienda\/wp-json\/wp\/v2\/product_cat?post=308"},{"taxonomy":"product_tag","embeddable":true,"href":"https:\/\/deltamed.cl\/tienda\/wp-json\/wp\/v2\/product_tag?post=308"}],"curies":[{"name":"wp","href":"https:\/\/api.w.org\/{rel}","templated":true}]}}