{"id":301,"date":"2020-12-14T15:02:03","date_gmt":"2020-12-14T18:02:03","guid":{"rendered":"https:\/\/deltamed.cl\/tienda\/?post_type=product&#038;p=301"},"modified":"2026-02-27T13:30:26","modified_gmt":"2026-02-27T16:30:26","slug":"ultrasonido-us1000-3ra-edicion","status":"publish","type":"product","link":"https:\/\/deltamed.cl\/tienda\/producto\/ultrasonido-us1000-3ra-edicion\/","title":{"rendered":"Ultrasonido us1000 3ra edici\u00f3n"},"content":{"rendered":"<p>Ultrasonido us1000 3ra edici\u00f3n<\/p>\n<p>Esta unidad de ultrasonido port\u00e1til produce ondas ultras\u00f3nicas continuas por minuto, lo que produce una profunda penetraci\u00f3n subcut\u00e1nea. Alivia dolores, inflamaciones, espasmos musculares, etc, a trav\u00e9s de la penetraci\u00f3n de calor en los diversos tejidos del cuerpo mediante un gel conductor.<\/p>\n<p>Puede ser utilizado en la espalda, piernas, brazos, muslos, entre otros. Tiene tres niveles de controles manuales (bajo, medio, alto), y se apaga automaticamente a los 30 minutos.<\/p>\n<p>Especificaciones t\u00e9cnicas y caracter\u00edsticas del producto Ultrasonido port\u00e1til<br \/>\nFrecuencia 1 MHz \u00b1 10%<br \/>\nTipo de Onda Pulso<br \/>\nAncho de pulso 8% 0.5 \u00b5s \u00b1 10%; 14% 1 \u00b5s \u00b1 10%; 29 % 2 \u00b5s \u00b1 10%<br \/>\nRango de repetici\u00f3n 150 Hz \u00b1 10%<br \/>\nCorriente temporal m\u00e1xima 4W \u00b1 20%<br \/>\nIntensidad efectiva temporal m\u00e1xima 0.65W\/cm\u00b2 \u00b1 20%<br \/>\nERA 6.16 cm\u00b2<br \/>\nBNR Max. 5.5 : 1<br \/>\nAuto-indicador de tiempo 30 minutos \u00b1 10%<br \/>\nIntensidad de salida L: 0.18W\/cm\u00b2; M: 0.48W\/cm\u00b2; H: 0.65W\/cm\u00b2<br \/>\nControl Manual\/ 3 niveles: Bajo (L); Medio (M); Alto (H))<br \/>\nTama\u00f1o 172 mm largo x 54 mm ancho x 42 mm alto<br \/>\nPeso 120 gr.<br \/>\nAlimentaci\u00f3n Adaptador de corriente<\/p>\n","protected":false},"excerpt":{"rendered":"<p>Ultrasonido us1000 3ra edici\u00f3n<\/p>\n<p>Esta unidad de ultrasonido port\u00e1til produce ondas ultras\u00f3nicas continuas por minuto, lo que produce una profunda penetraci\u00f3n subcut\u00e1nea. Alivia dolores, inflamaciones, espasmos musculares, etc, a trav\u00e9s de la penetraci\u00f3n de calor en los diversos tejidos del cuerpo mediante un gel conductor.<\/p>\n<p>Puede ser utilizado en la espalda, piernas, brazos, muslos, entre otros. Tiene tres niveles de controles manuales (bajo, medio, alto), y se apaga automaticamente a los 30 minutos.<\/p>\n","protected":false},"featured_media":2671,"comment_status":"open","ping_status":"closed","template":"","meta":{"_acf_changed":false},"product_brand":[],"product_cat":[37],"product_tag":[110,109,181],"class_list":{"0":"post-301","1":"product","2":"type-product","3":"status-publish","4":"has-post-thumbnail","6":"product_cat-kinesiologia","7":"product_tag-dolor","8":"product_tag-terapia","9":"product_tag-ultrasonido","10":"product_shipping_class-pequeno","12":"first","13":"instock","14":"shipping-taxable","15":"purchasable","16":"product-type-simple"},"acf":[],"_links":{"self":[{"href":"https:\/\/deltamed.cl\/tienda\/wp-json\/wp\/v2\/product\/301","targetHints":{"allow":["GET"]}}],"collection":[{"href":"https:\/\/deltamed.cl\/tienda\/wp-json\/wp\/v2\/product"}],"about":[{"href":"https:\/\/deltamed.cl\/tienda\/wp-json\/wp\/v2\/types\/product"}],"replies":[{"embeddable":true,"href":"https:\/\/deltamed.cl\/tienda\/wp-json\/wp\/v2\/comments?post=301"}],"version-history":[{"count":3,"href":"https:\/\/deltamed.cl\/tienda\/wp-json\/wp\/v2\/product\/301\/revisions"}],"predecessor-version":[{"id":8374,"href":"https:\/\/deltamed.cl\/tienda\/wp-json\/wp\/v2\/product\/301\/revisions\/8374"}],"wp:featuredmedia":[{"embeddable":true,"href":"https:\/\/deltamed.cl\/tienda\/wp-json\/wp\/v2\/media\/2671"}],"wp:attachment":[{"href":"https:\/\/deltamed.cl\/tienda\/wp-json\/wp\/v2\/media?parent=301"}],"wp:term":[{"taxonomy":"product_brand","embeddable":true,"href":"https:\/\/deltamed.cl\/tienda\/wp-json\/wp\/v2\/product_brand?post=301"},{"taxonomy":"product_cat","embeddable":true,"href":"https:\/\/deltamed.cl\/tienda\/wp-json\/wp\/v2\/product_cat?post=301"},{"taxonomy":"product_tag","embeddable":true,"href":"https:\/\/deltamed.cl\/tienda\/wp-json\/wp\/v2\/product_tag?post=301"}],"curies":[{"name":"wp","href":"https:\/\/api.w.org\/{rel}","templated":true}]}}