{"id":2855,"date":"2021-12-10T12:42:29","date_gmt":"2021-12-10T15:42:29","guid":{"rendered":"https:\/\/deltamed.cl\/tienda\/?post_type=product&#038;p=2855"},"modified":"2026-02-27T13:30:38","modified_gmt":"2026-02-27T16:30:38","slug":"balanza-de-piso-con-electrodos-seca-804","status":"publish","type":"product","link":"https:\/\/deltamed.cl\/tienda\/producto\/balanza-de-piso-con-electrodos-seca-804\/","title":{"rendered":"Balanza de piso con electrodos seca 804"},"content":{"rendered":"<p>Balanza de piso con electrodos seca 804<\/p>\n<p class=\"content-teaser\">B\u00e1scula digital con 24 electrodos cromados y funci\u00f3n BF\/BW.<\/p>\n<p>La\u00a0pesa digital seca 804\u00a0mide la composici\u00f3n corporal individual del usuario con facilidad, rapidez y\u00a0precisi\u00f3n. Los electrodos cromados de alta conductividad\u00a0 aseguran resultados exactos. la distribuci\u00f3n de los electrodos en la plataforma corresponde con la posici\u00f3n natural de los pies, de modo que el usuario no tendr\u00e1 que adoptar ninguna postura espec\u00edfica.<\/p>\n<p class=\"content-teaser\">Esta balanza mide el contenido de grasa y de agua corporal y comprueba autom\u00e1ticamente el BMI.\u00a0 La pesa digital SECA 804 es\u00a0<span lang=\"ES-CL\" xml:lang=\"ES-CL\">capaz de reconocer autom\u00e1ticamente a cada uno de sus usuarios, una vez que hayan introducido la edad, el sexo, la talla y el estado de forma.<\/span><\/p>\n<p><strong>Caracter\u00edsticas:<\/strong><\/p>\n<ul>\n<li>Almacenamiento de datos individuales<\/li>\n<li>Medici\u00f3n precisa de la composici\u00f3n corporal<\/li>\n<li>La b\u00e1scula dispone de cuatro memorias internas para la introducci\u00f3n de datos.<\/li>\n<li>reconoce autom\u00e1ticamente a cada usuario por su peso (con una tolerancia de \u00b1 1 kg), y en cada medici\u00f3n de BW\/BF se remitir\u00e1 a los datos incorporados.<\/li>\n<\/ul>\n<div id=\"attachment_2857\" style=\"width: 310px\" class=\"wp-caption alignnone\"><img decoding=\"async\" aria-describedby=\"caption-attachment-2857\" class=\"size-medium wp-image-2857\" src=\"https:\/\/deltamed.cl\/tienda\/wp-content\/uploads\/2021\/12\/BALANZA-804-300x150.jpg\" alt=\"Balanza de piso con electrodos seca 804\" width=\"300\" height=\"150\" title=\"\" srcset=\"https:\/\/deltamed.cl\/tienda\/wp-content\/uploads\/2021\/12\/BALANZA-804-300x150.jpg 300w, https:\/\/deltamed.cl\/tienda\/wp-content\/uploads\/2021\/12\/BALANZA-804.jpg 465w\" sizes=\"(max-width: 300px) 100vw, 300px\" \/><p id=\"caption-attachment-2857\" class=\"wp-caption-text\">Balanza de piso con electrodos seca 804<\/p><\/div>\n","protected":false},"excerpt":{"rendered":"<p>Balanza de piso con electrodos seca 804<\/p>\n<p class=\"content-teaser\">B\u00e1scula digital con 24 electrodos cromados y funci\u00f3n BF\/BW.<\/p>\n<p>Esta balanza mide el contenido de grasa y de agua corporal y comprueba autom\u00e1ticamente el BMI.\u00a0 La pesa digital SECA 804 es\u00a0<span lang=\"ES-CL\" xml:lang=\"ES-CL\">capaz de reconocer autom\u00e1ticamente a cada uno de sus usuarios, una vez que hayan introducido la edad, el sexo, la talla y el estado de forma.<\/span><\/p>\n","protected":false},"featured_media":2857,"comment_status":"open","ping_status":"closed","template":"","meta":{"_acf_changed":false},"product_brand":[1107],"product_cat":[15,357],"product_tag":[674,675],"class_list":{"0":"post-2855","1":"product","2":"type-product","3":"status-publish","4":"has-post-thumbnail","6":"product_brand-seca","7":"product_cat-medicion-y-diagnostico","8":"product_cat-balanzas","9":"product_tag-balanza","10":"product_tag-seca","11":"product_shipping_class-pequeno","13":"first","14":"outofstock","15":"shipping-taxable","16":"purchasable","17":"product-type-simple"},"acf":[],"_links":{"self":[{"href":"https:\/\/deltamed.cl\/tienda\/wp-json\/wp\/v2\/product\/2855","targetHints":{"allow":["GET"]}}],"collection":[{"href":"https:\/\/deltamed.cl\/tienda\/wp-json\/wp\/v2\/product"}],"about":[{"href":"https:\/\/deltamed.cl\/tienda\/wp-json\/wp\/v2\/types\/product"}],"replies":[{"embeddable":true,"href":"https:\/\/deltamed.cl\/tienda\/wp-json\/wp\/v2\/comments?post=2855"}],"version-history":[{"count":2,"href":"https:\/\/deltamed.cl\/tienda\/wp-json\/wp\/v2\/product\/2855\/revisions"}],"predecessor-version":[{"id":9221,"href":"https:\/\/deltamed.cl\/tienda\/wp-json\/wp\/v2\/product\/2855\/revisions\/9221"}],"wp:featuredmedia":[{"embeddable":true,"href":"https:\/\/deltamed.cl\/tienda\/wp-json\/wp\/v2\/media\/2857"}],"wp:attachment":[{"href":"https:\/\/deltamed.cl\/tienda\/wp-json\/wp\/v2\/media?parent=2855"}],"wp:term":[{"taxonomy":"product_brand","embeddable":true,"href":"https:\/\/deltamed.cl\/tienda\/wp-json\/wp\/v2\/product_brand?post=2855"},{"taxonomy":"product_cat","embeddable":true,"href":"https:\/\/deltamed.cl\/tienda\/wp-json\/wp\/v2\/product_cat?post=2855"},{"taxonomy":"product_tag","embeddable":true,"href":"https:\/\/deltamed.cl\/tienda\/wp-json\/wp\/v2\/product_tag?post=2855"}],"curies":[{"name":"wp","href":"https:\/\/api.w.org\/{rel}","templated":true}]}}