{"id":2562,"date":"2021-10-21T15:22:27","date_gmt":"2021-10-21T18:22:27","guid":{"rendered":"https:\/\/deltamed.cl\/tienda\/?post_type=product&#038;p=2562"},"modified":"2026-02-27T13:30:36","modified_gmt":"2026-02-27T16:30:36","slug":"taloneras-en-silicona-blunding","status":"publish","type":"product","link":"https:\/\/deltamed.cl\/tienda\/producto\/taloneras-en-silicona-blunding\/","title":{"rendered":"Taloneras en silicona Blunding"},"content":{"rendered":"<p>Taloneras en silicona Blunding<\/p>\n<p>Las taloneras de silicona para fascitis plantar\u00a0<b>evitan los impactos al apoyar el pie en el suelo aliviando el dolor y ayudando a la recuperaci\u00f3n<\/b>. Las taloneras de silicona para correr son muy recomendables para evitar lesiones innecesarias en las caderas, rodillas, tal\u00f3n y tobillos.<\/p>\n<p>Plantilla en silicona es hipoalerg\u00e9nica, no t\u00f3xico, no inflamable, inodoro, totalmente lavable y mantendr\u00e1 su densidad.<\/p>\n<p>Indicaci\u00f3n : En tendinitis de Aquiles Espol\u00f3n calc\u00e1neo en la absorci\u00f3n de impacto en practicas deportivas Amortigua la presi\u00f3n ejercida por el cuerpo sobre el tal\u00f3n<\/p>\n<p>*Blunding recomienda utilizar este producto bajo prescripci\u00f3n m\u00e9dica.<\/p>\n<p>Especificaciones<\/p>\n<table class=\"table table-striped\">\n<tbody>\n<tr>\n<td>AN<\/td>\n<td>7801001001019<\/td>\n<\/tr>\n<tr>\n<td>Peso (kg)<\/td>\n<td>0.1<\/td>\n<\/tr>\n<tr>\n<td>Marca<\/td>\n<td>BLUNDING<\/td>\n<\/tr>\n<tr>\n<td>Pais de Fabricaci\u00f3n<\/td>\n<td>China<\/td>\n<\/tr>\n<tr>\n<td>Tipo de Producto<\/td>\n<td>Talonera<\/td>\n<\/tr>\n<tr>\n<td>Ancho (cm)<\/td>\n<td>10<\/td>\n<\/tr>\n<\/tbody>\n<\/table>\n<p>TALLAS\u00a0 : S \u2013 M \u2013 L \u2013 XL \u2013 XL<\/p>\n<table border=\"0\" width=\"160\" cellspacing=\"0\" cellpadding=\"0\">\n<colgroup>\n<col span=\"2\" width=\"80\" \/><\/colgroup>\n<tbody>\n<tr>\n<td class=\"xl63\" width=\"80\" height=\"20\">Talla<\/td>\n<td class=\"xl63\" width=\"80\">N\u00famero Pie<\/td>\n<\/tr>\n<tr>\n<td class=\"xl63\" height=\"20\">S<\/td>\n<td class=\"xl63\">33-36<\/td>\n<\/tr>\n<tr>\n<td class=\"xl63\" height=\"20\">M<\/td>\n<td class=\"xl63\">37-40<\/td>\n<\/tr>\n<tr>\n<td class=\"xl63\" height=\"20\">L<\/td>\n<td class=\"xl63\">41-44<\/td>\n<\/tr>\n<tr>\n<td class=\"xl63\" height=\"20\"><\/td>\n<td class=\"xl63\"><\/td>\n<\/tr>\n<\/tbody>\n<\/table>\n<p>SKU: B-1001G<\/p>\n","protected":false},"excerpt":{"rendered":"<p>Taloneras en silicona Blunding<\/p>\n<p>Las taloneras de silicona para fascitis plantar\u00a0<b>evitan los impactos al apoyar el pie en el suelo aliviando el dolor y ayudando a la recuperaci\u00f3n<\/b>. Las taloneras de silicona para correr son muy recomendables para evitar lesiones innecesarias en las caderas, rodillas, tal\u00f3n y tobillos.<\/p>\n<p>Plantilla en silicona es hipoalerg\u00e9nica, no t\u00f3xico, no inflamable, inodoro, totalmente lavable y mantendr\u00e1 su densidad.<\/p>\n<p>Indicaci\u00f3n : En tendinitis de Aquiles Espol\u00f3n calc\u00e1neo en la absorci\u00f3n de impacto en practicas deportivas Amortigua la presi\u00f3n ejercida por el cuerpo sobre el tal\u00f3n<\/p>\n<p>*Blunding recomienda utilizar este producto bajo prescripci\u00f3n m\u00e9dica.<\/p>\n","protected":false},"featured_media":2566,"comment_status":"open","ping_status":"closed","template":"","meta":{"_acf_changed":false},"product_brand":[1093],"product_cat":[235],"product_tag":[],"class_list":{"0":"post-2562","1":"product","2":"type-product","3":"status-publish","4":"has-post-thumbnail","6":"product_brand-blunding","7":"product_cat-ortopedia","8":"product_shipping_class-pequeno","10":"first","11":"outofstock","12":"shipping-taxable","13":"purchasable","14":"product-type-variable"},"acf":[],"_links":{"self":[{"href":"https:\/\/deltamed.cl\/tienda\/wp-json\/wp\/v2\/product\/2562","targetHints":{"allow":["GET"]}}],"collection":[{"href":"https:\/\/deltamed.cl\/tienda\/wp-json\/wp\/v2\/product"}],"about":[{"href":"https:\/\/deltamed.cl\/tienda\/wp-json\/wp\/v2\/types\/product"}],"replies":[{"embeddable":true,"href":"https:\/\/deltamed.cl\/tienda\/wp-json\/wp\/v2\/comments?post=2562"}],"version-history":[{"count":2,"href":"https:\/\/deltamed.cl\/tienda\/wp-json\/wp\/v2\/product\/2562\/revisions"}],"predecessor-version":[{"id":12945,"href":"https:\/\/deltamed.cl\/tienda\/wp-json\/wp\/v2\/product\/2562\/revisions\/12945"}],"wp:featuredmedia":[{"embeddable":true,"href":"https:\/\/deltamed.cl\/tienda\/wp-json\/wp\/v2\/media\/2566"}],"wp:attachment":[{"href":"https:\/\/deltamed.cl\/tienda\/wp-json\/wp\/v2\/media?parent=2562"}],"wp:term":[{"taxonomy":"product_brand","embeddable":true,"href":"https:\/\/deltamed.cl\/tienda\/wp-json\/wp\/v2\/product_brand?post=2562"},{"taxonomy":"product_cat","embeddable":true,"href":"https:\/\/deltamed.cl\/tienda\/wp-json\/wp\/v2\/product_cat?post=2562"},{"taxonomy":"product_tag","embeddable":true,"href":"https:\/\/deltamed.cl\/tienda\/wp-json\/wp\/v2\/product_tag?post=2562"}],"curies":[{"name":"wp","href":"https:\/\/api.w.org\/{rel}","templated":true}]}}