{"id":2429,"date":"2021-10-05T11:23:22","date_gmt":"2021-10-05T14:23:22","guid":{"rendered":"https:\/\/deltamed.cl\/tienda\/?post_type=product&#038;p=2429"},"modified":"2026-02-27T13:30:51","modified_gmt":"2026-02-27T16:30:51","slug":"torniquete-elastico-con-tip-top","status":"publish","type":"product","link":"https:\/\/deltamed.cl\/tienda\/producto\/torniquete-elastico-con-tip-top\/","title":{"rendered":"Torniquete el\u00e1stico con tip top"},"content":{"rendered":"<p>Torniquete el\u00e1stico con tip top<\/p>\n<p>\u2022Ligadura elasticada y muy c\u00f3moda tanto para el profesional como para el paciente debido a su sistema de clip, evita pellizcos, f\u00e1cil de poner y sacar.<br \/>\n\u2022 Torniquete para hemostasia, de dise\u00f1o atractivo e higi\u00e9nico, pues es f\u00e1cil de desinfectar con los medios habituales o autoclave a 120\u00b0 C.<br \/>\n\u2022 Incluye una unidad.<br \/>\n\u2022 Uso Cl\u00ednico \u2013 Hospitalario \u2013 Profesionales y Estudiantes de la Salud.<\/p>\n<p>BENEFICIOS:<\/p>\n<ul>\n<li>F\u00e1cil y r\u00e1pido de usar.<\/li>\n<li>Libre de L\u00e1tex.<\/li>\n<li>Al colocar el torniquete, tendr\u00e1 siempre una mano libre.<\/li>\n<li>Con este producto dir\u00e1 adi\u00f3s al aprisionamiento de la piel y el vello que tanto incomodan.<\/li>\n<\/ul>\n<p>SKU: 650<\/p>\n","protected":false},"excerpt":{"rendered":"<p>Torniquete el\u00e1stico con tip top<\/p>\n<p>\u2022Ligadura elasticada y muy c\u00f3moda tanto para el profesional como para el paciente debido a su sistema de clip, evita pellizcos, f\u00e1cil de poner y sacar.<br \/>\n\u2022 Torniquete para hemostasia, de dise\u00f1o atractivo e higi\u00e9nico, pues es f\u00e1cil de desinfectar con los medios habituales o autoclave a 120\u00b0 C.<br \/>\n\u2022 Incluye una unidad.<br \/>\n\u2022 Uso Cl\u00ednico \u2013 Hospitalario \u2013 Profesionales y Estudiantes de la Salud.<\/p>\n","protected":false},"featured_media":2430,"comment_status":"open","ping_status":"closed","template":"","meta":{"_acf_changed":false},"product_brand":[],"product_cat":[],"product_tag":[],"class_list":{"0":"post-2429","1":"product","2":"type-product","3":"status-publish","4":"has-post-thumbnail","6":"product_shipping_class-pequeno","8":"first","9":"instock","10":"shipping-taxable","11":"purchasable","12":"product-type-variable"},"acf":[],"_links":{"self":[{"href":"https:\/\/deltamed.cl\/tienda\/wp-json\/wp\/v2\/product\/2429","targetHints":{"allow":["GET"]}}],"collection":[{"href":"https:\/\/deltamed.cl\/tienda\/wp-json\/wp\/v2\/product"}],"about":[{"href":"https:\/\/deltamed.cl\/tienda\/wp-json\/wp\/v2\/types\/product"}],"replies":[{"embeddable":true,"href":"https:\/\/deltamed.cl\/tienda\/wp-json\/wp\/v2\/comments?post=2429"}],"version-history":[{"count":2,"href":"https:\/\/deltamed.cl\/tienda\/wp-json\/wp\/v2\/product\/2429\/revisions"}],"predecessor-version":[{"id":11784,"href":"https:\/\/deltamed.cl\/tienda\/wp-json\/wp\/v2\/product\/2429\/revisions\/11784"}],"wp:featuredmedia":[{"embeddable":true,"href":"https:\/\/deltamed.cl\/tienda\/wp-json\/wp\/v2\/media\/2430"}],"wp:attachment":[{"href":"https:\/\/deltamed.cl\/tienda\/wp-json\/wp\/v2\/media?parent=2429"}],"wp:term":[{"taxonomy":"product_brand","embeddable":true,"href":"https:\/\/deltamed.cl\/tienda\/wp-json\/wp\/v2\/product_brand?post=2429"},{"taxonomy":"product_cat","embeddable":true,"href":"https:\/\/deltamed.cl\/tienda\/wp-json\/wp\/v2\/product_cat?post=2429"},{"taxonomy":"product_tag","embeddable":true,"href":"https:\/\/deltamed.cl\/tienda\/wp-json\/wp\/v2\/product_tag?post=2429"}],"curies":[{"name":"wp","href":"https:\/\/api.w.org\/{rel}","templated":true}]}}