{"id":233,"date":"2020-12-11T08:15:03","date_gmt":"2020-12-11T11:15:03","guid":{"rendered":"https:\/\/deltamed.cl\/tienda\/?post_type=product&#038;p=233"},"modified":"2026-04-17T16:01:15","modified_gmt":"2026-04-17T19:01:15","slug":"toma-presion-aneroide-bk2001-bokang","status":"publish","type":"product","link":"https:\/\/deltamed.cl\/tienda\/producto\/toma-presion-aneroide-bk2001-bokang\/","title":{"rendered":"Toma Presi\u00f3n aneroide BK2001 bokang"},"content":{"rendered":"<p>Toma Presi\u00f3n aneroide BK2001 bokang<\/p>\n<p data-start=\"85\" data-end=\"387\">Mant\u00e9n el control de tu presi\u00f3n arterial con el <strong data-start=\"152\" data-end=\"190\">Tensi\u00f3metro Aneroide BK2001 Bokang<\/strong>, un dispositivo confiable y f\u00e1cil de usar. Dise\u00f1ado para ofrecer mediciones precisas sin necesidad de bater\u00edas, este esfigmoman\u00f3metro aneroide es ideal tanto para uso dom\u00e9stico como profesional.<\/p>\n<h3 data-start=\"389\" data-end=\"415\"><strong data-start=\"393\" data-end=\"413\">Caracter\u00edsticas:<\/strong><\/h3>\n<p data-start=\"416\" data-end=\"901\">\u2705 <strong data-start=\"418\" data-end=\"450\">Medici\u00f3n precisa y confiable<\/strong> \u2013 Man\u00f3metro de alta calidad para resultados exactos.<br data-start=\"503\" data-end=\"506\" \/>\u2705 <strong data-start=\"508\" data-end=\"529\">Dise\u00f1o ergon\u00f3mico<\/strong> \u2013 Brazalete ajustable con velcro para mayor comodidad.<br data-start=\"584\" data-end=\"587\" \/>\u2705 <strong data-start=\"589\" data-end=\"641\">Pera infladora con v\u00e1lvula de liberaci\u00f3n de aire<\/strong> \u2013 Controla la presi\u00f3n con facilidad.<br data-start=\"678\" data-end=\"681\" \/>\u2705 <strong data-start=\"683\" data-end=\"707\">Materiales duraderos<\/strong> \u2013 Fabricado con componentes resistentes para un uso prolongado.<br data-start=\"771\" data-end=\"774\" \/>\u2705 <strong data-start=\"776\" data-end=\"819\">Apto para uso profesional y en el hogar<\/strong> \u2013 Perfecto para m\u00e9dicos, enfermeros y personas que necesitan monitoreo regular.<\/p>\n<p>Los equipos de medici\u00f3n arterial manuales, permiten un control absoluto de la cantidad de aire necesaria para insuflar el brazalete, son resistentes y f\u00e1ciles de transportar, garantizando la m\u00e1xima fiabilidad tanto a nivel profesional como particular.<\/p>\n<ul>\n<li>Subdivisi\u00f3n escala : 2 mm Hg<\/li>\n<li>Exactitud en la medida : +\/- 3 mmHg<\/li>\n<li>Rango \u00a0de \u00a0medici\u00f3n: 0 \u2013 300 mmHg<\/li>\n<\/ul>\n<p>-Incluye estuche<br \/>\n-Ideal para uso Cl\u00ednico \u2013 Hospitalario \u2013 Domiciliario &#8211; Profesional y Estudiantes de Salud.<\/p>\n<p data-start=\"416\" data-end=\"901\">\n<p data-start=\"903\" data-end=\"1004\">\ud83d\udce6 <strong data-start=\"906\" data-end=\"918\">Incluye:<\/strong> Man\u00f3metro, brazalete, tubo de conexi\u00f3n, pera infladora y estuche de almacenamiento.<\/p>\n<p data-start=\"1006\" data-end=\"1071\" data-is-last-node=\"\" data-is-only-node=\"\">\u00a1Obt\u00e9n el tuyo hoy y cuida tu salud con mediciones precisas! \ud83e\ude7a\ud83d\udc99<\/p>\n<p>&nbsp;<\/p>\n<p>&nbsp;<\/p>\n","protected":false},"excerpt":{"rendered":"<p>Toma Presi\u00f3n aneroide BK2001 bokang<\/p>\n<p>Los equipos de medici\u00f3n arterial manuales, permiten un control absoluto de la cantidad de aire necesaria para insuflar el brazalete, son resistentes y f\u00e1ciles de transportar, garantizando la m\u00e1xima fiabilidad tanto a nivel profesional como particular.<\/p>\n<ul>\n<li>Subdivisi\u00f3n escala : 2 mm Hg<\/li>\n<li>Exactitud en la medida : +\/- 3 mmHg<\/li>\n<li>Rango \u00a0de \u00a0medici\u00f3n: 0 \u2013 300 mmHg<\/li>\n<\/ul>\n<p>-Incluye estuche<br \/>\n-Ideal para uso Cl\u00ednico \u2013 Hospitalario \u2013 Domiciliario &#8211; Profesional y Estudiantes de Salud.<\/p>\n","protected":false},"featured_media":234,"comment_status":"open","ping_status":"closed","template":"","meta":{"_acf_changed":false},"product_brand":[1092],"product_cat":[15,361],"product_tag":[132,131,130],"class_list":{"0":"post-233","1":"product","2":"type-product","3":"status-publish","4":"has-post-thumbnail","6":"product_brand-bokang","7":"product_cat-medicion-y-diagnostico","8":"product_cat-toma-presion","9":"product_tag-aneroide","10":"product_tag-bokang","11":"product_tag-toma-presion","12":"product_shipping_class-pequeno","14":"first","15":"instock","16":"shipping-taxable","17":"purchasable","18":"product-type-variable","19":"has-default-attributes"},"acf":[],"_links":{"self":[{"href":"https:\/\/deltamed.cl\/tienda\/wp-json\/wp\/v2\/product\/233","targetHints":{"allow":["GET"]}}],"collection":[{"href":"https:\/\/deltamed.cl\/tienda\/wp-json\/wp\/v2\/product"}],"about":[{"href":"https:\/\/deltamed.cl\/tienda\/wp-json\/wp\/v2\/types\/product"}],"replies":[{"embeddable":true,"href":"https:\/\/deltamed.cl\/tienda\/wp-json\/wp\/v2\/comments?post=233"}],"version-history":[{"count":10,"href":"https:\/\/deltamed.cl\/tienda\/wp-json\/wp\/v2\/product\/233\/revisions"}],"predecessor-version":[{"id":16432,"href":"https:\/\/deltamed.cl\/tienda\/wp-json\/wp\/v2\/product\/233\/revisions\/16432"}],"wp:featuredmedia":[{"embeddable":true,"href":"https:\/\/deltamed.cl\/tienda\/wp-json\/wp\/v2\/media\/234"}],"wp:attachment":[{"href":"https:\/\/deltamed.cl\/tienda\/wp-json\/wp\/v2\/media?parent=233"}],"wp:term":[{"taxonomy":"product_brand","embeddable":true,"href":"https:\/\/deltamed.cl\/tienda\/wp-json\/wp\/v2\/product_brand?post=233"},{"taxonomy":"product_cat","embeddable":true,"href":"https:\/\/deltamed.cl\/tienda\/wp-json\/wp\/v2\/product_cat?post=233"},{"taxonomy":"product_tag","embeddable":true,"href":"https:\/\/deltamed.cl\/tienda\/wp-json\/wp\/v2\/product_tag?post=233"}],"curies":[{"name":"wp","href":"https:\/\/api.w.org\/{rel}","templated":true}]}}