{"id":227,"date":"2020-12-11T01:54:06","date_gmt":"2020-12-11T04:54:06","guid":{"rendered":"https:\/\/deltamed.cl\/tienda\/?post_type=product&#038;p=227"},"modified":"2026-04-16T16:04:52","modified_gmt":"2026-04-16T19:04:52","slug":"gel-hidratante-saf-gel-escaras-alginato-145730-convatec","status":"publish","type":"product","link":"https:\/\/deltamed.cl\/tienda\/producto\/gel-hidratante-saf-gel-escaras-alginato-145730-convatec\/","title":{"rendered":"Gel hidratante saf-gel escaras alginato 145730 convatec"},"content":{"rendered":"<p>Gel hidratante saf-gel escaras alginato 145730 convatec<\/p>\n<p><strong>Descripci\u00f3n:\u00a0<\/strong>Gel hidratante de alta cohesividad y absorci\u00f3n moderada compuesto por Carboximetilcelulosa y Alginato de sodio \/ calcio. Favorecer el desbridamiento autol\u00edtico y la promoci\u00f3n y formaci\u00f3n del tejido de sano.<\/p>\n<p>El hidratante Safgel con Alginato de Calcio y sodio.<\/p>\n<p><strong>Tama\u00f1o:<\/strong> 85gr<\/p>\n<p><strong>BENEFICIOS:<\/strong><br \/>\n&#8211; Hidrataci\u00f3n del tejido seco: Penetrando en el lecho de la herida e hidrat\u00e1ndolo para favorecer el desbridamiento autol\u00edtico; remoci\u00f3n del tejido necr\u00f3tico de forma natural selectiva.<br \/>\n&#8211; Medio Ambiente H\u00famedo: Propicio para favorecer la promoci\u00f3n y formaci\u00f3n del tejido de granulaci\u00f3n y epitelizaci\u00f3n.<br \/>\n&#8211; Mantiene el Ph ligeramente \u00e1cido (5,0 \u2013 6,0):<br \/>\n&#8211; Reduce los riesgos de infecci\u00f3n, por mayor actividad de los macr\u00f3fagos en el control del crecimiento bacteriano.<br \/>\n&#8211; Gel hidratante de alta cohesividad:<br \/>\n&#8211; F\u00e1cil de aplicar.<br \/>\n&#8211; Absorci\u00f3n de exudado: Propiedad se la da la Carboximetilcelulosa y alginato de sodio y calcio.<br \/>\n&#8211; El producto Saf-Gel es estable hasta por 29 d\u00edas.<\/p>\n<p><strong>RECOMENDACIONES DE USO:<\/strong><br \/>\n&#8211; Gel hidratante para heridas en fase de desbridamiento, fase de granulaci\u00f3n y epitelizaci\u00f3n.<br \/>\n&#8211; Se recomienda leer el instructivo antes de su aplicaci\u00f3n.<br \/>\n&#8211; Valorar el lecho de la lesi\u00f3n (condiciones de la herida) y piel circundante.<br \/>\n&#8211; La limpieza del lecho de la lesi\u00f3n y la piel circundante con soluci\u00f3n salina normal, sin utilizar soluciones antis\u00e9pticas.<br \/>\n&#8211; Remover la mayor cantidad de tejido necr\u00f3tico posible antes de iniciar la terapia.<br \/>\n&#8211; Aplicar una capa de Saf Gel sobre el lecho de la herida plana o en el fondo de la lesi\u00f3n cavitada.<br \/>\n&#8211; Cubrir con un ap\u00f3sito secundario, para asegurar un mayor ambiente h\u00famedo sobre el lecho de la herida.<br \/>\n&#8211; En heridas superficiales como abrasiones y laceraciones se puede cubrir con gasa.<br \/>\n&#8211; Informar al paciente que en caso de heridas superficiales le puede causar un leve ardor que pasa r\u00e1pidamente, esto por su contenido de \u00e1cido b\u00f3rico.<br \/>\n&#8211; Hacer cambios cada 3 a 5 d\u00edas seg\u00fan necesidad.<\/p>\n<p><strong>COMPOSICI\u00d3N DEL PRODUCTO:<\/strong><br \/>\nTrietanolamina NF, Propilen Glicol USP, DMDM Hidantoina, Sorbato de Potasio NF, Acido B\u00f3rico NF, Carboximetilcelulosa de Sodio USP, Alginato de Sodio y Calcio, Carbomero 940 NF y Agua purificada USP.<\/p>\n","protected":false},"excerpt":{"rendered":"<p>Gel hidratante saf-gel escaras alginato 145730 convatec<\/p>\n<p><strong>Descripci\u00f3n:\u00a0<\/strong>Gel hidratante de alta cohesividad y absorci\u00f3n moderada compuesto por Carboximetilcelulosa y Alginato de sodio \/ calcio. Favorecer el desbridamiento autol\u00edtico y la promoci\u00f3n y formaci\u00f3n del tejido de sano.<\/p>\n<p>El hidratante Safgel con Alginato de Calcio y sodio.<\/p>\n<p><strong>Tama\u00f1o:<\/strong> 85gr<\/p>\n","protected":false},"featured_media":228,"comment_status":"open","ping_status":"closed","template":"","meta":{"_acf_changed":false},"product_brand":[1089],"product_cat":[36,400],"product_tag":[159,122,92,126],"class_list":{"0":"post-227","1":"product","2":"type-product","3":"status-publish","4":"has-post-thumbnail","6":"product_brand-convatec","7":"product_cat-tratamiento-de-herida","8":"product_cat-saf-gel","9":"product_tag-convatec","10":"product_tag-herida","11":"product_tag-proteccion","12":"product_tag-saf","13":"product_shipping_class-extra-pequeno","15":"first","16":"instock","17":"shipping-taxable","18":"purchasable","19":"product-type-simple"},"acf":[],"_links":{"self":[{"href":"https:\/\/deltamed.cl\/tienda\/wp-json\/wp\/v2\/product\/227","targetHints":{"allow":["GET"]}}],"collection":[{"href":"https:\/\/deltamed.cl\/tienda\/wp-json\/wp\/v2\/product"}],"about":[{"href":"https:\/\/deltamed.cl\/tienda\/wp-json\/wp\/v2\/types\/product"}],"replies":[{"embeddable":true,"href":"https:\/\/deltamed.cl\/tienda\/wp-json\/wp\/v2\/comments?post=227"}],"version-history":[{"count":3,"href":"https:\/\/deltamed.cl\/tienda\/wp-json\/wp\/v2\/product\/227\/revisions"}],"predecessor-version":[{"id":7909,"href":"https:\/\/deltamed.cl\/tienda\/wp-json\/wp\/v2\/product\/227\/revisions\/7909"}],"wp:featuredmedia":[{"embeddable":true,"href":"https:\/\/deltamed.cl\/tienda\/wp-json\/wp\/v2\/media\/228"}],"wp:attachment":[{"href":"https:\/\/deltamed.cl\/tienda\/wp-json\/wp\/v2\/media?parent=227"}],"wp:term":[{"taxonomy":"product_brand","embeddable":true,"href":"https:\/\/deltamed.cl\/tienda\/wp-json\/wp\/v2\/product_brand?post=227"},{"taxonomy":"product_cat","embeddable":true,"href":"https:\/\/deltamed.cl\/tienda\/wp-json\/wp\/v2\/product_cat?post=227"},{"taxonomy":"product_tag","embeddable":true,"href":"https:\/\/deltamed.cl\/tienda\/wp-json\/wp\/v2\/product_tag?post=227"}],"curies":[{"name":"wp","href":"https:\/\/api.w.org\/{rel}","templated":true}]}}