{"id":2202,"date":"2021-08-31T17:30:43","date_gmt":"2021-08-31T20:30:43","guid":{"rendered":"https:\/\/deltamed.cl\/tienda\/?post_type=product&#038;p=2202"},"modified":"2026-04-17T15:59:20","modified_gmt":"2026-04-17T18:59:20","slug":"gasa-algodon-10x10-esteril-cranberry","status":"publish","type":"product","link":"https:\/\/deltamed.cl\/tienda\/producto\/gasa-algodon-10x10-esteril-cranberry\/","title":{"rendered":"Gasa algod\u00f3n 10&#215;10 est\u00e9ril Cranberry"},"content":{"rendered":"<p>Gasa algod\u00f3n 10&#215;10 est\u00e9ril Cranberry<\/p>\n<p>La gasa tejida est\u00e9ril es un insumo desechable cuya estructura son hilos aptos para la limpieza de heridas. Se puede realizar un desbridamiento mec\u00e1nico y\/o qu\u00edmico al dejar la gasa impregnada con alguna soluci\u00f3n en la herida. Dada su condici\u00f3n inerte la gasa puede dejarse en la herida del paciente hasta la pr\u00f3xima curaci\u00f3n. Insumo con un amplio uso en el \u00e1rea de la salud, laboratorios y farmacias.<\/p>\n<div>\n<p>Caracter\u00edsticas:<\/p>\n<ul>\n<li>Fisiol\u00f3gicamente: Insumo inerte.<\/li>\n<li>Extra resistente: insumo resistente al desgaste, la abrasi\u00f3n, cortes y ara\u00f1azos. Resistente qu\u00edmico a productos \u00e1cidos y alcalinos.<\/li>\n<li>Muy absorbente, no deja pelusas ni residuos.<\/li>\n<\/ul>\n<p>Uso:<\/p>\n<ul>\n<li>Producto descartable para un solo uso. No reutilizar.<\/li>\n<\/ul>\n<\/div>\n<p>PRECIO X CAJA DE 50 SOBRES<\/p>\n<p>AACOMP10<\/p>\n","protected":false},"excerpt":{"rendered":"<p>Gasa algod\u00f3n 10&#215;10 est\u00e9ril Cranberry<\/p>\n<p>La gasa tejida est\u00e9ril es un insumo desechable cuya estructura son hilos aptos para la limpieza de heridas. Se puede realizar un desbridamiento mec\u00e1nico y\/o qu\u00edmico al dejar la gasa impregnada con alguna soluci\u00f3n en la herida. Dada su condici\u00f3n inerte la gasa puede dejarse en la herida del paciente hasta la pr\u00f3xima curaci\u00f3n. Insumo con un amplio uso en el \u00e1rea de la salud, laboratorios y farmacias.<\/p>\n<div>\n<p>Caracter\u00edsticas:<\/p>\n<ul>\n<li>Fisiol\u00f3gicamente: Insumo inerte.<\/li>\n<li>Extra resistente: insumo resistente al desgaste, la abrasi\u00f3n, cortes y ara\u00f1azos. Resistente qu\u00edmico a productos \u00e1cidos y alcalinos.<\/li>\n<li>Muy absorbente, no deja pelusas ni residuos.<\/li>\n<\/ul>\n<\/div>\n","protected":false},"featured_media":2203,"comment_status":"open","ping_status":"closed","template":"","meta":{"_acf_changed":false},"product_brand":[1087],"product_cat":[94,371,36],"product_tag":[119],"class_list":{"0":"post-2202","1":"product","2":"type-product","3":"status-publish","4":"has-post-thumbnail","6":"product_brand-cranberry","7":"product_cat-insumos-desechables","8":"product_cat-apositos-gasas","9":"product_cat-tratamiento-de-herida","10":"product_tag-cranberry","11":"product_shipping_class-pequeno","13":"first","14":"instock","15":"sale","16":"shipping-taxable","17":"purchasable","18":"product-type-simple"},"acf":[],"_links":{"self":[{"href":"https:\/\/deltamed.cl\/tienda\/wp-json\/wp\/v2\/product\/2202","targetHints":{"allow":["GET"]}}],"collection":[{"href":"https:\/\/deltamed.cl\/tienda\/wp-json\/wp\/v2\/product"}],"about":[{"href":"https:\/\/deltamed.cl\/tienda\/wp-json\/wp\/v2\/types\/product"}],"replies":[{"embeddable":true,"href":"https:\/\/deltamed.cl\/tienda\/wp-json\/wp\/v2\/comments?post=2202"}],"version-history":[{"count":3,"href":"https:\/\/deltamed.cl\/tienda\/wp-json\/wp\/v2\/product\/2202\/revisions"}],"predecessor-version":[{"id":14013,"href":"https:\/\/deltamed.cl\/tienda\/wp-json\/wp\/v2\/product\/2202\/revisions\/14013"}],"wp:featuredmedia":[{"embeddable":true,"href":"https:\/\/deltamed.cl\/tienda\/wp-json\/wp\/v2\/media\/2203"}],"wp:attachment":[{"href":"https:\/\/deltamed.cl\/tienda\/wp-json\/wp\/v2\/media?parent=2202"}],"wp:term":[{"taxonomy":"product_brand","embeddable":true,"href":"https:\/\/deltamed.cl\/tienda\/wp-json\/wp\/v2\/product_brand?post=2202"},{"taxonomy":"product_cat","embeddable":true,"href":"https:\/\/deltamed.cl\/tienda\/wp-json\/wp\/v2\/product_cat?post=2202"},{"taxonomy":"product_tag","embeddable":true,"href":"https:\/\/deltamed.cl\/tienda\/wp-json\/wp\/v2\/product_tag?post=2202"}],"curies":[{"name":"wp","href":"https:\/\/api.w.org\/{rel}","templated":true}]}}