{"id":218,"date":"2020-12-11T01:44:12","date_gmt":"2020-12-11T04:44:12","guid":{"rendered":"https:\/\/deltamed.cl\/tienda\/?post_type=product&#038;p=218"},"modified":"2026-04-09T14:10:43","modified_gmt":"2026-04-09T17:10:43","slug":"cavilon-crema-de-proteccion-duradera-92g-3m","status":"publish","type":"product","link":"https:\/\/deltamed.cl\/tienda\/producto\/cavilon-crema-de-proteccion-duradera-92g-3m\/","title":{"rendered":"Cavilon crema de protecci\u00f3n duradera 92g 3M"},"content":{"rendered":"<p>Cavilon crema de protecci\u00f3n duradera 92g 3M<\/p>\n<p>Crema concretada que proporciona protecci\u00f3n de larga duraci\u00f3n contra los fluidos corporales mientras hidrata la piel.<\/p>\n<p>Gracias a su formula \u00fanica a base de polimeros, brinda una barrera respirable para promover la salud de la piel en pacientes con riesgo de da\u00f1o debido a la incontinencia.<\/p>\n<p>La crema desaparece al ser aplicada en la piel , no interfiere con la ropa interior o pa\u00f1ales, y resiste el lavado.<\/p>\n<p>Usar la crema de protecci\u00f3n duradera en la piel intacta, puede ayudar a prevenir da\u00f1os causados por la exposici\u00f3n regular a la orina o materia fecal.<\/p>\n<p>Indicaciones :<\/p>\n<p>Indicada para humectar y proteger la piel del contacto con la orina y deposiciones.<br \/>\nIdeal para pacientes con episodios de incontinencia fecal o urinaria.<\/p>\n<p>Ventajas y Beneficios :<\/p>\n<p>Gracias a su formulaci\u00f3n \u00fanica humecta la piel y la a\u00edsla del contacto con orina y deposiciones.<br \/>\nBasta 1 aplicaci\u00f3n diaria.<br \/>\nNo se sale con el agua, resiste hasta 3 lavados.<br \/>\nNo afecta el poder de absorci\u00f3n del pa\u00f1al.<br \/>\nPermite que las cintas y los ap\u00f3sitos<br \/>\nCompatible con adhesivos y clorexidina.<br \/>\nF\u00f3rmula \u00fanica Concentrada a base de polimero.<\/p>\n<p>Presentaci\u00f3n :<\/p>\n<p>Envase de 92 g<\/p>\n<div id=\"attachment_219\" style=\"width: 310px\" class=\"wp-caption alignnone\"><img fetchpriority=\"high\" decoding=\"async\" aria-describedby=\"caption-attachment-219\" class=\"size-medium wp-image-219\" src=\"https:\/\/deltamed.cl\/tienda\/wp-content\/uploads\/2020\/12\/aa-delta-44-300x300.jpg\" alt=\"Cavilon crema de protecci\u00f3n duradera 92g 3M\" width=\"300\" height=\"300\" title=\"\" srcset=\"https:\/\/deltamed.cl\/tienda\/wp-content\/uploads\/2020\/12\/aa-delta-44-300x300.jpg 300w, https:\/\/deltamed.cl\/tienda\/wp-content\/uploads\/2020\/12\/aa-delta-44-100x100.jpg 100w, https:\/\/deltamed.cl\/tienda\/wp-content\/uploads\/2020\/12\/aa-delta-44-150x150.jpg 150w, https:\/\/deltamed.cl\/tienda\/wp-content\/uploads\/2020\/12\/aa-delta-44.jpg 600w\" sizes=\"(max-width: 300px) 100vw, 300px\" \/><p id=\"caption-attachment-219\" class=\"wp-caption-text\">Cavilon crema de protecci\u00f3n duradera 92g 3M<\/p><\/div>\n","protected":false},"excerpt":{"rendered":"<p>Cavilon crema de protecci\u00f3n duradera 92g 3M<\/p>\n<p>Crema concretada que proporciona protecci\u00f3n de larga duraci\u00f3n contra los fluidos corporales mientras hidrata la piel.<\/p>\n<p>Gracias a su formula \u00fanica a base de polimeros, brinda una barrera respirable para promover la salud de la piel en pacientes con riesgo de da\u00f1o debido a la incontinencia.<\/p>\n<p>La crema desaparece al ser aplicada en la piel , no interfiere con la ropa interior o pa\u00f1ales, y resiste el lavado.<\/p>\n","protected":false},"featured_media":219,"comment_status":"open","ping_status":"closed","template":"","meta":{"_acf_changed":false},"product_brand":[1095],"product_cat":[36],"product_tag":[120,121,105,122],"class_list":{"0":"post-218","1":"product","2":"type-product","3":"status-publish","4":"has-post-thumbnail","6":"product_brand-3m","7":"product_cat-tratamiento-de-herida","8":"product_tag-cavilon","9":"product_tag-crema","10":"product_tag-escara","11":"product_tag-herida","12":"product_shipping_class-extra-pequeno","14":"first","15":"outofstock","16":"shipping-taxable","17":"purchasable","18":"product-type-simple"},"acf":[],"_links":{"self":[{"href":"https:\/\/deltamed.cl\/tienda\/wp-json\/wp\/v2\/product\/218","targetHints":{"allow":["GET"]}}],"collection":[{"href":"https:\/\/deltamed.cl\/tienda\/wp-json\/wp\/v2\/product"}],"about":[{"href":"https:\/\/deltamed.cl\/tienda\/wp-json\/wp\/v2\/types\/product"}],"replies":[{"embeddable":true,"href":"https:\/\/deltamed.cl\/tienda\/wp-json\/wp\/v2\/comments?post=218"}],"version-history":[{"count":2,"href":"https:\/\/deltamed.cl\/tienda\/wp-json\/wp\/v2\/product\/218\/revisions"}],"predecessor-version":[{"id":8946,"href":"https:\/\/deltamed.cl\/tienda\/wp-json\/wp\/v2\/product\/218\/revisions\/8946"}],"wp:featuredmedia":[{"embeddable":true,"href":"https:\/\/deltamed.cl\/tienda\/wp-json\/wp\/v2\/media\/219"}],"wp:attachment":[{"href":"https:\/\/deltamed.cl\/tienda\/wp-json\/wp\/v2\/media?parent=218"}],"wp:term":[{"taxonomy":"product_brand","embeddable":true,"href":"https:\/\/deltamed.cl\/tienda\/wp-json\/wp\/v2\/product_brand?post=218"},{"taxonomy":"product_cat","embeddable":true,"href":"https:\/\/deltamed.cl\/tienda\/wp-json\/wp\/v2\/product_cat?post=218"},{"taxonomy":"product_tag","embeddable":true,"href":"https:\/\/deltamed.cl\/tienda\/wp-json\/wp\/v2\/product_tag?post=218"}],"curies":[{"name":"wp","href":"https:\/\/api.w.org\/{rel}","templated":true}]}}