{"id":207,"date":"2020-12-11T01:35:45","date_gmt":"2020-12-11T04:35:45","guid":{"rendered":"https:\/\/deltamed.cl\/tienda\/?post_type=product&#038;p=207"},"modified":"2026-02-27T13:30:24","modified_gmt":"2026-02-27T16:30:24","slug":"tens-ems-intensity-twin-stim-iii-electroestimulador","status":"publish","type":"product","link":"https:\/\/deltamed.cl\/tienda\/producto\/tens-ems-intensity-twin-stim-iii-electroestimulador\/","title":{"rendered":"TENS\/EMS intensity twin stim III electroestimulador"},"content":{"rendered":"<p>TENS\/EMS intensity twin stim III electroestimulador<\/p>\n<p>El INTENSITY Twin StimTM III es un dispositivo port\u00e1til de electroterapia que ofrece dos modos terap\u00e9uticos: TENS y terapia Ems, que se utilizan para el alivio del dolor y la estimulaci\u00f3n muscular. La unidad est\u00e1 entre el escal\u00f3n superior de los dispositivos del alivio del dolor, con una salida m\u00e1xima de 105mA, y viene tambi\u00e9n est\u00e1ndar con un adaptador de la CA y un clip de cintur\u00f3n desprendible para el uso f\u00e1cil, en el hogar y conveniencia.<\/p>\n<p><strong>Modo Tens:<\/strong><br \/>\n&#8211; Forma de onda: Monof\u00e1sica Cuadrada<br \/>\n&#8211; Frecuencia de pulso: 1-150 Hz<br \/>\n&#8211; Ancho de pulso: 50-300 \u03bcs<br \/>\n&#8211; Output voltaje: Corriente Constante<br \/>\n&#8211; Corriente: 0-105 mAmp.<br \/>\n&#8211; Modos: 4<br \/>\n&#8211; Temporizador: 1 a 60 y constante<\/p>\n<p><strong>Modo EMS:<\/strong><br \/>\n&#8211; Forma de onda: Bif\u00e1sica\/Monof\u00e1sica Cuadrada<br \/>\n&#8211; Frecuencia de pulso: 1-150 Hz<br \/>\n&#8211; Ancho de pulso: 50-300 \u03bcs<br \/>\n&#8211; Output voltaje: Corriente Constante<br \/>\n&#8211; Corriente: 0-105 mAmp<br \/>\n&#8211; Modos: 3<br \/>\n&#8211; Temporizador: 1 a 60 y constante<br \/>\nIncluye<br \/>\n&#8211; Equipo TENS<br \/>\n&#8211; 4 Electrodos 4&#215;4 cm.<br \/>\n&#8211; Par de Cables conectores de electrodos.<br \/>\n&#8211; Pila 9 V. desechable<br \/>\n&#8211; Transformador a la corriente.<br \/>\n&#8211; Estuche r\u00edgido<br \/>\n&#8211; Aprobado por FDA<\/p>\n<div id=\"attachment_208\" style=\"width: 310px\" class=\"wp-caption alignnone\"><img fetchpriority=\"high\" decoding=\"async\" aria-describedby=\"caption-attachment-208\" class=\"size-medium wp-image-208\" src=\"https:\/\/deltamed.cl\/tienda\/wp-content\/uploads\/2020\/12\/aa-delta-39-300x300.jpg\" alt=\"TENS\/EMS intensity twin stim III electroestimulador\" width=\"300\" height=\"300\" title=\"\" srcset=\"https:\/\/deltamed.cl\/tienda\/wp-content\/uploads\/2020\/12\/aa-delta-39-300x300.jpg 300w, https:\/\/deltamed.cl\/tienda\/wp-content\/uploads\/2020\/12\/aa-delta-39-100x100.jpg 100w, https:\/\/deltamed.cl\/tienda\/wp-content\/uploads\/2020\/12\/aa-delta-39-150x150.jpg 150w, https:\/\/deltamed.cl\/tienda\/wp-content\/uploads\/2020\/12\/aa-delta-39.jpg 600w\" sizes=\"(max-width: 300px) 100vw, 300px\" \/><p id=\"caption-attachment-208\" class=\"wp-caption-text\">TENS\/EMS intensity twin stim III electroestimulador<\/p><\/div>\n","protected":false},"excerpt":{"rendered":"<p>TENS\/EMS intensity twin stim III electroestimulador<\/p>\n<p>El INTENSITY Twin StimTM III es un dispositivo port\u00e1til de electroterapia que ofrece dos modos terap\u00e9uticos: TENS y terapia Ems, que se utilizan para el alivio del dolor y la estimulaci\u00f3n muscular.<\/p>\n<p>La unidad est\u00e1 entre el escal\u00f3n superior de los dispositivos del alivio del dolor, con una salida m\u00e1xima de 105mA, y viene tambi\u00e9n est\u00e1ndar con un adaptador de la CA y un clip de cintur\u00f3n desprendible para el uso f\u00e1cil, en el hogar y conveniencia.<\/p>\n","protected":false},"featured_media":208,"comment_status":"open","ping_status":"closed","template":"","meta":{"_acf_changed":false},"product_brand":[],"product_cat":[37,390,385],"product_tag":[110,76,109],"class_list":{"0":"post-207","1":"product","2":"type-product","3":"status-publish","4":"has-post-thumbnail","6":"product_cat-kinesiologia","7":"product_cat-electrodos","8":"product_cat-tens","9":"product_tag-dolor","10":"product_tag-tens","11":"product_tag-terapia","12":"product_shipping_class-extra-pequeno","14":"first","15":"outofstock","16":"shipping-taxable","17":"purchasable","18":"product-type-simple"},"acf":[],"_links":{"self":[{"href":"https:\/\/deltamed.cl\/tienda\/wp-json\/wp\/v2\/product\/207","targetHints":{"allow":["GET"]}}],"collection":[{"href":"https:\/\/deltamed.cl\/tienda\/wp-json\/wp\/v2\/product"}],"about":[{"href":"https:\/\/deltamed.cl\/tienda\/wp-json\/wp\/v2\/types\/product"}],"replies":[{"embeddable":true,"href":"https:\/\/deltamed.cl\/tienda\/wp-json\/wp\/v2\/comments?post=207"}],"version-history":[{"count":2,"href":"https:\/\/deltamed.cl\/tienda\/wp-json\/wp\/v2\/product\/207\/revisions"}],"predecessor-version":[{"id":9420,"href":"https:\/\/deltamed.cl\/tienda\/wp-json\/wp\/v2\/product\/207\/revisions\/9420"}],"wp:featuredmedia":[{"embeddable":true,"href":"https:\/\/deltamed.cl\/tienda\/wp-json\/wp\/v2\/media\/208"}],"wp:attachment":[{"href":"https:\/\/deltamed.cl\/tienda\/wp-json\/wp\/v2\/media?parent=207"}],"wp:term":[{"taxonomy":"product_brand","embeddable":true,"href":"https:\/\/deltamed.cl\/tienda\/wp-json\/wp\/v2\/product_brand?post=207"},{"taxonomy":"product_cat","embeddable":true,"href":"https:\/\/deltamed.cl\/tienda\/wp-json\/wp\/v2\/product_cat?post=207"},{"taxonomy":"product_tag","embeddable":true,"href":"https:\/\/deltamed.cl\/tienda\/wp-json\/wp\/v2\/product_tag?post=207"}],"curies":[{"name":"wp","href":"https:\/\/api.w.org\/{rel}","templated":true}]}}