{"id":197,"date":"2020-12-11T01:24:49","date_gmt":"2020-12-11T04:24:49","guid":{"rendered":"https:\/\/deltamed.cl\/tienda\/?post_type=product&#038;p=197"},"modified":"2026-03-31T12:32:18","modified_gmt":"2026-03-31T15:32:18","slug":"pechera-plastica-con-manga-y-puno-cranberry","status":"publish","type":"product","link":"https:\/\/deltamed.cl\/tienda\/producto\/pechera-plastica-con-manga-y-puno-cranberry\/","title":{"rendered":"Pechera pl\u00e1stica con manga y pu\u00f1o Cranberry"},"content":{"rendered":"<p>Pechera pl\u00e1stica con manga y pu\u00f1o Cranberry<\/p>\n<p>Elemento de protecci\u00f3n personal impermeable apto para riesgos f\u00edsicos y\/o qu\u00edmicos. Brinda protecci\u00f3n ante derrames y\/o salpicaduras en ambientes de salud, laboratorios e industrial. Es apto para visitas cl\u00ednicas en unidad de neonatolog\u00eda, UCI (unidad de cuidados intensivos), aislamientos y urgencias. Cubre por completo el t\u00f3rax frontal, brazos y cintura hasta llegar a las rodillas. La espalda se encuentra descubierta.<\/p>\n<p>&#8211; Esta pechera es un derivado del pl\u00e1stico, material termo conformado.<\/p>\n<p>&#8211; Color:\u00a0Celeste<\/p>\n<p>&#8211; Fisiol\u00f3gicamente es un insumo inerte.<\/p>\n<p>&#8211; Textura: Pechera lisa &#8211; Pu\u00f1o textil.<\/p>\n<p>&#8211; Insumo resistente al desgaste, la abrasi\u00f3n, cortes y ara\u00f1azos.<\/p>\n<p>&#8211; Resistente a productos \u00e1cidos y alcalinos.<\/p>\n<p>&#8211; Pu\u00f1o de tela favorece manipulabilidad.<\/p>\n<p>&#8211; Ancho (cm): 90 \u00b1 2<\/p>\n<p>&#8211; Largo (cm): 101,5 \u00b1 2<\/p>\n<p>&#8211; Espesor (mm): 0,023 \u00b1 0,002<\/p>\n<p>&#8211; Peso (gr): 44 x 10 unidades<\/p>\n<p>&#8211; ISO 9001 &#8211; 2008.<\/p>\n<p>&#8211; ISO 13485 &#8211; 2012<\/p>\n<p>AAPECHCM<\/p>\n","protected":false},"excerpt":{"rendered":"<p>Pechera pl\u00e1stica con manga y pu\u00f1o Cranberry<\/p>\n<p>Elemento de protecci\u00f3n personal impermeable apto para riesgos f\u00edsicos y\/o qu\u00edmicos. Brinda protecci\u00f3n ante derrames y\/o salpicaduras en ambientes de salud, laboratorios e industrial. Es apto para visitas cl\u00ednicas en unidad de neonatolog\u00eda, UCI (unidad de cuidados intensivos), aislamientos y urgencias. Cubre por completo el t\u00f3rax frontal, brazos y cintura hasta llegar a las rodillas. La espalda se encuentra descubierta.<\/p>\n","protected":false},"featured_media":198,"comment_status":"open","ping_status":"closed","template":"","meta":{"_acf_changed":false},"product_brand":[1087],"product_cat":[94,372,384],"product_tag":[119,98,96,92,100],"class_list":{"0":"post-197","1":"product","2":"type-product","3":"status-publish","4":"has-post-thumbnail","6":"product_brand-cranberry","7":"product_cat-insumos-desechables","8":"product_cat-batas","9":"product_cat-otros","10":"product_tag-cranberry","11":"product_tag-manga","12":"product_tag-pechera","13":"product_tag-proteccion","14":"product_tag-puno","15":"product_shipping_class-extra-pequeno","17":"first","18":"outofstock","19":"shipping-taxable","20":"purchasable","21":"product-type-simple"},"acf":[],"_links":{"self":[{"href":"https:\/\/deltamed.cl\/tienda\/wp-json\/wp\/v2\/product\/197","targetHints":{"allow":["GET"]}}],"collection":[{"href":"https:\/\/deltamed.cl\/tienda\/wp-json\/wp\/v2\/product"}],"about":[{"href":"https:\/\/deltamed.cl\/tienda\/wp-json\/wp\/v2\/types\/product"}],"replies":[{"embeddable":true,"href":"https:\/\/deltamed.cl\/tienda\/wp-json\/wp\/v2\/comments?post=197"}],"version-history":[{"count":1,"href":"https:\/\/deltamed.cl\/tienda\/wp-json\/wp\/v2\/product\/197\/revisions"}],"predecessor-version":[{"id":11396,"href":"https:\/\/deltamed.cl\/tienda\/wp-json\/wp\/v2\/product\/197\/revisions\/11396"}],"wp:featuredmedia":[{"embeddable":true,"href":"https:\/\/deltamed.cl\/tienda\/wp-json\/wp\/v2\/media\/198"}],"wp:attachment":[{"href":"https:\/\/deltamed.cl\/tienda\/wp-json\/wp\/v2\/media?parent=197"}],"wp:term":[{"taxonomy":"product_brand","embeddable":true,"href":"https:\/\/deltamed.cl\/tienda\/wp-json\/wp\/v2\/product_brand?post=197"},{"taxonomy":"product_cat","embeddable":true,"href":"https:\/\/deltamed.cl\/tienda\/wp-json\/wp\/v2\/product_cat?post=197"},{"taxonomy":"product_tag","embeddable":true,"href":"https:\/\/deltamed.cl\/tienda\/wp-json\/wp\/v2\/product_tag?post=197"}],"curies":[{"name":"wp","href":"https:\/\/api.w.org\/{rel}","templated":true}]}}