{"id":19587,"date":"2026-01-22T10:32:24","date_gmt":"2026-01-22T13:32:24","guid":{"rendered":"https:\/\/deltamed.cl\/tienda\/producto\/silla-de-ducha-con-respaldo-y-reposabrazo-ba393-2\/"},"modified":"2026-02-27T07:17:07","modified_gmt":"2026-02-27T10:17:07","slug":"silla-de-ducha-con-respaldo-y-reposabrazo","status":"publish","type":"product","link":"https:\/\/deltamed.cl\/tienda\/producto\/silla-de-ducha-con-respaldo-y-reposabrazo\/","title":{"rendered":"Silla de ducha con respaldo y reposabrazo"},"content":{"rendered":"<p>Silla de ducha con respaldo y reposabrazo<\/p>\n<p>Para ba\u00f1o con apoyabrazos acolchados, respaldo y asiento curvo ergon\u00f3mico antideslizante especialmente dise\u00f1ado para entregar la mayor seguridad y comodidad en el ba\u00f1o.<\/p>\n<p>Su asiento presenta un dise\u00f1o curvo ergon\u00f3mico antideslizante, drenable con rebaje especialmente dise\u00f1ado para entregar la mayor seguridad y comodidad en el ba\u00f1o.<\/p>\n<p>\u2022 Estructura de aluminio anodizado duradero.<\/p>\n<p>\u2022 Con respaldo desmontable para mayor comodidad.<\/p>\n<p>\u2022 Reposabrazos y patas desmontables para embalaje compacto.<\/p>\n<p>\u2022 Asiento en forma de U grande para un f\u00e1cil acceso en la ducha.<\/p>\n<p>\u2022 Con puntas de goma antideslizantes y reemplazables.<\/p>\n<p>\u2022 Altura total ajustable.<\/p>\n<p>\u2022 Agujeros de drenaje, manillas de agarre en el asiento y topes antideslizantes en las 4 patas lo que permite un uso c\u00f3modo y seguro.<\/p>\n<p>\u2022 Marca Deltamed<\/p>\n<p>\u2022 Altura: 74 \u2013 86.5cm<\/p>\n<p>\u2022 Largo: 43cm<\/p>\n<p>\u2022 Ancho: 51cm<\/p>\n<p>\u2022 Ancho del Asiento: 41cm<\/p>\n<p>\u2022 Altura del Asiento: 41 \u2013 53.5cm<\/p>\n<p>\u2022 Profundidad: 41 \u2013 44cm<\/p>\n<p>\u2022 Altura Reposabrazos: 15cm<\/p>\n<p>\u2022 Altura Respaldo: 33cm<\/p>\n<p>\u2022 Peso: 3.5kg<\/p>\n<p>\u2022 Capacidad m\u00e1ximo: 136kg<\/p>\n","protected":false},"excerpt":{"rendered":"<p>Silla de ducha con respaldo y reposabrazo<\/p>\n<p>Apoyabrazos acolchados, respaldo y asiento curvo ergon\u00f3mico antideslizante especialmente dise\u00f1ado para entregar la mayor seguridad y comodidad en el ba\u00f1o..<\/p>\n<p>\u2022 Estructura de aluminio anodizado duradero.<\/p>\n<p>\u2022 Con respaldo desmontable para mayor comodidad.<\/p>\n<p>\u2022 Reposabrazos y patas desmontables para embalaje compacto.<\/p>\n<p>\u2022 Asiento en forma de U grande para un f\u00e1cil acceso en la ducha.<\/p>\n<p>\u2022 Con puntas de goma antideslizantes y reemplazables.<\/p>\n<p>\u2022 Altura total ajustable.<\/p>\n<p>\u2022 Agujeros de drenaje, manillas de agarre en el asiento y topes antideslizantes en las 4 patas lo que permite un uso c\u00f3modo y seguro.<\/p>\n<p>\u2022 Marca Deltamed<\/p>\n","protected":false},"featured_media":19683,"comment_status":"open","ping_status":"closed","template":"","meta":{"_acf_changed":false},"product_brand":[1091],"product_cat":[1209,1210,1211],"product_tag":[24,26,31,1212,32,30],"class_list":{"0":"post-19587","1":"product","2":"type-product","3":"status-publish","4":"has-post-thumbnail","6":"product_brand-deltamed","7":"product_cat-articulos-de-bano-2","8":"product_cat-oferta","9":"product_cat-sillas-de-bano-articulos-de-bano-2","10":"product_tag-adulto-mayor","11":"product_tag-bano","12":"product_tag-ducha","13":"product_tag-oferta-invierno-2","14":"product_tag-respaldo","15":"product_tag-silla","16":"product_shipping_class-pequeno","18":"first","19":"instock","20":"featured","21":"shipping-taxable","22":"purchasable","23":"product-type-simple"},"acf":[],"_links":{"self":[{"href":"https:\/\/deltamed.cl\/tienda\/wp-json\/wp\/v2\/product\/19587","targetHints":{"allow":["GET"]}}],"collection":[{"href":"https:\/\/deltamed.cl\/tienda\/wp-json\/wp\/v2\/product"}],"about":[{"href":"https:\/\/deltamed.cl\/tienda\/wp-json\/wp\/v2\/types\/product"}],"replies":[{"embeddable":true,"href":"https:\/\/deltamed.cl\/tienda\/wp-json\/wp\/v2\/comments?post=19587"}],"version-history":[{"count":2,"href":"https:\/\/deltamed.cl\/tienda\/wp-json\/wp\/v2\/product\/19587\/revisions"}],"predecessor-version":[{"id":19778,"href":"https:\/\/deltamed.cl\/tienda\/wp-json\/wp\/v2\/product\/19587\/revisions\/19778"}],"wp:featuredmedia":[{"embeddable":true,"href":"https:\/\/deltamed.cl\/tienda\/wp-json\/wp\/v2\/media\/19683"}],"wp:attachment":[{"href":"https:\/\/deltamed.cl\/tienda\/wp-json\/wp\/v2\/media?parent=19587"}],"wp:term":[{"taxonomy":"product_brand","embeddable":true,"href":"https:\/\/deltamed.cl\/tienda\/wp-json\/wp\/v2\/product_brand?post=19587"},{"taxonomy":"product_cat","embeddable":true,"href":"https:\/\/deltamed.cl\/tienda\/wp-json\/wp\/v2\/product_cat?post=19587"},{"taxonomy":"product_tag","embeddable":true,"href":"https:\/\/deltamed.cl\/tienda\/wp-json\/wp\/v2\/product_tag?post=19587"}],"curies":[{"name":"wp","href":"https:\/\/api.w.org\/{rel}","templated":true}]}}