{"id":1946,"date":"2021-07-28T13:40:39","date_gmt":"2021-07-28T16:40:39","guid":{"rendered":"https:\/\/deltamed.cl\/tienda\/?post_type=product&#038;p=1946"},"modified":"2026-02-27T13:30:34","modified_gmt":"2026-02-27T16:30:34","slug":"cloruro-de-etilo-spray-100ml-kelen","status":"publish","type":"product","link":"https:\/\/deltamed.cl\/tienda\/producto\/cloruro-de-etilo-spray-100ml-kelen\/","title":{"rendered":"Cloruro de etilo spray 100ml Kelen"},"content":{"rendered":"<div class=\"row text-justify bs-product-description\">\n<div class=\"col-xs-12\">\n<p><strong>Cloruro de etilo spray 100 ml Kelen<\/strong><\/p>\n<p>El cloruro de etilo es un gas que, cuando se comprime ligeramente a la presi\u00f3n y temperatura ambiente, se condensa en un l\u00edquido incoloro, vol\u00e1til, inflamable, explosivo y de olor a \u00e9ter.<br \/>\nPor su r\u00e1pida evaporaci\u00f3n y alta volatilidad, cuando se aplica sobre la piel baja la temperatura a -20\u00b0C, por lo que produce insensibilidad de las terminaciones nerviosas y anestesia local por enfriamiento.<br \/>\nSu efecto se inicia en 0.5 a 2 min y persiste por unos 30 s.<br \/>\nCuando se aplica en forma local sobre la piel no se absorbe, pero s\u00ed lo hace f\u00e1cilmente a trav\u00e9s de las v\u00edas pulmonares.<\/p>\n<p>Esta terapia est\u00e1 indicada en el caso de lesiones de junturas y del sistema muscular, contusiones, magulladuras, s\u00edndrome de dolor miofacial de las piernas, calambres surales, fur\u00fanculos, carbuncos, granuloma anulares, trasplantes de piel. Tambi\u00e9n esta indicado para el alivio de dolor asociado a lesiones por actividades deportivas como contusiones, elongaci\u00f3n y distensi\u00f3n muscular, calambres, desgarros de la fibra muscular, luxaciones, tumefacciones y hematomas.<\/p>\n<p><strong>Anestesia Local<\/strong><br \/>\n<strong>Spray de cloruro de etilo para anestesia local por Hipotermia ( por congelaci\u00f3n ), para insensibilizar.<\/strong><\/p>\n<p><strong>Aplicaciones:<\/strong><\/p>\n<p>Antes de aplicar inyecciones en cirug\u00eda, dermatolog\u00eda ( abscesos, eliminaci\u00f3n de verrugas, ulceras y part\u00edculas extra\u00f1as) , calambres musculares , irritaci\u00f3n aguda de tendones ( codo de tenista) , podolog\u00eda , terapia en fri\u00f3 en caso de hinchazones , etc.<\/p>\n<p>Tambi\u00e9n muy \u00fatil en lesiones deportivas de tejidos blandos.<\/p>\n<p><strong>Importante:<\/strong><\/p>\n<p>Uso con precauci\u00f3n, producto altamente inflamable.<br \/>\nSe recomienda uso responsable del producto.<\/p>\n<p><b>Composici\u00f3n<\/b><strong>:<\/strong><\/p>\n<p>100% Chloraethyl (Sin\u00f3nimos: Chlorethane, cloruro de etilo)<\/p>\n<p><strong>Envase de 100 ml<\/strong><\/p>\n<\/div>\n<\/div>\n","protected":false},"excerpt":{"rendered":"<p>Cloruro de etilo spray 100ml Kelen<\/p>\n<p><strong>Anestesia Local<\/strong><\/p>\n<p><strong>Spray de cloruro de etilo para anestesia local<br \/>\npor Hipotermia (por congelaci\u00f3n), para insensibilizar la piel.<\/strong><\/p>\n<p><strong>Aplicaciones:<\/strong><\/p>\n<p><b>Antes de aplicar inyecciones en cirug\u00eda, dermatolog\u00eda ( abscesos, eliminaci\u00f3n de verrugas, ulceras y part\u00edculas extra\u00f1as), calambres musculares, irritaci\u00f3n aguda de tendones (codo de tenista), podolog\u00eda, terapia en frio en caso de hinchazones, etc.<\/b><\/p>\n<p><strong>Muy \u00fatil en lesiones deportivas de tejidos blandos.<\/strong><\/p>\n<p><strong>Importante:<\/strong><\/p>\n<p>Uso con precauci\u00f3n, producto altamente inflamable.<br \/>\nSe recomienda uso responsable del producto.<\/p>\n","protected":false},"featured_media":5855,"comment_status":"open","ping_status":"closed","template":"","meta":{"_acf_changed":false},"product_brand":[],"product_cat":[37,392,434],"product_tag":[568,693,692,696,694,697,695],"class_list":{"0":"post-1946","1":"product","2":"type-product","3":"status-publish","4":"has-post-thumbnail","6":"product_cat-kinesiologia","7":"product_cat-cloruro-de-etilo","8":"product_cat-otros-kinesiologia","9":"product_tag-alivio-del-dolor","10":"product_tag-anestesico","11":"product_tag-cloroetano","12":"product_tag-deporte","13":"product_tag-dolores-musculares","14":"product_tag-esguince","15":"product_tag-lesion","16":"product_shipping_class-extra-pequeno","18":"first","19":"instock","20":"shipping-taxable","21":"purchasable","22":"product-type-simple"},"acf":[],"_links":{"self":[{"href":"https:\/\/deltamed.cl\/tienda\/wp-json\/wp\/v2\/product\/1946","targetHints":{"allow":["GET"]}}],"collection":[{"href":"https:\/\/deltamed.cl\/tienda\/wp-json\/wp\/v2\/product"}],"about":[{"href":"https:\/\/deltamed.cl\/tienda\/wp-json\/wp\/v2\/types\/product"}],"replies":[{"embeddable":true,"href":"https:\/\/deltamed.cl\/tienda\/wp-json\/wp\/v2\/comments?post=1946"}],"version-history":[{"count":2,"href":"https:\/\/deltamed.cl\/tienda\/wp-json\/wp\/v2\/product\/1946\/revisions"}],"predecessor-version":[{"id":6494,"href":"https:\/\/deltamed.cl\/tienda\/wp-json\/wp\/v2\/product\/1946\/revisions\/6494"}],"wp:featuredmedia":[{"embeddable":true,"href":"https:\/\/deltamed.cl\/tienda\/wp-json\/wp\/v2\/media\/5855"}],"wp:attachment":[{"href":"https:\/\/deltamed.cl\/tienda\/wp-json\/wp\/v2\/media?parent=1946"}],"wp:term":[{"taxonomy":"product_brand","embeddable":true,"href":"https:\/\/deltamed.cl\/tienda\/wp-json\/wp\/v2\/product_brand?post=1946"},{"taxonomy":"product_cat","embeddable":true,"href":"https:\/\/deltamed.cl\/tienda\/wp-json\/wp\/v2\/product_cat?post=1946"},{"taxonomy":"product_tag","embeddable":true,"href":"https:\/\/deltamed.cl\/tienda\/wp-json\/wp\/v2\/product_tag?post=1946"}],"curies":[{"name":"wp","href":"https:\/\/api.w.org\/{rel}","templated":true}]}}