{"id":190,"date":"2020-12-11T01:17:38","date_gmt":"2020-12-11T04:17:38","guid":{"rendered":"https:\/\/deltamed.cl\/tienda\/?post_type=product&#038;p=190"},"modified":"2026-02-27T07:15:47","modified_gmt":"2026-02-27T10:15:47","slug":"mascarilla-de-proteccion-reutilizable-antibacterial-2-capas","status":"publish","type":"product","link":"https:\/\/deltamed.cl\/tienda\/producto\/mascarilla-de-proteccion-reutilizable-antibacterial-2-capas\/","title":{"rendered":"Mascarilla de Protecci\u00f3n Reutilizable Antibacterial 2 Capas"},"content":{"rendered":"<p>Mascarilla de Protecci\u00f3n Reutilizable Antibacterial 2 Capas<\/p>\n<p>\u2022 Protege de la poluci\u00f3n y contaminaci\u00f3n.<br \/>\n\u2022 Ideal para personas con alergias al polvo y para protecci\u00f3n a contagios de resfr\u00edos.<br \/>\n\u2022 Funciona transportando la humedad a la superficie de la prenda, eliminando la condensaci\u00f3n de la respiraci\u00f3n.<br \/>\n\u2022 Fabricada de tela con tratamiento antibacterial y con protecci\u00f3n UV 50.<br \/>\n\u2022 Mascarilla para uso personal, va directo a la piel.<br \/>\n\u2022 Es lavable y de r\u00e1pido secado. Lavar con detergente normal, no usar suavizante. No planchar. No aplicar Cloro. Secar a la sombra.<br \/>\n\u2022 Disponible en color negro, en tallas para mujer y hombre.<br \/>\n\u2022 Un producto de fabricaci\u00f3n Nacional<br \/>\n\u2022 No tiene filtro N95<\/p>\n<p>Prot\u00e9gete de contagios de resfrios y del medio ambiente contaminado.<br \/>\nDisfruta tu vida con plena libertad, mientras montas bicicletas, haces el aseo, caminatas o la jardiner\u00eda.<\/p>\n<p><strong>La mascarilla est\u00e1 conformada por 2 tipos de telas distintas:<\/strong><br \/>\nCara externa: Tela QUICKDRY\u00ae Sport<br \/>\nCaracter\u00edsticas: Tela suave, respirable y de r\u00e1pido secado. Esta tela posee un tratamiento qu\u00edmico especial, lo que permite lograr la expansi\u00f3n de las mol\u00e9culas de agua para una efectiva evaporaci\u00f3n.<br \/>\nComposici\u00f3n: 100% Poli\u00e9ster<br \/>\nCara Interna: Tela SOFDRY\u00ae Warm<\/p>\n<p>&#8211; Por medio de una avanzada t\u00e9cnica de NanoTecnolog\u00eda, este producto incorpora 2 fibras en su construcci\u00f3n.<\/p>\n<p>La primera fibra incorpora la capacidad de expandir las mol\u00e9culas de agua, facilitando la evaporaci\u00f3n del sudor.<\/p>\n<p>La segunda fibra posee la caracter\u00edstica de centro ahuecado, que atrapa el aire en su interior, permitiendo conservar la temperatura corporal con un m\u00ednimo peso de la prenda.<\/p>\n<p>En su terminaci\u00f3n, esta tela recibi\u00f3 un tratamiento qu\u00edmico con Nano part\u00edculas de plata, las que poseen cualidad antibacteriana, seg\u00fan es test AATCC147.<\/p>\n<p>Composici\u00f3n: 75% S\/P 30 \u0301S y 25% Poli\u00e9ster.<\/p>\n<div id=\"attachment_191\" style=\"width: 310px\" class=\"wp-caption alignnone\"><img fetchpriority=\"high\" decoding=\"async\" aria-describedby=\"caption-attachment-191\" class=\"size-medium wp-image-191\" src=\"https:\/\/deltamed.cl\/tienda\/wp-content\/uploads\/2020\/12\/aa-delta-31-300x300.jpg\" alt=\"Mascarilla de Protecci\u00f3n Reutilizable Antibacterial 2 Capas\" width=\"300\" height=\"300\" title=\"\" srcset=\"https:\/\/deltamed.cl\/tienda\/wp-content\/uploads\/2020\/12\/aa-delta-31-300x300.jpg 300w, https:\/\/deltamed.cl\/tienda\/wp-content\/uploads\/2020\/12\/aa-delta-31-100x100.jpg 100w, https:\/\/deltamed.cl\/tienda\/wp-content\/uploads\/2020\/12\/aa-delta-31-150x150.jpg 150w, https:\/\/deltamed.cl\/tienda\/wp-content\/uploads\/2020\/12\/aa-delta-31.jpg 600w\" sizes=\"(max-width: 300px) 100vw, 300px\" \/><p id=\"caption-attachment-191\" class=\"wp-caption-text\">Mascarilla de Protecci\u00f3n Reutilizable Antibacterial 2 Capas<\/p><\/div>\n","protected":false},"excerpt":{"rendered":"<p>Mascarilla de Protecci\u00f3n Reutilizable Antibacterial 2 Capas<\/p>\n<p>Protege de la poluci\u00f3n y contaminaci\u00f3n.<br \/>\nIdeal para personas con alergias al polvo y para protecci\u00f3n a contagios de resfr\u00edos.<br \/>\nFabricada de tela con tratamiento antibacterial y con protecci\u00f3n UV 50.<\/p>\n<p>\u2022 Mascarilla para uso personal, va directo a la piel.<br \/>\n\u2022 Es lavable y de r\u00e1pido secado. Lavar con detergente normal, no usar suavizante. No planchar. No aplicar Cloro. Secar a la sombra.<br \/>\n\u2022 Disponible en color negro, en tallas para mujer y hombre.<br \/>\n\u2022 Un producto de fabricaci\u00f3n Nacional<br \/>\n\u2022 No tiene filtro N95<\/p>\n","protected":false},"featured_media":191,"comment_status":"open","ping_status":"closed","template":"","meta":{"_acf_changed":false},"product_brand":[],"product_cat":[94,381],"product_tag":[93,91,92],"class_list":{"0":"post-190","1":"product","2":"type-product","3":"status-publish","4":"has-post-thumbnail","6":"product_cat-insumos-desechables","7":"product_cat-mascarillas","8":"product_tag-covid","9":"product_tag-mascarilla-covid-19","10":"product_tag-proteccion","11":"product_shipping_class-extra-pequeno","13":"first","14":"instock","15":"shipping-taxable","16":"purchasable","17":"product-type-simple"},"acf":[],"_links":{"self":[{"href":"https:\/\/deltamed.cl\/tienda\/wp-json\/wp\/v2\/product\/190","targetHints":{"allow":["GET"]}}],"collection":[{"href":"https:\/\/deltamed.cl\/tienda\/wp-json\/wp\/v2\/product"}],"about":[{"href":"https:\/\/deltamed.cl\/tienda\/wp-json\/wp\/v2\/types\/product"}],"replies":[{"embeddable":true,"href":"https:\/\/deltamed.cl\/tienda\/wp-json\/wp\/v2\/comments?post=190"}],"version-history":[{"count":2,"href":"https:\/\/deltamed.cl\/tienda\/wp-json\/wp\/v2\/product\/190\/revisions"}],"predecessor-version":[{"id":8839,"href":"https:\/\/deltamed.cl\/tienda\/wp-json\/wp\/v2\/product\/190\/revisions\/8839"}],"wp:featuredmedia":[{"embeddable":true,"href":"https:\/\/deltamed.cl\/tienda\/wp-json\/wp\/v2\/media\/191"}],"wp:attachment":[{"href":"https:\/\/deltamed.cl\/tienda\/wp-json\/wp\/v2\/media?parent=190"}],"wp:term":[{"taxonomy":"product_brand","embeddable":true,"href":"https:\/\/deltamed.cl\/tienda\/wp-json\/wp\/v2\/product_brand?post=190"},{"taxonomy":"product_cat","embeddable":true,"href":"https:\/\/deltamed.cl\/tienda\/wp-json\/wp\/v2\/product_cat?post=190"},{"taxonomy":"product_tag","embeddable":true,"href":"https:\/\/deltamed.cl\/tienda\/wp-json\/wp\/v2\/product_tag?post=190"}],"curies":[{"name":"wp","href":"https:\/\/api.w.org\/{rel}","templated":true}]}}